{"id":48,"date":"2024-07-23T07:45:52","date_gmt":"2024-07-23T05:45:52","guid":{"rendered":"https:\/\/www.ipsen.com\/es\/?page_id=48"},"modified":"2025-07-16T16:04:22","modified_gmt":"2025-07-16T14:04:22","slug":"iniciativas-en-neurociencias","status":"publish","type":"page","link":"https:\/\/www.ipsen.com\/spain\/pacientes\/iniciativas-en-neurociencias\/","title":{"rendered":"Iniciativas en neurociencias"},"content":{"rendered":"    <section class=\"sub-page-banner bg-img-enabled  banner-no-filter\" style=\"background-image:url(https:\/\/www.ipsen.com\/spain\/wp-content\/uploads\/sites\/17\/2025\/07\/Patients-Together-for-Neuroscience.jpg)\">\n                <div class=\"container content-sec\">\n            <nav aria-label=\"breadcrumb\">\n            <ol class=\"breadcrumb\">\n                <li class=\"breadcrumb-item\"><a href=\"https:\/\/www.ipsen.com\/spain\">Inicio<\/a><\/li><li class=\"breadcrumb-item visible\"><a href=\"https:\/\/www.ipsen.com\/spain\/pacientes\/\">Pacientes<\/a><\/li><li class=\"breadcrumb-item active\"><a class=\"link-pointer-events-none\" href=\"#\" aria-current=\"page\">Iniciativas en neurociencias<\/a><\/li><\/ol>\n            <\/nav>            <h1 class=\"visible banner-font-color-white\">Iniciativas en neurociencias<\/h1>\n            <p class=\"visible banner-font-color-white\">Colaboramos con las comunidades de pacientes que padecen enfermedades neurol\u00f3gicas complejas y debilitantes para poder desarrollar juntos soluciones que cambien significativamente sus vidas.<\/p>\n        <\/div>\n    <\/section>\n\n\n\n\n<div class=\"wp-block-group\"><div class=\"wp-block-group__inner-container is-layout-constrained wp-block-group-is-layout-constrained\">\n<div class=\"wp-block-columns is-layout-flex wp-container-core-columns-is-layout-9d6595d7 wp-block-columns-is-layout-flex\">\n<div class=\"wp-block-column is-layout-flow wp-block-column-is-layout-flow\">\n<h2 class=\"wp-block-heading\">Nuestro trabajo junto con las asociaciones de pacientes<\/h2>\n\n\n\n<p>Trabajamos junto con las asociaciones de pacientes que padecen enfermedades neurol\u00f3gicas complejas y debilitantes de todo el mundo en variedad de proyectos diferentes, en todas las etapas de la investigaci\u00f3n y el desarrollo, en la informaci\u00f3n de estudios cl\u00ednicos y en los programas de apoyo a los pacientes.<\/p>\n<\/div>\n<\/div>\n<\/div><\/div>\n\n\n<!-- Text & Media Block Code -->\n<section class=\"two-col-section text-media-section\">\n    <div class=\"container two-section-innner \">\n        <div class=\"response-inner\" style=\"background-image: url('')\">\n            <div class=\"row \">\n                <div class=\"col-xs-12 col-sm-12 col-md-6\">\n                                                    <div class=\"img-video-section\">\n                                <img decoding=\"async\" \n                                    src=\"https:\/\/www.ipsen.com\/spain\/wp-content\/uploads\/sites\/17\/2024\/11\/Espasticidad-La-Secuela-que-nadie-espera_700x420-3.jpg\" \n                                    alt=\"\" \n                                >\n                            <\/div>\n                                        <\/div>\n                <div class=\" col-xs-12 col-sm-12 col-md-6\">\n                    <div class=\"section-content\">\n                        <div class=\"heading-dash\">\n                                                            <span class=\"dash\"><\/span>\n                                <h4 class=\"heading-para heading-four\" role=\"heading\" aria-level=\"2\">\n                                    Espasticidad \u2018La Secuela que nadie espera\u2019                                <\/h4>\n                                                    <\/div>\n                                                <p>En esta p\u00e1gina web encontrar\u00e1 informaci\u00f3n general sobre la espasticidad, una de las secuelas m\u00e1s frecuentes, y a la vez m\u00e1s desconocidas entre las personas que han sufrido un ictus. Adem\u00e1s, hay informaci\u00f3n sobre c\u00f3mo reconocerla y las distintas formas de abordaje por el m\u00e9dico especialista, as\u00ed como testimonios de pacientes que explican su experiencia sobre la vida despu\u00e9s de un ictus.<\/p>\n<p>Elaborada por Ipsen, con el aval de la Sociedad Espa\u00f1ola de Rehabilitaci\u00f3n y Medicina F\u00edsica (SERMEF) y de la Sociedad Espa\u00f1ola de Neurolog\u00eda (SEN), y el apoyo de Freno al Ictus, Trace y Fundaci\u00f3 Ictus, esta web nace con el objetivo de dar a conocer la espasticidad, y as\u00ed facilitar su diagn\u00f3stico temprano y preciso, lo que puede traducirse en mayores posibilidades de mejorar la funcionalidad y la calidad de vida del paciente y de sus familiares.<\/p>\n                            <a \n                            aria-label=\"Visita p\u00e1gina web about Espasticidad \u2018La Secuela que nadie espera\u2019\"  \n                                role=\"link\" \n                                class=\"btn-link section-btn cta-visible\"\n                                href=\"https:\/\/lasecuelaquenadieespera.com\/\" \n                                target=\"_blank\"\n                            > \n                                Visita p\u00e1gina web \n                            <\/a>\n\n                    <\/div>\n                <\/div>\n            <\/div>\n        <\/div>\n    <\/div>\n<\/section>\n\n<!-- Text & Media Block Code -->\n<section class=\"two-col-section text-media-section\">\n    <div class=\"container two-section-innner section-reverse\">\n        <div class=\"response-inner\" style=\"background-image: url('')\">\n            <div class=\"row section-reverse\">\n                <div class=\"col-xs-12 col-sm-12 col-md-6\">\n                                                    <div class=\"img-video-section\">\n                                <img decoding=\"async\" \n                                    src=\"https:\/\/www.ipsen.com\/spain\/wp-content\/uploads\/sites\/17\/2024\/11\/Espasticidad-tras-ictus_700x420-1.jpg\" \n                                    alt=\"\" \n                                >\n                            <\/div>\n                                        <\/div>\n                <div class=\" col-xs-12 col-sm-12 col-md-6\">\n                    <div class=\"section-content\">\n                        <div class=\"heading-dash\">\n                                                            <span class=\"dash\"><\/span>\n                                <h4 class=\"heading-para heading-four\" role=\"heading\" aria-level=\"2\">\n                                    Espasticidad tras ictus                                <\/h4>\n                                                    <\/div>\n                                                <p>Ipsen y la Federaci\u00f3n Espa\u00f1ola de Da\u00f1o Cerebral (FEDACE) ponen a disposici\u00f3n de pacientes y familias la gu\u00eda Reconocer la espasticidad tras un ictus, una complicaci\u00f3n frecuente en personas que han sufrido un ictus y que puede impactar de forma importante en la calidad de vida de dichas personas, afectando a la movilidad y capacidad para realizar actividades de la vida diaria.<\/p>\n<p>En esta gu\u00eda, que cuenta con el aval de la Sociedad Espa\u00f1ola de Neurolog\u00eda (SEN) y de la Sociedad Espa\u00f1ola de Rehabilitaci\u00f3n y Medicina F\u00edsica (SERMEF), encontrar\u00e1 informaci\u00f3n sobre c\u00f3mo reconocer la espasticidad y la importancia de detectarla a tiempo, as\u00ed como informaci\u00f3n para contactar con las organizaciones de pacientes del \u00e1mbito del da\u00f1o cerebral donde podr\u00e1n ofrecerle informaci\u00f3n y recursos adaptados a su situaci\u00f3n.<\/p>\n                            <a \n                            aria-label=\"Descargar la gu\u00eda about Espasticidad tras ictus\"  \n                                role=\"link\" \n                                class=\"btn-link section-btn cta-visible\"\n                                href=\"https:\/\/www.ipsen.com\/spain\/wp-content\/uploads\/sites\/17\/2024\/11\/Espasticidad-post-ictus.pdf\" \n                                target=\"_blank\"\n                            > \n                                Descargar la gu\u00eda \n                            <\/a>\n\n                    <\/div>\n                <\/div>\n            <\/div>\n        <\/div>\n    <\/div>\n<\/section>\n\n<!-- Text & Media Block Code -->\n<section class=\"two-col-section text-media-section\">\n    <div class=\"container two-section-innner \">\n        <div class=\"response-inner\" style=\"background-image: url('')\">\n            <div class=\"row \">\n                <div class=\"col-xs-12 col-sm-12 col-md-6\">\n                                                    <div class=\"img-video-section\">\n                                <img decoding=\"async\" \n                                    src=\"https:\/\/www.ipsen.com\/spain\/wp-content\/uploads\/sites\/17\/2024\/11\/Estudio-de-investigacion-social-en-ictus_700x420-1.jpg\" \n                                    alt=\"\" \n                                >\n                            <\/div>\n                                        <\/div>\n                <div class=\" col-xs-12 col-sm-12 col-md-6\">\n                    <div class=\"section-content\">\n                        <div class=\"heading-dash\">\n                                                            <span class=\"dash\"><\/span>\n                                <h4 class=\"heading-para heading-four\" role=\"heading\" aria-level=\"2\">\n                                    Estudio de investigaci\u00f3n social en ictus                                <\/h4>\n                                                    <\/div>\n                                                <p>El ictus se ha convertido en un desaf\u00edo de salud p\u00fablica de gran magnitud en todo el mundo. En los \u00faltimos a\u00f1os se han producido grandes avances en el tratamiento del ictus agudo, siendo un reto de futuro poder proporcionar una atenci\u00f3n individualizada, integral y coordinada a lo largo de todo el proceso.<br \/>\nEn este contexto Ipsen y la Federaci\u00f3n Espa\u00f1ola de Da\u00f1o Cerebral (FEDACE), ahora Da\u00f1o Cerebral Estatal, han realizado un Estudio de investigaci\u00f3n social sobre el impacto de las secuelas en las fases subaguda y cr\u00f3nica tras un ictus, con la colaboraci\u00f3n de un comit\u00e9 cient\u00edfico asesor.<\/p>\n<p>El estudio ha contado con la participaci\u00f3n de 30 m\u00e9dicos rehabilitadores y neur\u00f3logos, y m\u00e1s de 100 pacientes de toda Espa\u00f1a.<\/p>\n<p>Este documento recoge la situaci\u00f3n actual en la atenci\u00f3n a las personas con ictus, desde la visi\u00f3n del profesional sanitario y las personas con secuelas por dicha causa, as\u00ed como una serie de recomendaciones para avanzar hacia una atenci\u00f3n integral del ictus, individualizada y centrada en la persona, que permita mejorar los resultados en salud.<\/p>\n<p><a href=\"https:\/\/fedace.org\/files\/MSCFEDACE\/2024-4\/11-13-55-36.Admin.Informe_completo_Investigacin_social_ictus_FEDACE_Ipsen_final.pdf\" target=\"_blank\" rel=\"noopener\"><strong>Descargar el informe<\/strong><\/a><\/p>\n<p><a href=\"https:\/\/fedace.org\/files\/MSCFEDACE\/2024-4\/11-13-56-14.Admin.Informe_Ejecutivo_Investigacin_social_ictus_FEDACE_Ipsen_final.pdf\" target=\"_blank\" rel=\"noopener\"><strong>Descargar el informe ejecutivo<\/strong><\/a><\/p>\n                            <a \n                            aria-label=\" about Estudio de investigaci\u00f3n social en ictus\"  \n                                role=\"link\" \n                                class=\"btn-link hidden\"\n                                href=\"\" \n                                target=\"_self\"\n                            > \n                                 \n                            <\/a>\n\n                    <\/div>\n                <\/div>\n            <\/div>\n        <\/div>\n    <\/div>\n<\/section>\n\n<!-- Text & Media Block Code -->\n<section class=\"two-col-section text-media-section\">\n    <div class=\"container two-section-innner section-reverse\">\n        <div class=\"response-inner\" style=\"background-image: url('')\">\n            <div class=\"row section-reverse\">\n                <div class=\"col-xs-12 col-sm-12 col-md-6\">\n                                                    <div class=\"img-video-section\">\n                                <img decoding=\"async\" \n                                    src=\"https:\/\/www.ipsen.com\/spain\/wp-content\/uploads\/sites\/17\/2024\/11\/Neuroscience_700x420.jpg\" \n                                    alt=\"\" \n                                >\n                            <\/div>\n                                        <\/div>\n                <div class=\" col-xs-12 col-sm-12 col-md-6\">\n                    <div class=\"section-content\">\n                        <div class=\"heading-dash\">\n                                                            <span class=\"dash\"><\/span>\n                                <h4 class=\"heading-para heading-four\" role=\"heading\" aria-level=\"2\">\n                                    Colaboraciones actuales en neurociencias                                <\/h4>\n                                                    <\/div>\n                                                <p>Somos abiertos y transparentes sobre las iniciativas y las organizaciones de pacientes que apoyamos, as\u00ed como sobre las relaciones que mantenemos con nuestras organizaciones de confianza. A continuaci\u00f3n, encontrar\u00e1 algunos de los grupos con los que colaboramos actualmente a nivel local en el \u00e1rea de neurociencias.<\/p>\n                            <a \n                            aria-label=\" about Colaboraciones actuales en neurociencias\"  \n                                role=\"link\" \n                                class=\"btn-link hidden\"\n                                href=\"\" \n                                target=\"_self\"\n                            > \n                                 \n                            <\/a>\n\n                    <\/div>\n                <\/div>\n            <\/div>\n        <\/div>\n    <\/div>\n<\/section>","protected":false},"excerpt":{"rendered":"","protected":false},"author":2,"featured_media":0,"parent":45,"menu_order":0,"comment_status":"closed","ping_status":"closed","template":"","meta":{"_acf_changed":false,"footnotes":""},"class_list":["post-48","page","type-page","status-publish","hentry","entry"],"acf":[],"yoast_head":"<!-- This site is optimized with the Yoast SEO plugin v26.8 - https:\/\/yoast.com\/product\/yoast-seo-wordpress\/ -->\n<title>Iniciativas en neurociencias<\/title>\n<meta name=\"description\" content=\"Colaboramos con las comunidades de pacientes que padecen enfermedades neurol\u00f3gicas complejas y debilitantes para poder desarrollar juntos soluciones que cambien significativamente sus vidas\" \/>\n<meta name=\"robots\" content=\"index, follow, max-snippet:-1, max-image-preview:large, max-video-preview:-1\" \/>\n<link rel=\"canonical\" href=\"https:\/\/www.ipsen.com\/spain\/pacientes\/iniciativas-en-neurociencias\/\" \/>\n<meta property=\"og:locale\" content=\"es_ES\" \/>\n<meta property=\"og:type\" content=\"article\" \/>\n<meta property=\"og:title\" content=\"Iniciativas en neurociencias\" \/>\n<meta property=\"og:description\" content=\"Colaboramos con las comunidades de pacientes que padecen enfermedades neurol\u00f3gicas complejas y debilitantes para poder desarrollar juntos soluciones que cambien significativamente sus vidas\" \/>\n<meta property=\"og:url\" content=\"https:\/\/www.ipsen.com\/spain\/pacientes\/iniciativas-en-neurociencias\/\" \/>\n<meta property=\"og:site_name\" content=\"Spain\" \/>\n<meta property=\"article:modified_time\" content=\"2025-07-16T14:04:22+00:00\" \/>\n<meta name=\"twitter:card\" content=\"summary_large_image\" \/>\n<meta name=\"twitter:label1\" content=\"Est. reading time\" \/>\n\t<meta name=\"twitter:data1\" content=\"1 minute\" \/>\n<script type=\"application\/ld+json\" class=\"yoast-schema-graph\">{\"@context\":\"https:\/\/schema.org\",\"@graph\":[{\"@type\":\"WebPage\",\"@id\":\"https:\/\/www.ipsen.com\/spain\/pacientes\/iniciativas-en-neurociencias\/\",\"url\":\"https:\/\/www.ipsen.com\/spain\/pacientes\/iniciativas-en-neurociencias\/\",\"name\":\"Iniciativas en neurociencias\",\"isPartOf\":{\"@id\":\"https:\/\/www.ipsen.com\/spain\/#website\"},\"datePublished\":\"2024-07-23T05:45:52+00:00\",\"dateModified\":\"2025-07-16T14:04:22+00:00\",\"description\":\"Colaboramos con las comunidades de pacientes que padecen enfermedades neurol\u00f3gicas complejas y debilitantes para poder desarrollar juntos soluciones que cambien significativamente sus vidas\",\"breadcrumb\":{\"@id\":\"https:\/\/www.ipsen.com\/spain\/pacientes\/iniciativas-en-neurociencias\/#breadcrumb\"},\"inLanguage\":\"es-ES\",\"potentialAction\":[{\"@type\":\"ReadAction\",\"target\":[\"https:\/\/www.ipsen.com\/spain\/pacientes\/iniciativas-en-neurociencias\/\"]}]},{\"@type\":\"BreadcrumbList\",\"@id\":\"https:\/\/www.ipsen.com\/spain\/pacientes\/iniciativas-en-neurociencias\/#breadcrumb\",\"itemListElement\":[{\"@type\":\"ListItem\",\"position\":1,\"name\":\"Home\",\"item\":\"https:\/\/www.ipsen.com\/spain\/\"},{\"@type\":\"ListItem\",\"position\":2,\"name\":\"Pacientes\",\"item\":\"https:\/\/www.ipsen.com\/spain\/pacientes\/\"},{\"@type\":\"ListItem\",\"position\":3,\"name\":\"Iniciativas en neurociencias\"}]},{\"@type\":\"WebSite\",\"@id\":\"https:\/\/www.ipsen.com\/spain\/#website\",\"url\":\"https:\/\/www.ipsen.com\/spain\/\",\"name\":\"Spain\",\"description\":\"\",\"publisher\":{\"@id\":\"https:\/\/www.ipsen.com\/spain\/#organization\"},\"potentialAction\":[{\"@type\":\"SearchAction\",\"target\":{\"@type\":\"EntryPoint\",\"urlTemplate\":\"https:\/\/www.ipsen.com\/spain\/?s={search_term_string}\"},\"query-input\":{\"@type\":\"PropertyValueSpecification\",\"valueRequired\":true,\"valueName\":\"search_term_string\"}}],\"inLanguage\":\"es-ES\"},{\"@type\":\"Organization\",\"@id\":\"https:\/\/www.ipsen.com\/spain\/#organization\",\"name\":\"Spain\",\"url\":\"https:\/\/www.ipsen.com\/spain\/\",\"logo\":{\"@type\":\"ImageObject\",\"inLanguage\":\"es-ES\",\"@id\":\"https:\/\/www.ipsen.com\/spain\/#\/schema\/logo\/image\/\",\"url\":\"https:\/\/www.ipsen.com\/spain\/wp-content\/uploads\/sites\/17\/2024\/06\/Logo-Ipsen-new.svg\",\"contentUrl\":\"https:\/\/www.ipsen.com\/spain\/wp-content\/uploads\/sites\/17\/2024\/06\/Logo-Ipsen-new.svg\",\"caption\":\"Spain\"},\"image\":{\"@id\":\"https:\/\/www.ipsen.com\/spain\/#\/schema\/logo\/image\/\"}}]}<\/script>\n<!-- \/ Yoast SEO plugin. -->","yoast_head_json":{"title":"Iniciativas en neurociencias","description":"Colaboramos con las comunidades de pacientes que padecen enfermedades neurol\u00f3gicas complejas y debilitantes para poder desarrollar juntos soluciones que cambien significativamente sus vidas","robots":{"index":"index","follow":"follow","max-snippet":"max-snippet:-1","max-image-preview":"max-image-preview:large","max-video-preview":"max-video-preview:-1"},"canonical":"https:\/\/www.ipsen.com\/spain\/pacientes\/iniciativas-en-neurociencias\/","og_locale":"es_ES","og_type":"article","og_title":"Iniciativas en neurociencias","og_description":"Colaboramos con las comunidades de pacientes que padecen enfermedades neurol\u00f3gicas complejas y debilitantes para poder desarrollar juntos soluciones que cambien significativamente sus vidas","og_url":"https:\/\/www.ipsen.com\/spain\/pacientes\/iniciativas-en-neurociencias\/","og_site_name":"Spain","article_modified_time":"2025-07-16T14:04:22+00:00","twitter_card":"summary_large_image","twitter_misc":{"Est. reading time":"1 minute"},"schema":{"@context":"https:\/\/schema.org","@graph":[{"@type":"WebPage","@id":"https:\/\/www.ipsen.com\/spain\/pacientes\/iniciativas-en-neurociencias\/","url":"https:\/\/www.ipsen.com\/spain\/pacientes\/iniciativas-en-neurociencias\/","name":"Iniciativas en neurociencias","isPartOf":{"@id":"https:\/\/www.ipsen.com\/spain\/#website"},"datePublished":"2024-07-23T05:45:52+00:00","dateModified":"2025-07-16T14:04:22+00:00","description":"Colaboramos con las comunidades de pacientes que padecen enfermedades neurol\u00f3gicas complejas y debilitantes para poder desarrollar juntos soluciones que cambien significativamente sus vidas","breadcrumb":{"@id":"https:\/\/www.ipsen.com\/spain\/pacientes\/iniciativas-en-neurociencias\/#breadcrumb"},"inLanguage":"es-ES","potentialAction":[{"@type":"ReadAction","target":["https:\/\/www.ipsen.com\/spain\/pacientes\/iniciativas-en-neurociencias\/"]}]},{"@type":"BreadcrumbList","@id":"https:\/\/www.ipsen.com\/spain\/pacientes\/iniciativas-en-neurociencias\/#breadcrumb","itemListElement":[{"@type":"ListItem","position":1,"name":"Home","item":"https:\/\/www.ipsen.com\/spain\/"},{"@type":"ListItem","position":2,"name":"Pacientes","item":"https:\/\/www.ipsen.com\/spain\/pacientes\/"},{"@type":"ListItem","position":3,"name":"Iniciativas en neurociencias"}]},{"@type":"WebSite","@id":"https:\/\/www.ipsen.com\/spain\/#website","url":"https:\/\/www.ipsen.com\/spain\/","name":"Spain","description":"","publisher":{"@id":"https:\/\/www.ipsen.com\/spain\/#organization"},"potentialAction":[{"@type":"SearchAction","target":{"@type":"EntryPoint","urlTemplate":"https:\/\/www.ipsen.com\/spain\/?s={search_term_string}"},"query-input":{"@type":"PropertyValueSpecification","valueRequired":true,"valueName":"search_term_string"}}],"inLanguage":"es-ES"},{"@type":"Organization","@id":"https:\/\/www.ipsen.com\/spain\/#organization","name":"Spain","url":"https:\/\/www.ipsen.com\/spain\/","logo":{"@type":"ImageObject","inLanguage":"es-ES","@id":"https:\/\/www.ipsen.com\/spain\/#\/schema\/logo\/image\/","url":"https:\/\/www.ipsen.com\/spain\/wp-content\/uploads\/sites\/17\/2024\/06\/Logo-Ipsen-new.svg","contentUrl":"https:\/\/www.ipsen.com\/spain\/wp-content\/uploads\/sites\/17\/2024\/06\/Logo-Ipsen-new.svg","caption":"Spain"},"image":{"@id":"https:\/\/www.ipsen.com\/spain\/#\/schema\/logo\/image\/"}}]}},"parsely":{"version":"1.1.0","canonical_url":"https:\/\/ipsen.com\/spain\/pacientes\/iniciativas-en-neurociencias\/","smart_links":{"inbound":0,"outbound":0},"traffic_boost_suggestions_count":0,"meta":{"@context":"https:\/\/schema.org","@type":"WebPage","headline":"Iniciativas en neurociencias","url":"http:\/\/www.ipsen.com\/spain\/pacientes\/iniciativas-en-neurociencias\/","mainEntityOfPage":{"@type":"WebPage","@id":"http:\/\/www.ipsen.com\/spain\/pacientes\/iniciativas-en-neurociencias\/"},"thumbnailUrl":"","image":{"@type":"ImageObject","url":""},"articleSection":"Sin categorizar","author":[{"@type":"Person","name":"navya"}],"creator":["navya"],"publisher":{"@type":"Organization","name":"Spain","logo":""},"keywords":[],"dateCreated":"2024-07-23T05:45:52Z","datePublished":"2024-07-23T05:45:52Z","dateModified":"2025-07-16T14:04:22Z"},"rendered":"<script type=\"application\/ld+json\" class=\"wp-parsely-metadata\">{\"@context\":\"https:\\\/\\\/schema.org\",\"@type\":\"WebPage\",\"headline\":\"Iniciativas en neurociencias\",\"url\":\"http:\\\/\\\/www.ipsen.com\\\/spain\\\/pacientes\\\/iniciativas-en-neurociencias\\\/\",\"mainEntityOfPage\":{\"@type\":\"WebPage\",\"@id\":\"http:\\\/\\\/www.ipsen.com\\\/spain\\\/pacientes\\\/iniciativas-en-neurociencias\\\/\"},\"thumbnailUrl\":\"\",\"image\":{\"@type\":\"ImageObject\",\"url\":\"\"},\"articleSection\":\"Sin categorizar\",\"author\":[{\"@type\":\"Person\",\"name\":\"navya\"}],\"creator\":[\"navya\"],\"publisher\":{\"@type\":\"Organization\",\"name\":\"Spain\",\"logo\":\"\"},\"keywords\":[],\"dateCreated\":\"2024-07-23T05:45:52Z\",\"datePublished\":\"2024-07-23T05:45:52Z\",\"dateModified\":\"2025-07-16T14:04:22Z\"}<\/script>","tracker_url":"https:\/\/cdn.parsely.com\/keys\/ipsen.com\/p.js"},"jetpack_sharing_enabled":true,"_links":{"self":[{"href":"https:\/\/www.ipsen.com\/spain\/wp-json\/wp\/v2\/pages\/48","targetHints":{"allow":["GET"]}}],"collection":[{"href":"https:\/\/www.ipsen.com\/spain\/wp-json\/wp\/v2\/pages"}],"about":[{"href":"https:\/\/www.ipsen.com\/spain\/wp-json\/wp\/v2\/types\/page"}],"author":[{"embeddable":true,"href":"https:\/\/www.ipsen.com\/spain\/wp-json\/wp\/v2\/users\/2"}],"replies":[{"embeddable":true,"href":"https:\/\/www.ipsen.com\/spain\/wp-json\/wp\/v2\/comments?post=48"}],"version-history":[{"count":13,"href":"https:\/\/www.ipsen.com\/spain\/wp-json\/wp\/v2\/pages\/48\/revisions"}],"predecessor-version":[{"id":3503,"href":"https:\/\/www.ipsen.com\/spain\/wp-json\/wp\/v2\/pages\/48\/revisions\/3503"}],"up":[{"embeddable":true,"href":"https:\/\/www.ipsen.com\/spain\/wp-json\/wp\/v2\/pages\/45"}],"wp:attachment":[{"href":"https:\/\/www.ipsen.com\/spain\/wp-json\/wp\/v2\/media?parent=48"}],"curies":[{"name":"wp","href":"https:\/\/api.w.org\/{rel}","templated":true}]}}