{"id":214,"date":"2025-02-24T09:44:11","date_gmt":"2025-02-24T07:44:11","guid":{"rendered":"https:\/\/www.ipsen.com\/nordics\/?page_id=214"},"modified":"2025-04-16T14:16:47","modified_gmt":"2025-04-16T12:16:47","slug":"lithuania-privacy-policy","status":"publish","type":"page","link":"https:\/\/www.ipsen.com\/nordics\/lithuania-privacy-policy\/","title":{"rendered":"Lithuania Privacy Policy"},"content":{"rendered":"    <section class=\"sub-page-banner \" style=\"background: linear-gradient(93.64deg, #224A81 2.99%, #2797D3 97.01%)\">\n        <div class=\"container content-sec\">\n            <nav aria-label=\"breadcrumb\">\n            <ol class=\"breadcrumb\">\n                <li class=\"breadcrumb-item\"><a href=\"https:\/\/www.ipsen.com\/nordics\">Home<\/a><\/li><li class=\"breadcrumb-item active\"><a class=\"link-pointer-events-none\" href=\"#\" aria-current=\"page\">Lithuania Privacy Policy<\/a><\/li><\/ol>\n            <\/nav>            <h1 class=\"visible\">Lithuania Privacy Policy<\/h1>\n            <p class=\"hidden\"><\/p>\n        <\/div>\n    <\/section>\n\n\n    <section class=\"title-text \">\n        <div class=\"container\">\n            <div class=\"title-text-inner\" style=\"background-color:#EDEBE4;\">\n\n                <!-- If heading is enabled then it's visible -->\n                <div class=\"text-head-dash visible\">\n                <h3 class=\"heading-three\" role=\"heading\" aria-level=\"2\">\n                        IPSEN privatumo politika Lietuvoje                    <\/h3>\n                <\/div>\n               \n                <!-- If description is enabled then it's visible -->\n                <div class=\"text-parbase visible\">\n                    <p>Bendrov\u0117 \u201eIpsen\u201c atsakingai \u017ei\u016bri \u012f asmens duomen\u0173 apsaug\u0105. Esame \u012fsipareigoj\u0119 u\u017etikrinti, kad visoje savo veikloje laikom\u0117s duomen\u0173 apsaugos teis\u0117s akt\u0173. Vadinasi, turime patikimas technines ir organizacines priemones, skirtas r\u016bpintis asmens duomenimis. Esame \u012fsipareigoj\u0119 u\u017etikrinti, kad privatumo prane\u0161imuose asmenims pateiktume ai\u0161ki\u0105 informacij\u0105 apie tai, kaip naudojame j\u0173 duomenis. Asmens duomenis ir specialiosios kategorijos asmens duomenis tvarkysime tik tada, kai tam tur\u0117sime teis\u0117t\u0105 pagrind\u0105, atitinkamas s\u0105lygas arba tinkam\u0105 tvarkymo proced\u016br\u0105. Taip pat u\u017etikrinsime, kad asmens duomenys bus naudojami tik nurodytais tikslais ir suma\u017einsime duomen\u0173 tvarkym\u0105 iki tiek, kiek b\u016btina. R\u016bpinsim\u0117s, kad asmens duomenys b\u016bt\u0173 tiksl\u016bs ir atnaujinti, ir apribosime asmens duomen\u0173 saugojimo trukm\u0119 pagal savo saugojimo politik\u0105.<\/p>\n<p>Asmens duomenis tvarkome vykdydami \u012fvairi\u0105 veikl\u0105, tod\u0117l toliau pateikiame privatumo prane\u0161imus pagal pagrindines veiklas.<\/p>\n<p>Be pirmiau nurodyt\u0173 privatumo prane\u0161im\u0173, prireikus taip pat pateiksime privatumo prane\u0161imus d\u0117l konkre\u010dios veiklos.<\/p>\n<p>Jei turite klausim\u0173 d\u0117l m\u016bs\u0173 privatumo prane\u0161im\u0173 ar po\u017ei\u016brio \u012f duomen\u0173 privatum\u0105 arba norite pasinaudoti savo teis\u0117mis, kreipkit\u0117s adresu\u00a0<a href=\"mailto:dataprivacy@ipsen.com\">dataprivacy@ipsen.com<\/a>.<\/p>\n                <\/div>\n\n                <!-- If button is enabled then it's visible -->\n                \n            <\/div>\n        <\/div>\n    <\/section>\n\n\n\n    <div class=\"container tab-pane-container\" >\n        <section class=\"profile-card\">\n            <div class=\"profile-slim-listing\">\n    <div class=\"container slim-listing-container\">\n        <h3 role=\"heading\" aria-level=\"2\" class=\"profile-head hidden heading-three\"><\/h3>\n        <p class=\"profile-summary hidden\"><\/p>\n        \n        <div class=\"slim-lisitng \">\n                        <div class=\"row \">\n                <!-- slim profile card -->\n                                        <div class=\"col-lg-4 col-md-6 col-sm-12\">\n                            <div class=\"profile-slim-card\">\n                                <div class=\"profile-slim-card-inner\">\n\n                                    <a href=\"https:\/\/www.ipsen.com\/nordics\/wp-content\/uploads\/sites\/20\/2025\/04\/1_LT_Website-user-privacy-notice-v1.3-1.pdf\" alt=\"\" target=\"_blank\"> \n                                            <h4 class=\"profile-head\" role=\"heading\" aria-level=\"4\">Privatumo prane\u0161imas svetain\u0117s naudotojams<\/h4>\n                                    <\/a> \n\n                                                \n                                    <p class=\"profile-designation \"> <\/p>\n                                <\/div>\n                            <\/div>\n                        <\/div>\n                                        <div class=\"col-lg-4 col-md-6 col-sm-12\">\n                            <div class=\"profile-slim-card\">\n                                <div class=\"profile-slim-card-inner\">\n\n                                    <a href=\"https:\/\/www.ipsen.com\/nordics\/wp-content\/uploads\/sites\/20\/2025\/04\/2_LT_Visitor-privacy-notice-all-sites-v1.3-1.pdf\" alt=\"\" target=\"_blank\"> \n                                            <h4 class=\"profile-head\" role=\"heading\" aria-level=\"4\">Privatumo prane\u0161imas \u201eIpsen\u201c biuro lankytojams<\/h4>\n                                    <\/a> \n\n                                                \n                                    <p class=\"profile-designation \"> <\/p>\n                                <\/div>\n                            <\/div>\n                        <\/div>\n                                        <div class=\"col-lg-4 col-md-6 col-sm-12\">\n                            <div class=\"profile-slim-card\">\n                                <div class=\"profile-slim-card-inner\">\n\n                                    <a href=\"https:\/\/www.ipsen.com\/nordics\/wp-content\/uploads\/sites\/20\/2025\/04\/3_LT_PV-MI-and-PQC-privacy-notice-v1.3-1.pdf\" alt=\"\" target=\"_blank\"> \n                                            <h4 class=\"profile-head\" role=\"heading\" aria-level=\"4\">Privatumo prane\u0161imas d\u0117l saugos informacijos, medicinin\u0117s informacijos u\u017eklaus\u0173 ar skund\u0173 nagrin\u0117jimo<\/h4>\n                                    <\/a> \n\n                                                \n                                    <p class=\"profile-designation \"> <\/p>\n                                <\/div>\n                            <\/div>\n                        <\/div>\n                                        <div class=\"col-lg-4 col-md-6 col-sm-12\">\n                            <div class=\"profile-slim-card\">\n                                <div class=\"profile-slim-card-inner\">\n\n                                    <a href=\"https:\/\/www.ipsen.com\/nordics\/wp-content\/uploads\/sites\/20\/2025\/04\/4_LT_Privacy-Notice-for-HCP-v1.4-UPDATED-2025-03-27-1.pdf\" alt=\"\" target=\"_blank\"> \n                                            <h4 class=\"profile-head\" role=\"heading\" aria-level=\"4\">Privatumo prane\u0161imas d\u0117l darbo su sveikatos prie\u017ei\u016bros specialistais<\/h4>\n                                    <\/a> \n\n                                                \n                                    <p class=\"profile-designation \"> <\/p>\n                                <\/div>\n                            <\/div>\n                        <\/div>\n                                        <div class=\"col-lg-4 col-md-6 col-sm-12\">\n                            <div class=\"profile-slim-card\">\n                                <div class=\"profile-slim-card-inner\">\n\n                                    <a href=\"https:\/\/www.ipsen.com\/nordics\/wp-content\/uploads\/sites\/20\/2025\/04\/5_LT_Supplier-general-privacy-notice-v1.3-1.pdf\" alt=\"\" target=\"_blank\"> \n                                            <h4 class=\"profile-head\" role=\"heading\" aria-level=\"4\">Privatumo prane\u0161imas tiek\u0117jams, klientams ir paslaug\u0173 teik\u0117jams<\/h4>\n                                    <\/a> \n\n                                                \n                                    <p class=\"profile-designation \"> <\/p>\n                                <\/div>\n                            <\/div>\n                        <\/div>\n                                        <div class=\"col-lg-4 col-md-6 col-sm-12\">\n                            <div class=\"profile-slim-card\">\n                                <div class=\"profile-slim-card-inner\">\n\n                                    <a href=\"https:\/\/www.ipsen.com\/nordics\/wp-content\/uploads\/sites\/20\/2025\/04\/6_LT_Applicant-privacy-notice-v1.3-1.pdf\" alt=\"\" target=\"_blank\"> \n                                            <h4 class=\"profile-head\" role=\"heading\" aria-level=\"4\">Prane\u0161imas apie privatum\u0105 kandidatams \u012f darb\u0105<\/h4>\n                                    <\/a> \n\n                                                \n                                    <p class=\"profile-designation \"> <\/p>\n                                <\/div>\n                            <\/div>\n                        <\/div>\n                                        <div class=\"col-lg-4 col-md-6 col-sm-12\">\n                            <div class=\"profile-slim-card\">\n                                <div class=\"profile-slim-card-inner\">\n\n                                    <a href=\"https:\/\/www.ipsen.com\/nordics\/wp-content\/uploads\/sites\/20\/2025\/04\/7_LT_Stakeholder-privacy-notice-v1.3.pdf\" alt=\"\" target=\"_blank\"> \n                                            <h4 class=\"profile-head\" role=\"heading\" aria-level=\"4\">Privatumo prane\u0161imas politin\u0117ms ir politikos suinteresuotosioms \u0161alims, \u017eurnalistams ir \u017einiasklaidai, pacient\u0173 organizacijoms ir pramon\u0117s \u012fmon\u0117ms<\/h4>\n                                    <\/a> \n\n                                                \n                                    <p class=\"profile-designation \"> <\/p>\n                                <\/div>\n                            <\/div>\n                        <\/div>\n                            <\/div>\n        <\/div>\n    <\/div>\n<\/div>        <\/section>\n    <\/div>\n\n","protected":false},"excerpt":{"rendered":"","protected":false},"author":83,"featured_media":0,"parent":0,"menu_order":0,"comment_status":"closed","ping_status":"closed","template":"","meta":{"_acf_changed":false,"footnotes":""},"class_list":["post-214","page","type-page","status-publish","hentry","entry"],"acf":[],"yoast_head":"<!-- This site is optimized with the Yoast SEO plugin v26.8 - https:\/\/yoast.com\/product\/yoast-seo-wordpress\/ -->\n<title>Lithuania Privacy Policy - Nordics<\/title>\n<meta name=\"robots\" content=\"index, follow, max-snippet:-1, max-image-preview:large, max-video-preview:-1\" \/>\n<link rel=\"canonical\" href=\"https:\/\/www.ipsen.com\/nordics\/lithuania-privacy-policy\/\" \/>\n<meta property=\"og:locale\" content=\"en_US\" \/>\n<meta property=\"og:type\" content=\"article\" \/>\n<meta property=\"og:title\" content=\"Lithuania Privacy Policy - Nordics\" \/>\n<meta property=\"og:url\" content=\"https:\/\/www.ipsen.com\/nordics\/lithuania-privacy-policy\/\" \/>\n<meta property=\"og:site_name\" content=\"Nordics\" \/>\n<meta property=\"article:modified_time\" content=\"2025-04-16T12:16:47+00:00\" \/>\n<meta name=\"twitter:card\" content=\"summary_large_image\" \/>\n<script type=\"application\/ld+json\" class=\"yoast-schema-graph\">{\"@context\":\"https:\/\/schema.org\",\"@graph\":[{\"@type\":\"WebPage\",\"@id\":\"https:\/\/www.ipsen.com\/nordics\/lithuania-privacy-policy\/\",\"url\":\"https:\/\/www.ipsen.com\/nordics\/lithuania-privacy-policy\/\",\"name\":\"Lithuania Privacy Policy - Nordics\",\"isPartOf\":{\"@id\":\"https:\/\/www.ipsen.com\/nordics\/#website\"},\"datePublished\":\"2025-02-24T07:44:11+00:00\",\"dateModified\":\"2025-04-16T12:16:47+00:00\",\"breadcrumb\":{\"@id\":\"https:\/\/www.ipsen.com\/nordics\/lithuania-privacy-policy\/#breadcrumb\"},\"inLanguage\":\"en-US\",\"potentialAction\":[{\"@type\":\"ReadAction\",\"target\":[\"https:\/\/www.ipsen.com\/nordics\/lithuania-privacy-policy\/\"]}]},{\"@type\":\"BreadcrumbList\",\"@id\":\"https:\/\/www.ipsen.com\/nordics\/lithuania-privacy-policy\/#breadcrumb\",\"itemListElement\":[{\"@type\":\"ListItem\",\"position\":1,\"name\":\"Home\",\"item\":\"https:\/\/www.ipsen.com\/nordics\/\"},{\"@type\":\"ListItem\",\"position\":2,\"name\":\"Lithuania Privacy Policy\"}]},{\"@type\":\"WebSite\",\"@id\":\"https:\/\/www.ipsen.com\/nordics\/#website\",\"url\":\"https:\/\/www.ipsen.com\/nordics\/\",\"name\":\"Nordics\",\"description\":\"\",\"publisher\":{\"@id\":\"https:\/\/www.ipsen.com\/nordics\/#organization\"},\"potentialAction\":[{\"@type\":\"SearchAction\",\"target\":{\"@type\":\"EntryPoint\",\"urlTemplate\":\"https:\/\/www.ipsen.com\/nordics\/?s={search_term_string}\"},\"query-input\":{\"@type\":\"PropertyValueSpecification\",\"valueRequired\":true,\"valueName\":\"search_term_string\"}}],\"inLanguage\":\"en-US\"},{\"@type\":\"Organization\",\"@id\":\"https:\/\/www.ipsen.com\/nordics\/#organization\",\"name\":\"Nordics\",\"url\":\"https:\/\/www.ipsen.com\/nordics\/\",\"logo\":{\"@type\":\"ImageObject\",\"inLanguage\":\"en-US\",\"@id\":\"https:\/\/www.ipsen.com\/nordics\/#\/schema\/logo\/image\/\",\"url\":\"https:\/\/www.ipsen.com\/nordics\/wp-content\/uploads\/sites\/20\/2024\/12\/Logo-Ipsen-new.svg\",\"contentUrl\":\"https:\/\/www.ipsen.com\/nordics\/wp-content\/uploads\/sites\/20\/2024\/12\/Logo-Ipsen-new.svg\",\"caption\":\"Nordics\"},\"image\":{\"@id\":\"https:\/\/www.ipsen.com\/nordics\/#\/schema\/logo\/image\/\"}}]}<\/script>\n<!-- \/ Yoast SEO plugin. -->","yoast_head_json":{"title":"Lithuania Privacy Policy - Nordics","robots":{"index":"index","follow":"follow","max-snippet":"max-snippet:-1","max-image-preview":"max-image-preview:large","max-video-preview":"max-video-preview:-1"},"canonical":"https:\/\/www.ipsen.com\/nordics\/lithuania-privacy-policy\/","og_locale":"en_US","og_type":"article","og_title":"Lithuania Privacy Policy - Nordics","og_url":"https:\/\/www.ipsen.com\/nordics\/lithuania-privacy-policy\/","og_site_name":"Nordics","article_modified_time":"2025-04-16T12:16:47+00:00","twitter_card":"summary_large_image","schema":{"@context":"https:\/\/schema.org","@graph":[{"@type":"WebPage","@id":"https:\/\/www.ipsen.com\/nordics\/lithuania-privacy-policy\/","url":"https:\/\/www.ipsen.com\/nordics\/lithuania-privacy-policy\/","name":"Lithuania Privacy Policy - Nordics","isPartOf":{"@id":"https:\/\/www.ipsen.com\/nordics\/#website"},"datePublished":"2025-02-24T07:44:11+00:00","dateModified":"2025-04-16T12:16:47+00:00","breadcrumb":{"@id":"https:\/\/www.ipsen.com\/nordics\/lithuania-privacy-policy\/#breadcrumb"},"inLanguage":"en-US","potentialAction":[{"@type":"ReadAction","target":["https:\/\/www.ipsen.com\/nordics\/lithuania-privacy-policy\/"]}]},{"@type":"BreadcrumbList","@id":"https:\/\/www.ipsen.com\/nordics\/lithuania-privacy-policy\/#breadcrumb","itemListElement":[{"@type":"ListItem","position":1,"name":"Home","item":"https:\/\/www.ipsen.com\/nordics\/"},{"@type":"ListItem","position":2,"name":"Lithuania Privacy Policy"}]},{"@type":"WebSite","@id":"https:\/\/www.ipsen.com\/nordics\/#website","url":"https:\/\/www.ipsen.com\/nordics\/","name":"Nordics","description":"","publisher":{"@id":"https:\/\/www.ipsen.com\/nordics\/#organization"},"potentialAction":[{"@type":"SearchAction","target":{"@type":"EntryPoint","urlTemplate":"https:\/\/www.ipsen.com\/nordics\/?s={search_term_string}"},"query-input":{"@type":"PropertyValueSpecification","valueRequired":true,"valueName":"search_term_string"}}],"inLanguage":"en-US"},{"@type":"Organization","@id":"https:\/\/www.ipsen.com\/nordics\/#organization","name":"Nordics","url":"https:\/\/www.ipsen.com\/nordics\/","logo":{"@type":"ImageObject","inLanguage":"en-US","@id":"https:\/\/www.ipsen.com\/nordics\/#\/schema\/logo\/image\/","url":"https:\/\/www.ipsen.com\/nordics\/wp-content\/uploads\/sites\/20\/2024\/12\/Logo-Ipsen-new.svg","contentUrl":"https:\/\/www.ipsen.com\/nordics\/wp-content\/uploads\/sites\/20\/2024\/12\/Logo-Ipsen-new.svg","caption":"Nordics"},"image":{"@id":"https:\/\/www.ipsen.com\/nordics\/#\/schema\/logo\/image\/"}}]}},"parsely":{"version":"1.1.0","canonical_url":"https:\/\/ipsen.com\/nordics\/lithuania-privacy-policy\/","smart_links":{"inbound":0,"outbound":0},"traffic_boost_suggestions_count":0,"meta":{"@context":"https:\/\/schema.org","@type":"WebPage","headline":"Lithuania Privacy Policy","url":"http:\/\/www.ipsen.com\/nordics\/lithuania-privacy-policy\/","mainEntityOfPage":{"@type":"WebPage","@id":"http:\/\/www.ipsen.com\/nordics\/lithuania-privacy-policy\/"},"thumbnailUrl":"","image":{"@type":"ImageObject","url":""},"articleSection":"Uncategorized","author":[{"@type":"Person","name":"maksim"}],"creator":["maksim"],"publisher":{"@type":"Organization","name":"Nordics","logo":""},"keywords":[],"dateCreated":"2025-02-24T07:44:11Z","datePublished":"2025-02-24T07:44:11Z","dateModified":"2025-04-16T12:16:47Z"},"rendered":"<script type=\"application\/ld+json\" class=\"wp-parsely-metadata\">{\"@context\":\"https:\\\/\\\/schema.org\",\"@type\":\"WebPage\",\"headline\":\"Lithuania Privacy Policy\",\"url\":\"http:\\\/\\\/www.ipsen.com\\\/nordics\\\/lithuania-privacy-policy\\\/\",\"mainEntityOfPage\":{\"@type\":\"WebPage\",\"@id\":\"http:\\\/\\\/www.ipsen.com\\\/nordics\\\/lithuania-privacy-policy\\\/\"},\"thumbnailUrl\":\"\",\"image\":{\"@type\":\"ImageObject\",\"url\":\"\"},\"articleSection\":\"Uncategorized\",\"author\":[{\"@type\":\"Person\",\"name\":\"maksim\"}],\"creator\":[\"maksim\"],\"publisher\":{\"@type\":\"Organization\",\"name\":\"Nordics\",\"logo\":\"\"},\"keywords\":[],\"dateCreated\":\"2025-02-24T07:44:11Z\",\"datePublished\":\"2025-02-24T07:44:11Z\",\"dateModified\":\"2025-04-16T12:16:47Z\"}<\/script>","tracker_url":"https:\/\/cdn.parsely.com\/keys\/ipsen.com\/p.js"},"jetpack_sharing_enabled":true,"_links":{"self":[{"href":"https:\/\/www.ipsen.com\/nordics\/wp-json\/wp\/v2\/pages\/214","targetHints":{"allow":["GET"]}}],"collection":[{"href":"https:\/\/www.ipsen.com\/nordics\/wp-json\/wp\/v2\/pages"}],"about":[{"href":"https:\/\/www.ipsen.com\/nordics\/wp-json\/wp\/v2\/types\/page"}],"author":[{"embeddable":true,"href":"https:\/\/www.ipsen.com\/nordics\/wp-json\/wp\/v2\/users\/83"}],"replies":[{"embeddable":true,"href":"https:\/\/www.ipsen.com\/nordics\/wp-json\/wp\/v2\/comments?post=214"}],"version-history":[{"count":6,"href":"https:\/\/www.ipsen.com\/nordics\/wp-json\/wp\/v2\/pages\/214\/revisions"}],"predecessor-version":[{"id":450,"href":"https:\/\/www.ipsen.com\/nordics\/wp-json\/wp\/v2\/pages\/214\/revisions\/450"}],"wp:attachment":[{"href":"https:\/\/www.ipsen.com\/nordics\/wp-json\/wp\/v2\/media?parent=214"}],"curies":[{"name":"wp","href":"https:\/\/api.w.org\/{rel}","templated":true}]}}