{"id":1514,"date":"2025-12-04T12:17:11","date_gmt":"2025-12-04T10:17:11","guid":{"rendered":"https:\/\/www.ipsen.com\/nordics\/?page_id=1514"},"modified":"2025-12-18T10:20:10","modified_gmt":"2025-12-18T08:20:10","slug":"lossa-greppet","status":"publish","type":"page","link":"https:\/\/www.ipsen.com\/nordics\/lossa-greppet\/","title":{"rendered":"Lossa greppet"},"content":{"rendered":"    <section class=\"sub-page-banner bg-color-enabled  banner-no-filter\" style=\"background: linear-gradient(93.64deg, #224A81 2.99%, #2797D3 97.01%)\">\n                <div class=\"container content-sec\">\n            <nav aria-label=\"breadcrumb\">\n            <ol class=\"breadcrumb\">\n                <li class=\"breadcrumb-item\"><a href=\"https:\/\/www.ipsen.com\/nordics\">Home<\/a><\/li><li class=\"breadcrumb-item\"><a href=\"\">Pages<\/a><\/li><li class=\"breadcrumb-item active\"><a class=\"link-pointer-events-none\" href=\"#\" aria-current=\"page\">Lossa greppet<\/a><\/li><\/ol>\n            <\/nav>            <h1 class=\"visible banner-font-color-white\">Lossa greppet<\/h1>\n            <p class=\"visible banner-font-color-white\">Varje \u00e5r drabbas omkring 25 000 personer i Sverige av stroke. F\u00f6r m\u00e5nga \u00e4r det inte slutet p\u00e5 en kris \u2013 utan b\u00f6rjan p\u00e5 ett livsl\u00e5ngt lidande. M\u00e5nga strokepatienter drabbas av spasticitet \u2013 ofrivilliga muskelsp\u00e4nningar och stelhet.<\/p>\n        <\/div>\n    <\/section>\n\n\n\n\n<div class=\"wp-block-columns is-layout-flex wp-container-core-columns-is-layout-9d6595d7 wp-block-columns-is-layout-flex\">\n<div class=\"wp-block-column is-layout-flow wp-block-column-is-layout-flow\">\n<div style=\"height:25px\" aria-hidden=\"true\" class=\"wp-block-spacer\"><\/div>\n\n\n    <section class=\"title-text \">\n        <div class=\"container\">\n            <div class=\"title-text-inner\" style=\"background-color:#EDEBE4;\">\n\n                <!-- If heading is enabled then it's visible -->\n                <div class=\"text-head-dash visible\">\n                <h3 class=\"heading-three\" role=\"heading\" aria-level=\"2\">\n                        Spasticitet \u00e4r en funktionsneds\u00e4ttning som beror p\u00e5 skador i centrala nervsystemet.                    <\/h3>\n                <\/div>\n               \n                <!-- If description is enabled then it's visible -->\n                <div class=\"text-parbase visible\">\n                    <p>Utan behandling blir musklerna gradvis kortare och stelare. Till slut \u00e4r risken stor att kroppsdelar fastnar i krampaktiga och sm\u00e4rtsamma positioner. En konsekvens av spasticitet kan vara begr\u00e4nsade m\u00f6jligheter att arbeta och leva ett sj\u00e4lvst\u00e4ndigt och aktivt liv och inneb\u00e4r \u00e4ven samh\u00e4llsekonomiska f\u00f6rluster.<\/p>\n                <\/div>\n\n                <!-- If button is enabled then it's visible -->\n                \n            <\/div>\n        <\/div>\n    <\/section>\n<\/div>\n\n\n\n<div class=\"wp-block-column is-layout-flow wp-block-column-is-layout-flow\">    <section class=\"video-card \">\n        <div class=\"container\">\n            <!-- Block Details -->\n            <div class=\"video-card-header\">\n                <h3 class=\"video-card-block-title hidden heading-three\">\n                                    <\/h3>\n                <p class=\"charcoal-grey video-card-block-summary hidden\"> \n                                    <\/p>\n            <\/div>\n\n            <!-- Video Iframe embed -->\n                            <div class=\"video-embed\"> \n                <iframe loading=\"lazy\" src=\"https:\/\/player.vimeo.com\/video\/1137671501?h=cd9fd2403d&amp;app_id=122963&#038;autoplay=1&#038;muted=1&#038;controls=1&#038;loop=1&#038;autopause=1&#038;background=0\" width=\"640\" height=\"360\" frameborder=\"0\" allow=\"autoplay; fullscreen; picture-in-picture; clipboard-write; encrypted-media; web-share\" referrerpolicy=\"strict-origin-when-cross-origin\" frameborder=\"0\" allow=\"autoplay; fullscreen; picture-in-picture\" data-ot-ignore><\/iframe>                <\/div>\n            \n            <!-- Block CTA -->\n            <div class=\"cta-block hidden\">\n                            <\/div>\n\n        <\/div>\n    <\/section>\n<\/div>\n<\/div>\n\n\n\n<div class=\"wp-block-columns is-layout-flex wp-container-core-columns-is-layout-9d6595d7 wp-block-columns-is-layout-flex\">\n<div class=\"wp-block-column is-layout-flow wp-block-column-is-layout-flow\" style=\"flex-basis:5%\"><\/div>\n\n\n\n<div class=\"wp-block-column is-layout-flow wp-block-column-is-layout-flow\" style=\"flex-basis:80%\">    <section class=\"video-card \">\n        <div class=\"container\">\n            <!-- Block Details -->\n            <div class=\"video-card-header\">\n                <h3 class=\"video-card-block-title hidden heading-three\">\n                                    <\/h3>\n                <p class=\"charcoal-grey video-card-block-summary visible\"> \n                    <p><strong>Michael Nilsson<\/strong><\/p>\n<p>\u00d6verl\u00e4kare Rehabiliteringsmedicin<br \/>\nOm spasticitet efter stroke<\/p>\n                <\/p>\n            <\/div>\n\n            <!-- Video Iframe embed -->\n                            <div class=\"video-embed\"> \n                <iframe loading=\"lazy\" src=\"https:\/\/player.vimeo.com\/video\/1137678767?h=afa27f48e8&amp;app_id=122963&#038;autoplay=1&#038;muted=1&#038;controls=1&#038;loop=1&#038;autopause=1&#038;background=0\" width=\"640\" height=\"360\" frameborder=\"0\" allow=\"autoplay; fullscreen; picture-in-picture; clipboard-write; encrypted-media; web-share\" referrerpolicy=\"strict-origin-when-cross-origin\" frameborder=\"0\" allow=\"autoplay; fullscreen; picture-in-picture\" data-ot-ignore><\/iframe>                <\/div>\n            \n            <!-- Block CTA -->\n            <div class=\"cta-block hidden\">\n                            <\/div>\n\n        <\/div>\n    <\/section>\n<\/div>\n\n\n\n<div class=\"wp-block-column is-layout-flow wp-block-column-is-layout-flow\" style=\"flex-basis:5%\"><\/div>\n<\/div>\n\n\n\n<div class=\"wp-block-columns is-layout-flex wp-container-core-columns-is-layout-9d6595d7 wp-block-columns-is-layout-flex\">\n<div class=\"wp-block-column is-layout-flow wp-block-column-is-layout-flow\" style=\"flex-basis:5%\"><\/div>\n\n\n\n<div class=\"wp-block-column is-layout-flow wp-block-column-is-layout-flow\" style=\"flex-basis:80%\">    <section class=\"title-text \">\n        <div class=\"container\">\n            <div class=\"title-text-inner\" style=\"background-color:#EDEBE4;\">\n\n                <!-- If heading is enabled then it's visible -->\n                <div class=\"text-head-dash visible\">\n                <h3 class=\"heading-three\" role=\"heading\" aria-level=\"2\">\n                        Underbehandling av spasticitet                    <\/h3>\n                <\/div>\n               \n                <!-- If description is enabled then it's visible -->\n                <div class=\"text-parbase visible\">\n                    <p>I Sverige idag finns en stor underbehandling av spasticitet trots att det finns kostnadseffektiva behandlingar<sup>1<\/sup>. Detta g\u00e4ller inte minst strokepatienter. Ungef\u00e4r 85 procent av de personer som lever med funktionsneds\u00e4ttande spasticitet efter stroke f\u00e5r inte behandling och det \u00e4r stora skillnader beroende p\u00e5 var i landet man bor.<sup>1<\/sup><\/p>\n<p>Hur kan vi f\u00f6rb\u00e4ttra situationen och minska skillnaderna mellan regioner n\u00e4r det g\u00e4ller tillg\u00e5ngen till behandling f\u00f6r patienter med spasticitet? Och hur ser vi till att \u00e4ven de som lever med spasticitet f\u00e5r en god och n\u00e4ra v\u00e5rd i den omst\u00e4llning av svensk sjukv\u00e5rd som nu g\u00f6rs?<\/p>\n                <\/div>\n\n                <!-- If button is enabled then it's visible -->\n                                        <div class=\"btn-txt\">\n                            <a \n                                aria-label=\"Losa greppet\" \n                                class=\"btn-link section-btn cta-visible\"  \n                                role=\"link\"\n                                href=\"https:\/\/www.ipsen.com\/nordics\/lossa-greppet\/en-rapport-om-underbehandling-av-spasticitet\/\" target=\"_self\">\n                                L\u00e4s rapporten om underbehandling av spasticitet                            <\/a>\n                        <\/div>\n                \n            <\/div>\n        <\/div>\n    <\/section>\n<\/div>\n\n\n\n<div class=\"wp-block-column is-layout-flow wp-block-column-is-layout-flow\" style=\"flex-basis:5%\"><\/div>\n<\/div>\n\n\n\n<div class=\"wp-block-columns is-layout-flex wp-container-core-columns-is-layout-9d6595d7 wp-block-columns-is-layout-flex\">\n<div class=\"wp-block-column is-layout-flow wp-block-column-is-layout-flow\" style=\"flex-basis:5%\"><\/div>\n\n\n\n<div class=\"wp-block-column is-layout-flow wp-block-column-is-layout-flow\" style=\"flex-basis:80%\">\n<div class=\"wp-block-group\"><div class=\"wp-block-group__inner-container is-layout-constrained wp-block-group-is-layout-constrained\">\n<p>Genom regionala kompetenscentrum och b\u00e4ttre rustade tonusmottagningar ges b\u00e4ttre m\u00f6jligheter f\u00f6r fler patienter att f\u00e5 den v\u00e5rd de beh\u00f6ver och d\u00e4rmed ett mer sj\u00e4lvst\u00e4ndigt och r\u00f6rligt liv.<\/p>\n\n\n\n<h2 class=\"wp-block-heading\">Ipsens f\u00f6rslag p\u00e5 l\u00f6sning \u00e4r en omfattande satsning p\u00e5 att st\u00e4rka kunskapen och kompetensen om spasticitet, \u00f6ver hela landet.<\/h2>\n<\/div><\/div>\n<\/div>\n\n\n\n<div class=\"wp-block-column is-layout-flow wp-block-column-is-layout-flow\" style=\"flex-basis:5%\"><\/div>\n<\/div>\n\n\n\n<div style=\"height:60px\" aria-hidden=\"true\" class=\"wp-block-spacer\"><\/div>\n\n\n\n<div class=\"wp-block-group\"><div class=\"wp-block-group__inner-container is-layout-constrained wp-block-group-is-layout-constrained\">\n<hr class=\"wp-block-separator has-text-color has-pale-cyan-blue-color has-alpha-channel-opacity has-pale-cyan-blue-background-color has-background is-style-wide\" \/>\n<\/div><\/div>\n\n\n\n<div class=\"wp-block-group\"><div class=\"wp-block-group__inner-container is-layout-constrained wp-block-group-is-layout-constrained\">\n<ol class=\"wp-block-list\">\n<li class=\"has-small-font-size\">Nationella riktlinjer f\u00f6r v\u00e5rd vid stroke, sammanfattning av \u00f6versyn 2020. Socialstyrelsen, januari 2020.<br>Tillg\u00e4nglig via&nbsp;<a href=\"https:\/\/bit.ly\/3oVhNYx\" target=\"_blank\" rel=\"noreferrer noopener\">https:\/\/bit.ly\/3oVhNYx<\/a><\/li>\n<\/ol>\n<\/div><\/div>\n","protected":false},"excerpt":{"rendered":"","protected":false},"author":112,"featured_media":0,"parent":0,"menu_order":0,"comment_status":"closed","ping_status":"closed","template":"","meta":{"_acf_changed":false,"footnotes":""},"class_list":["post-1514","page","type-page","status-publish","hentry","entry"],"acf":[],"yoast_head":"<!-- This site is optimized with the Yoast SEO plugin v26.8 - https:\/\/yoast.com\/product\/yoast-seo-wordpress\/ -->\n<title>Lossa greppet - Nordics<\/title>\n<meta name=\"robots\" content=\"index, follow, max-snippet:-1, max-image-preview:large, max-video-preview:-1\" \/>\n<link rel=\"canonical\" href=\"https:\/\/www.ipsen.com\/nordics\/lossa-greppet\/\" \/>\n<meta property=\"og:locale\" content=\"en_US\" \/>\n<meta property=\"og:type\" content=\"article\" \/>\n<meta property=\"og:title\" content=\"Lossa greppet - Nordics\" \/>\n<meta property=\"og:url\" content=\"https:\/\/www.ipsen.com\/nordics\/lossa-greppet\/\" \/>\n<meta property=\"og:site_name\" content=\"Nordics\" \/>\n<meta property=\"article:modified_time\" content=\"2025-12-18T08:20:10+00:00\" \/>\n<meta name=\"twitter:card\" content=\"summary_large_image\" \/>\n<meta name=\"twitter:label1\" content=\"Est. reading time\" \/>\n\t<meta name=\"twitter:data1\" content=\"1 minute\" \/>\n<script type=\"application\/ld+json\" class=\"yoast-schema-graph\">{\"@context\":\"https:\/\/schema.org\",\"@graph\":[{\"@type\":\"WebPage\",\"@id\":\"https:\/\/www.ipsen.com\/nordics\/lossa-greppet\/\",\"url\":\"https:\/\/www.ipsen.com\/nordics\/lossa-greppet\/\",\"name\":\"Lossa greppet - Nordics\",\"isPartOf\":{\"@id\":\"https:\/\/www.ipsen.com\/nordics\/#website\"},\"datePublished\":\"2025-12-04T10:17:11+00:00\",\"dateModified\":\"2025-12-18T08:20:10+00:00\",\"breadcrumb\":{\"@id\":\"https:\/\/www.ipsen.com\/nordics\/lossa-greppet\/#breadcrumb\"},\"inLanguage\":\"en-US\",\"potentialAction\":[{\"@type\":\"ReadAction\",\"target\":[\"https:\/\/www.ipsen.com\/nordics\/lossa-greppet\/\"]}]},{\"@type\":\"BreadcrumbList\",\"@id\":\"https:\/\/www.ipsen.com\/nordics\/lossa-greppet\/#breadcrumb\",\"itemListElement\":[{\"@type\":\"ListItem\",\"position\":1,\"name\":\"Home\",\"item\":\"https:\/\/www.ipsen.com\/nordics\/\"},{\"@type\":\"ListItem\",\"position\":2,\"name\":\"Lossa greppet\"}]},{\"@type\":\"WebSite\",\"@id\":\"https:\/\/www.ipsen.com\/nordics\/#website\",\"url\":\"https:\/\/www.ipsen.com\/nordics\/\",\"name\":\"Nordics\",\"description\":\"\",\"publisher\":{\"@id\":\"https:\/\/www.ipsen.com\/nordics\/#organization\"},\"potentialAction\":[{\"@type\":\"SearchAction\",\"target\":{\"@type\":\"EntryPoint\",\"urlTemplate\":\"https:\/\/www.ipsen.com\/nordics\/?s={search_term_string}\"},\"query-input\":{\"@type\":\"PropertyValueSpecification\",\"valueRequired\":true,\"valueName\":\"search_term_string\"}}],\"inLanguage\":\"en-US\"},{\"@type\":\"Organization\",\"@id\":\"https:\/\/www.ipsen.com\/nordics\/#organization\",\"name\":\"Nordics\",\"url\":\"https:\/\/www.ipsen.com\/nordics\/\",\"logo\":{\"@type\":\"ImageObject\",\"inLanguage\":\"en-US\",\"@id\":\"https:\/\/www.ipsen.com\/nordics\/#\/schema\/logo\/image\/\",\"url\":\"https:\/\/www.ipsen.com\/nordics\/wp-content\/uploads\/sites\/20\/2024\/12\/Logo-Ipsen-new.svg\",\"contentUrl\":\"https:\/\/www.ipsen.com\/nordics\/wp-content\/uploads\/sites\/20\/2024\/12\/Logo-Ipsen-new.svg\",\"caption\":\"Nordics\"},\"image\":{\"@id\":\"https:\/\/www.ipsen.com\/nordics\/#\/schema\/logo\/image\/\"}}]}<\/script>\n<!-- \/ Yoast SEO plugin. -->","yoast_head_json":{"title":"Lossa greppet - Nordics","robots":{"index":"index","follow":"follow","max-snippet":"max-snippet:-1","max-image-preview":"max-image-preview:large","max-video-preview":"max-video-preview:-1"},"canonical":"https:\/\/www.ipsen.com\/nordics\/lossa-greppet\/","og_locale":"en_US","og_type":"article","og_title":"Lossa greppet - Nordics","og_url":"https:\/\/www.ipsen.com\/nordics\/lossa-greppet\/","og_site_name":"Nordics","article_modified_time":"2025-12-18T08:20:10+00:00","twitter_card":"summary_large_image","twitter_misc":{"Est. reading time":"1 minute"},"schema":{"@context":"https:\/\/schema.org","@graph":[{"@type":"WebPage","@id":"https:\/\/www.ipsen.com\/nordics\/lossa-greppet\/","url":"https:\/\/www.ipsen.com\/nordics\/lossa-greppet\/","name":"Lossa greppet - Nordics","isPartOf":{"@id":"https:\/\/www.ipsen.com\/nordics\/#website"},"datePublished":"2025-12-04T10:17:11+00:00","dateModified":"2025-12-18T08:20:10+00:00","breadcrumb":{"@id":"https:\/\/www.ipsen.com\/nordics\/lossa-greppet\/#breadcrumb"},"inLanguage":"en-US","potentialAction":[{"@type":"ReadAction","target":["https:\/\/www.ipsen.com\/nordics\/lossa-greppet\/"]}]},{"@type":"BreadcrumbList","@id":"https:\/\/www.ipsen.com\/nordics\/lossa-greppet\/#breadcrumb","itemListElement":[{"@type":"ListItem","position":1,"name":"Home","item":"https:\/\/www.ipsen.com\/nordics\/"},{"@type":"ListItem","position":2,"name":"Lossa greppet"}]},{"@type":"WebSite","@id":"https:\/\/www.ipsen.com\/nordics\/#website","url":"https:\/\/www.ipsen.com\/nordics\/","name":"Nordics","description":"","publisher":{"@id":"https:\/\/www.ipsen.com\/nordics\/#organization"},"potentialAction":[{"@type":"SearchAction","target":{"@type":"EntryPoint","urlTemplate":"https:\/\/www.ipsen.com\/nordics\/?s={search_term_string}"},"query-input":{"@type":"PropertyValueSpecification","valueRequired":true,"valueName":"search_term_string"}}],"inLanguage":"en-US"},{"@type":"Organization","@id":"https:\/\/www.ipsen.com\/nordics\/#organization","name":"Nordics","url":"https:\/\/www.ipsen.com\/nordics\/","logo":{"@type":"ImageObject","inLanguage":"en-US","@id":"https:\/\/www.ipsen.com\/nordics\/#\/schema\/logo\/image\/","url":"https:\/\/www.ipsen.com\/nordics\/wp-content\/uploads\/sites\/20\/2024\/12\/Logo-Ipsen-new.svg","contentUrl":"https:\/\/www.ipsen.com\/nordics\/wp-content\/uploads\/sites\/20\/2024\/12\/Logo-Ipsen-new.svg","caption":"Nordics"},"image":{"@id":"https:\/\/www.ipsen.com\/nordics\/#\/schema\/logo\/image\/"}}]}},"parsely":{"version":"1.1.0","canonical_url":"https:\/\/ipsen.com\/nordics\/lossa-greppet\/","smart_links":{"inbound":0,"outbound":0},"traffic_boost_suggestions_count":0,"meta":{"@context":"https:\/\/schema.org","@type":"WebPage","headline":"Lossa greppet","url":"http:\/\/www.ipsen.com\/nordics\/lossa-greppet\/","mainEntityOfPage":{"@type":"WebPage","@id":"http:\/\/www.ipsen.com\/nordics\/lossa-greppet\/"},"thumbnailUrl":"","image":{"@type":"ImageObject","url":""},"articleSection":"Uncategorized","author":[{"@type":"Person","name":"wahlin"}],"creator":["wahlin"],"publisher":{"@type":"Organization","name":"Nordics","logo":""},"keywords":[],"dateCreated":"2025-12-04T10:17:11Z","datePublished":"2025-12-04T10:17:11Z","dateModified":"2025-12-18T08:20:10Z"},"rendered":"<script type=\"application\/ld+json\" class=\"wp-parsely-metadata\">{\"@context\":\"https:\\\/\\\/schema.org\",\"@type\":\"WebPage\",\"headline\":\"Lossa greppet\",\"url\":\"http:\\\/\\\/www.ipsen.com\\\/nordics\\\/lossa-greppet\\\/\",\"mainEntityOfPage\":{\"@type\":\"WebPage\",\"@id\":\"http:\\\/\\\/www.ipsen.com\\\/nordics\\\/lossa-greppet\\\/\"},\"thumbnailUrl\":\"\",\"image\":{\"@type\":\"ImageObject\",\"url\":\"\"},\"articleSection\":\"Uncategorized\",\"author\":[{\"@type\":\"Person\",\"name\":\"wahlin\"}],\"creator\":[\"wahlin\"],\"publisher\":{\"@type\":\"Organization\",\"name\":\"Nordics\",\"logo\":\"\"},\"keywords\":[],\"dateCreated\":\"2025-12-04T10:17:11Z\",\"datePublished\":\"2025-12-04T10:17:11Z\",\"dateModified\":\"2025-12-18T08:20:10Z\"}<\/script>","tracker_url":"https:\/\/cdn.parsely.com\/keys\/ipsen.com\/p.js"},"jetpack_sharing_enabled":true,"_links":{"self":[{"href":"https:\/\/www.ipsen.com\/nordics\/wp-json\/wp\/v2\/pages\/1514","targetHints":{"allow":["GET"]}}],"collection":[{"href":"https:\/\/www.ipsen.com\/nordics\/wp-json\/wp\/v2\/pages"}],"about":[{"href":"https:\/\/www.ipsen.com\/nordics\/wp-json\/wp\/v2\/types\/page"}],"author":[{"embeddable":true,"href":"https:\/\/www.ipsen.com\/nordics\/wp-json\/wp\/v2\/users\/112"}],"replies":[{"embeddable":true,"href":"https:\/\/www.ipsen.com\/nordics\/wp-json\/wp\/v2\/comments?post=1514"}],"version-history":[{"count":14,"href":"https:\/\/www.ipsen.com\/nordics\/wp-json\/wp\/v2\/pages\/1514\/revisions"}],"predecessor-version":[{"id":1546,"href":"https:\/\/www.ipsen.com\/nordics\/wp-json\/wp\/v2\/pages\/1514\/revisions\/1546"}],"wp:attachment":[{"href":"https:\/\/www.ipsen.com\/nordics\/wp-json\/wp\/v2\/media?parent=1514"}],"curies":[{"name":"wp","href":"https:\/\/api.w.org\/{rel}","templated":true}]}}