{"id":114,"date":"2023-11-28T08:03:30","date_gmt":"2023-11-28T06:03:30","guid":{"rendered":"https:\/\/www.ipsen.com\/de\/?page_id=114"},"modified":"2025-06-30T13:36:01","modified_gmt":"2025-06-30T11:36:01","slug":"bestellungen","status":"publish","type":"page","link":"https:\/\/www.ipsen.com\/germany\/bestellungen\/","title":{"rendered":"Bestellungen"},"content":{"rendered":"    <section class=\"sub-page-banner \" style=\"background: linear-gradient(93.64deg, #224A81 2.99%, #2797D3 97.01%)\">\n        <div class=\"container content-sec\">\n            <nav aria-label=\"breadcrumb\">\n            <ol class=\"breadcrumb\">\n                <li class=\"breadcrumb-item\"><a href=\"https:\/\/www.ipsen.com\/germany\">Home<\/a><\/li><li class=\"breadcrumb-item active\"><a class=\"link-pointer-events-none\" href=\"#\" aria-current=\"page\">Bestellungen<\/a><\/li><\/ol>\n            <\/nav>            <h1 class=\"visible\">Bestellungen<\/h1>\n            <p class=\"hidden\"><\/p>\n        <\/div>\n    <\/section>\n\n\n\n<div class=\"wp-block-columns is-layout-flex wp-container-core-columns-is-layout-9d6595d7 wp-block-columns-is-layout-flex\">\n<div class=\"wp-block-column is-layout-flow wp-block-column-is-layout-flow\">\n<p><strong>Bestellungen senden Sie uns bitte ausschlie\u00dflich auf folgenden Wegen:<\/strong>&nbsp;<\/p>\n\n\n\n<p>F\u00dcR CABOMETYX\u00ae \u00fcber Virion medizinische und pharmazeutische Handelsgesellschaft mbH:<\/p>\n\n\n\n<ul class=\"wp-block-list\">\n<li>Tel.: 0800 7241264<\/li>\n\n\n\n<li>Fax: 0800 7241265<\/li>\n\n\n\n<li><a href=\"mailto:kundenservice@virion.de\">kundenservice@virion.de<\/a><\/li>\n<\/ul>\n\n\n\n<p>F\u00dcR ALLE WEITEREN MEDIKAMENTE VON IPSEN:<\/p>\n\n\n\n<ul class=\"wp-block-list\">\n<li><strong>Apotheken per Telefax: <\/strong>+49 (0) 800 355 2240&nbsp;<\/li>\n\n\n\n<li><strong>Kliniken per Telefax: <\/strong>+49 (0) 800 355 2260&nbsp;<\/li>\n\n\n\n<li><strong>Per E-Mail: <\/strong><a href=\"mailto:customerservice-de@ipsen.com\"><strong>customerservice-de@ipsen.com<\/strong><\/a>&nbsp;<\/li>\n\n\n\n<li><strong>Elektronisch: <\/strong>EDI-Schnittstelle&nbsp;<\/li>\n\n\n\n<li><strong>Pharma mall:<\/strong> Webshop&nbsp;<\/li>\n<\/ul>\n\n\n\n<p>Eingehende Auftr\u00e4ge werden schnellstens erledigt. Bei einem Bestelleingang montags bis donnerstags bis 15:30 Uhr erfolgt die Lieferung innerhalb einer Regellaufzeit von 24 Stunden. In Ausnahmef\u00e4llen k\u00f6nnen auch 48 Stunden m\u00f6glich sein. Um die h\u00f6chste Sicherheit f\u00fcr die Qualit\u00e4t unserer Produkte zu gew\u00e4hrleisten, versenden wir unsere Produkte unter aktiver Temperaturkontrolle und verzichten an Freitagen und vor Feiertagen auf die Aussendung unserer Ware.<\/p>\n\n\n\n<ul class=\"wp-block-list\">\n<li><strong>F\u00fcr das Vertragsverh\u00e4ltnis gelten ausschlie\u00dflich unsere Allgemeinen <a href=\"https:\/\/www.ipsen.com\/germany\/agb\/\">Verkaufs- und Lieferbedingungen<\/a><\/strong><\/li>\n<\/ul>\n\n\n\n<p><strong>Telefonisch erreichen Sie uns auf folgendem Weg:<\/strong><\/p>\n\n\n\n<ul class=\"wp-block-list\">\n<li>+49 (0) 800 355 2200&nbsp;<\/li>\n\n\n\n<li><strong>Unser Team freut sich \u00fcber Ihren Anruf in der Zeit von<\/strong>&nbsp;<\/li>\n\n\n\n<li>Mo \u2013 Do 8:00 \u2013 16:00 Uhr&nbsp;<\/li>\n\n\n\n<li>Fr 8:00 \u2013 14:00 Uhr<\/li>\n<\/ul>\n\n\n\n<p><strong>Vier-Augen-Prinzip<\/strong><\/p>\n\n\n\n<p>Als pharmazeutisches Unternehmen sind wir den strengen Regeln des Arzneimittelgesetzes, der Arzneimittel- und Wirkstoffherstellungsverordnung sowie der Arzneimittel-Handelsverordnung verpflichtet. Die Einhaltung der Good Distribution Practice (GDP) ist f\u00fcr uns selbstverst\u00e4ndlich. Qualit\u00e4t und h\u00f6chste Aufmerksamkeit haben f\u00fcr uns oberste Priorit\u00e4t. Darum \u00fcberlassen wir auch beim Produktversand nichts dem Zufall und haben neben der systemseitigen Unterst\u00fctzung das Vier-Augen-Prinzip als festen Baustein unseres Qualit\u00e4tsmanagements implementiert. Dieses Prinzip ist f\u00fcr uns ein Verfahren, um bis zum letzten Handgriff die Verantwortung f\u00fcr unsere Arzneimittel \u00fcbernehmen zu k\u00f6nnen.&nbsp;<\/p>\n\n\n\n<p><strong>Sicherer Transport von Medikamenten&nbsp;&nbsp;&nbsp;&nbsp;&nbsp;&nbsp;&nbsp;&nbsp;&nbsp;&nbsp;&nbsp;&nbsp;&nbsp;&nbsp;&nbsp;&nbsp;&nbsp;&nbsp;&nbsp;&nbsp;&nbsp;&nbsp;&nbsp;&nbsp;&nbsp;&nbsp;&nbsp;&nbsp;&nbsp;&nbsp;&nbsp;&nbsp;<\/strong>&nbsp;<\/p>\n\n\n\n<p>Es liegt in unserer Verantwortung als pharmazeutischer Gro\u00dfh\u00e4ndler unsere Arzneimittel vor Bruch, Beeintr\u00e4chtigung und Diebstahl zu sch\u00fctzen und sicherzustellen, dass sich die Temperaturbedingungen w\u00e4hrend der gesamten Transportdauer in einem akzeptablen Bereich bewegen. Zur Sicherstellung der spezifischen Transporttemperaturen (+2\u00b0 C bis +8\u00b0 C bzw. +15\u00b0 C bis +25\u00b0 C) versenden wir unsere Produkte unter aktiver Temperaturkontrolle.<\/p>\n\n\n\n<p><\/p>\n<\/div>\n<\/div>\n","protected":false},"excerpt":{"rendered":"","protected":false},"author":2,"featured_media":0,"parent":0,"menu_order":0,"comment_status":"closed","ping_status":"closed","template":"","meta":{"_acf_changed":false,"footnotes":""},"class_list":["post-114","page","type-page","status-publish","hentry","entry"],"acf":[],"yoast_head":"<!-- This site is optimized with the Yoast SEO plugin v26.8 - https:\/\/yoast.com\/product\/yoast-seo-wordpress\/ -->\n<title>Bestellungen | Ipsen<\/title>\n<meta name=\"description\" content=\"Informationen zu Bestellungen bei Ipsen\" \/>\n<meta name=\"robots\" content=\"index, follow, max-snippet:-1, max-image-preview:large, max-video-preview:-1\" \/>\n<link rel=\"canonical\" href=\"https:\/\/www.ipsen.com\/germany\/bestellungen\/\" \/>\n<meta property=\"og:locale\" content=\"de_DE\" \/>\n<meta property=\"og:type\" content=\"article\" \/>\n<meta property=\"og:title\" content=\"Bestellungen | Ipsen\" \/>\n<meta property=\"og:description\" content=\"Informationen zu Bestellungen bei Ipsen\" \/>\n<meta property=\"og:url\" content=\"https:\/\/www.ipsen.com\/germany\/bestellungen\/\" \/>\n<meta property=\"og:site_name\" content=\"Germany\" \/>\n<meta property=\"article:modified_time\" content=\"2025-06-30T11:36:01+00:00\" \/>\n<meta name=\"twitter:card\" content=\"summary_large_image\" \/>\n<meta name=\"twitter:label1\" content=\"Est. reading time\" \/>\n\t<meta name=\"twitter:data1\" content=\"2 minutes\" \/>\n<script type=\"application\/ld+json\" class=\"yoast-schema-graph\">{\"@context\":\"https:\/\/schema.org\",\"@graph\":[{\"@type\":\"WebPage\",\"@id\":\"https:\/\/www.ipsen.com\/germany\/bestellungen\/\",\"url\":\"https:\/\/www.ipsen.com\/germany\/bestellungen\/\",\"name\":\"Bestellungen | Ipsen\",\"isPartOf\":{\"@id\":\"https:\/\/www.ipsen.com\/germany\/#website\"},\"datePublished\":\"2023-11-28T06:03:30+00:00\",\"dateModified\":\"2025-06-30T11:36:01+00:00\",\"description\":\"Informationen zu Bestellungen bei Ipsen\",\"breadcrumb\":{\"@id\":\"https:\/\/www.ipsen.com\/germany\/bestellungen\/#breadcrumb\"},\"inLanguage\":\"de-DE\",\"potentialAction\":[{\"@type\":\"ReadAction\",\"target\":[\"https:\/\/www.ipsen.com\/germany\/bestellungen\/\"]}]},{\"@type\":\"BreadcrumbList\",\"@id\":\"https:\/\/www.ipsen.com\/germany\/bestellungen\/#breadcrumb\",\"itemListElement\":[{\"@type\":\"ListItem\",\"position\":1,\"name\":\"Home\",\"item\":\"https:\/\/www.ipsen.com\/germany\/\"},{\"@type\":\"ListItem\",\"position\":2,\"name\":\"Bestellungen\"}]},{\"@type\":\"WebSite\",\"@id\":\"https:\/\/www.ipsen.com\/germany\/#website\",\"url\":\"https:\/\/www.ipsen.com\/germany\/\",\"name\":\"Germany\",\"description\":\"\",\"publisher\":{\"@id\":\"https:\/\/www.ipsen.com\/germany\/#organization\"},\"potentialAction\":[{\"@type\":\"SearchAction\",\"target\":{\"@type\":\"EntryPoint\",\"urlTemplate\":\"https:\/\/www.ipsen.com\/germany\/?s={search_term_string}\"},\"query-input\":{\"@type\":\"PropertyValueSpecification\",\"valueRequired\":true,\"valueName\":\"search_term_string\"}}],\"inLanguage\":\"de-DE\"},{\"@type\":\"Organization\",\"@id\":\"https:\/\/www.ipsen.com\/germany\/#organization\",\"name\":\"Germany\",\"url\":\"https:\/\/www.ipsen.com\/germany\/\",\"logo\":{\"@type\":\"ImageObject\",\"inLanguage\":\"de-DE\",\"@id\":\"https:\/\/www.ipsen.com\/germany\/#\/schema\/logo\/image\/\",\"url\":\"https:\/\/www.ipsen.com\/germany\/wp-content\/uploads\/sites\/6\/2025\/06\/Latest_Ipsen-logo_168x48.svg\",\"contentUrl\":\"https:\/\/www.ipsen.com\/germany\/wp-content\/uploads\/sites\/6\/2025\/06\/Latest_Ipsen-logo_168x48.svg\",\"caption\":\"Germany\"},\"image\":{\"@id\":\"https:\/\/www.ipsen.com\/germany\/#\/schema\/logo\/image\/\"}}]}<\/script>\n<!-- \/ Yoast SEO plugin. -->","yoast_head_json":{"title":"Bestellungen | Ipsen","description":"Informationen zu Bestellungen bei Ipsen","robots":{"index":"index","follow":"follow","max-snippet":"max-snippet:-1","max-image-preview":"max-image-preview:large","max-video-preview":"max-video-preview:-1"},"canonical":"https:\/\/www.ipsen.com\/germany\/bestellungen\/","og_locale":"de_DE","og_type":"article","og_title":"Bestellungen | Ipsen","og_description":"Informationen zu Bestellungen bei Ipsen","og_url":"https:\/\/www.ipsen.com\/germany\/bestellungen\/","og_site_name":"Germany","article_modified_time":"2025-06-30T11:36:01+00:00","twitter_card":"summary_large_image","twitter_misc":{"Est. reading time":"2 minutes"},"schema":{"@context":"https:\/\/schema.org","@graph":[{"@type":"WebPage","@id":"https:\/\/www.ipsen.com\/germany\/bestellungen\/","url":"https:\/\/www.ipsen.com\/germany\/bestellungen\/","name":"Bestellungen | Ipsen","isPartOf":{"@id":"https:\/\/www.ipsen.com\/germany\/#website"},"datePublished":"2023-11-28T06:03:30+00:00","dateModified":"2025-06-30T11:36:01+00:00","description":"Informationen zu Bestellungen bei Ipsen","breadcrumb":{"@id":"https:\/\/www.ipsen.com\/germany\/bestellungen\/#breadcrumb"},"inLanguage":"de-DE","potentialAction":[{"@type":"ReadAction","target":["https:\/\/www.ipsen.com\/germany\/bestellungen\/"]}]},{"@type":"BreadcrumbList","@id":"https:\/\/www.ipsen.com\/germany\/bestellungen\/#breadcrumb","itemListElement":[{"@type":"ListItem","position":1,"name":"Home","item":"https:\/\/www.ipsen.com\/germany\/"},{"@type":"ListItem","position":2,"name":"Bestellungen"}]},{"@type":"WebSite","@id":"https:\/\/www.ipsen.com\/germany\/#website","url":"https:\/\/www.ipsen.com\/germany\/","name":"Germany","description":"","publisher":{"@id":"https:\/\/www.ipsen.com\/germany\/#organization"},"potentialAction":[{"@type":"SearchAction","target":{"@type":"EntryPoint","urlTemplate":"https:\/\/www.ipsen.com\/germany\/?s={search_term_string}"},"query-input":{"@type":"PropertyValueSpecification","valueRequired":true,"valueName":"search_term_string"}}],"inLanguage":"de-DE"},{"@type":"Organization","@id":"https:\/\/www.ipsen.com\/germany\/#organization","name":"Germany","url":"https:\/\/www.ipsen.com\/germany\/","logo":{"@type":"ImageObject","inLanguage":"de-DE","@id":"https:\/\/www.ipsen.com\/germany\/#\/schema\/logo\/image\/","url":"https:\/\/www.ipsen.com\/germany\/wp-content\/uploads\/sites\/6\/2025\/06\/Latest_Ipsen-logo_168x48.svg","contentUrl":"https:\/\/www.ipsen.com\/germany\/wp-content\/uploads\/sites\/6\/2025\/06\/Latest_Ipsen-logo_168x48.svg","caption":"Germany"},"image":{"@id":"https:\/\/www.ipsen.com\/germany\/#\/schema\/logo\/image\/"}}]}},"parsely":{"version":"1.1.0","canonical_url":"https:\/\/ipsen.com\/germany\/bestellungen\/","smart_links":{"inbound":0,"outbound":0},"traffic_boost_suggestions_count":0,"meta":{"@context":"https:\/\/schema.org","@type":"WebPage","headline":"Bestellungen","url":"http:\/\/www.ipsen.com\/germany\/bestellungen\/","mainEntityOfPage":{"@type":"WebPage","@id":"http:\/\/www.ipsen.com\/germany\/bestellungen\/"},"thumbnailUrl":"","image":{"@type":"ImageObject","url":""},"articleSection":"Allgemein","author":[{"@type":"Person","name":"navya"}],"creator":["navya"],"publisher":{"@type":"Organization","name":"Germany","logo":""},"keywords":[],"dateCreated":"2023-11-28T06:03:30Z","datePublished":"2023-11-28T06:03:30Z","dateModified":"2025-06-30T11:36:01Z"},"rendered":"<script type=\"application\/ld+json\" class=\"wp-parsely-metadata\">{\"@context\":\"https:\\\/\\\/schema.org\",\"@type\":\"WebPage\",\"headline\":\"Bestellungen\",\"url\":\"http:\\\/\\\/www.ipsen.com\\\/germany\\\/bestellungen\\\/\",\"mainEntityOfPage\":{\"@type\":\"WebPage\",\"@id\":\"http:\\\/\\\/www.ipsen.com\\\/germany\\\/bestellungen\\\/\"},\"thumbnailUrl\":\"\",\"image\":{\"@type\":\"ImageObject\",\"url\":\"\"},\"articleSection\":\"Allgemein\",\"author\":[{\"@type\":\"Person\",\"name\":\"navya\"}],\"creator\":[\"navya\"],\"publisher\":{\"@type\":\"Organization\",\"name\":\"Germany\",\"logo\":\"\"},\"keywords\":[],\"dateCreated\":\"2023-11-28T06:03:30Z\",\"datePublished\":\"2023-11-28T06:03:30Z\",\"dateModified\":\"2025-06-30T11:36:01Z\"}<\/script>","tracker_url":"https:\/\/cdn.parsely.com\/keys\/ipsen.com\/p.js"},"jetpack_sharing_enabled":true,"_links":{"self":[{"href":"https:\/\/www.ipsen.com\/germany\/wp-json\/wp\/v2\/pages\/114","targetHints":{"allow":["GET"]}}],"collection":[{"href":"https:\/\/www.ipsen.com\/germany\/wp-json\/wp\/v2\/pages"}],"about":[{"href":"https:\/\/www.ipsen.com\/germany\/wp-json\/wp\/v2\/types\/page"}],"author":[{"embeddable":true,"href":"https:\/\/www.ipsen.com\/germany\/wp-json\/wp\/v2\/users\/2"}],"replies":[{"embeddable":true,"href":"https:\/\/www.ipsen.com\/germany\/wp-json\/wp\/v2\/comments?post=114"}],"version-history":[{"count":13,"href":"https:\/\/www.ipsen.com\/germany\/wp-json\/wp\/v2\/pages\/114\/revisions"}],"predecessor-version":[{"id":2459,"href":"https:\/\/www.ipsen.com\/germany\/wp-json\/wp\/v2\/pages\/114\/revisions\/2459"}],"wp:attachment":[{"href":"https:\/\/www.ipsen.com\/germany\/wp-json\/wp\/v2\/media?parent=114"}],"curies":[{"name":"wp","href":"https:\/\/api.w.org\/{rel}","templated":true}]}}