{"id":859,"date":"2024-10-17T08:27:34","date_gmt":"2024-10-17T06:27:34","guid":{"rendered":"https:\/\/www.ipsen.com\/france\/?page_id=859"},"modified":"2025-07-04T10:08:38","modified_gmt":"2025-07-04T08:08:38","slug":"accessibilite-conformite-partielle","status":"publish","type":"page","link":"https:\/\/www.ipsen.com\/france\/accessibilite-conformite-partielle\/","title":{"rendered":"Accessibilit\u00e9 : conformit\u00e9 partielle"},"content":{"rendered":"    <section class=\"sub-page-banner \" style=\"background: linear-gradient(93.64deg, #224A81 2.99%, #2797D3 97.01%)\">\n        <div class=\"container content-sec\">\n            <nav aria-label=\"breadcrumb\">\n            <ol class=\"breadcrumb\">\n                <li class=\"breadcrumb-item\"><a href=\"https:\/\/www.ipsen.com\/france\">Accueil<\/a><\/li><li class=\"breadcrumb-item active\"><a class=\"link-pointer-events-none\" href=\"#\" aria-current=\"page\">Accessibilit\u00e9 : conformit\u00e9 partielle<\/a><\/li><\/ol>\n            <\/nav>            <h1 class=\"visible\">Accessibilit\u00e9 : conformit\u00e9 partielle<\/h1>\n            <p class=\"hidden\"><\/p>\n        <\/div>\n    <\/section>\n\n\n\n<div class=\"wp-block-group\"><div class=\"wp-block-group__inner-container is-layout-constrained wp-block-group-is-layout-constrained\">\n<div class=\"wp-block-columns is-layout-flex wp-container-core-columns-is-layout-9d6595d7 wp-block-columns-is-layout-flex\">\n<div class=\"wp-block-column is-layout-flow wp-block-column-is-layout-flow\">\n<h3 class=\"wp-block-heading\"><strong>D\u00e9claration d&#8217;accessibilit\u00e9 num\u00e9rique d&#8217;IPSEN<\/strong><\/h3>\n\n\n\n<p>Ipsen France s&#8217;engage \u00e0 rendre son site accessible conform\u00e9ment \u00e0 l&#8217;article 47 de la loi n\u00b0 2005-102 du 11 f\u00e9vrier 2005.<\/p>\n\n\n\n<p>A cette fin, elle met en \u0153uvre la strat\u00e9gie et les actions suivantes :<\/p>\n\n\n\n<ul class=\"wp-block-list\">\n<li>Suite \u00e0 l&#8217;audit d&#8217;accessibilit\u00e9 d&#8217;ipsen.com\/france r\u00e9alis\u00e9 en septembre 2024, Ipsen met en \u0153uvre un plan pluriannuel.<\/li>\n\n\n\n<li>Un audit de contr\u00f4le a \u00e9t\u00e9 r\u00e9alis\u00e9 en juin 2023.<\/li>\n<\/ul>\n\n\n\n<p>Cette d\u00e9claration d&#8217;accessibilit\u00e9 s&#8217;applique \u00e0 \u202f<strong><a href=\"https:\/\/www.ipsen.com\/france\">https:\/\/www.ipsen.com\/france<\/a><\/strong>.<\/p>\n\n\n\n<h3 class=\"wp-block-heading\"><strong>\u00c9tat de conformit\u00e9<\/strong><\/h3>\n\n\n\n<p><a href=\"https:\/\/www.ipsen.com\/france\"><strong>https:\/\/www.ipsen.com\/france<\/strong><\/a> est en conformit\u00e9 partielle avec le cadre g\u00e9n\u00e9ral d&#8217;am\u00e9lioration de l&#8217;accessibilit\u00e9 (RGAA), version 4.1.2, en raison des non-conformit\u00e9s \u00e9num\u00e9r\u00e9es ci-dessous.<\/p>\n\n\n\n<h3 class=\"wp-block-heading\"><strong>R\u00e9sultats de l&#8217;audit d&#8217;accessibilit\u00e9 d&#8217;Ipsen France<\/strong><\/h3>\n\n\n\n<p>L&#8217;audit de conformit\u00e9 r\u00e9alis\u00e9 par Cognizant sur 18 pages r\u00e9v\u00e8le que :<\/p>\n\n\n\n<ul class=\"wp-block-list\">\n<li>50% des crit\u00e8res du RGAA version 4.1.2 sont respect\u00e9s<\/li>\n\n\n\n<li>Le taux de conformit\u00e9 moyen du site est de 79%.<\/li>\n<\/ul>\n\n\n\n<p><a href=\"https:\/\/www.ipsen.com\/france\/wp-content\/uploads\/sites\/15\/2024\/10\/Accessibility-Audit-Report.pdf\" target=\"_blank\" rel=\"noreferrer noopener\"><strong>&gt; Rapport d&#8217;audit d&#8217;accessibilit\u00e9<\/strong><\/a><\/p>\n\n\n\n<h3 class=\"wp-block-heading\"><strong>Contenus inaccessibles<\/strong><\/h3>\n\n\n\n<p>Les contenus list\u00e9s ci-dessous ne sont pas accessibles pour les raisons suivantes :\u202f<\/p>\n\n\n\n<ul class=\"wp-block-list\">\n<li>1.2 Chaque image de d\u00e9coration est-elle correctement ignor\u00e9e par les technologies d&#8217;assistance ?<\/li>\n\n\n\n<li>1.3 Pour chaque image porteuse d&#8217;information avec une alternative textuelle, cette alternative est-elle pertinente (sauf cas particuliers) ?<\/li>\n\n\n\n<li>3.1 Sur chaque page web, l&#8217;information ne doit pas \u00eatre v\u00e9hicul\u00e9e uniquement par la couleur. Cette r\u00e8gle est-elle respect\u00e9e ?<\/li>\n\n\n\n<li>3.3 Sur chaque page web, les couleurs utilis\u00e9es dans les composants de l&#8217;interface ou les \u00e9l\u00e9ments graphiques porteurs d&#8217;information sont-elles suffisamment contrast\u00e9es (sauf cas particulier) ?<\/li>\n\n\n\n<li>6.1 Chaque lien est-il explicite (sauf cas particulier) ?<\/li>\n\n\n\n<li>7.1 Chaque script est-il, le cas \u00e9ch\u00e9ant, compatible avec les technologies d&#8217;assistance ?<\/li>\n\n\n\n<li>7.3 Chaque script est-il contr\u00f4lable par le clavier et par tout dispositif de pointage (sauf cas particuliers) ?<\/li>\n\n\n\n<li>7.4 Pour chaque script qui d\u00e9clenche un changement de contexte, l&#8217;utilisateur est-il inform\u00e9 ou a-t-il le contr\u00f4le ?<\/li>\n\n\n\n<li>7.5 Sur chaque page web, les messages d&#8217;\u00e9tat sont-ils correctement rendus par les technologies d&#8217;assistance ?<\/li>\n\n\n\n<li>8.2 Pour chaque page web, le code source g\u00e9n\u00e9r\u00e9 est-il valide selon le type de document sp\u00e9cifi\u00e9 ?<\/li>\n\n\n\n<li>9.1 Pour chaque page web, le code source g\u00e9n\u00e9r\u00e9 est-il valide selon le type de document sp\u00e9cifi\u00e9 ?<\/li>\n\n\n\n<li>10.4 Sur chaque page web, le texte reste-t-il lisible lorsque la taille de la police est port\u00e9e \u00e0 au moins 200 % (sauf cas particuliers) ?<\/li>\n\n\n\n<li>10.6. Sur chaque page web, tous les liens dont la nature n&#8217;est pas \u00e9vidente sont-ils visibles par rapport au texte environnant ?<\/li>\n\n\n\n<li>10.7 Sur chaque page web, pour chaque \u00e9l\u00e9ment qui re\u00e7oit le focus, la capture du focus est-elle visible ?<\/li>\n\n\n\n<li>10.11 Sur chaque page web, le contenu peut-il \u00eatre pr\u00e9sent\u00e9 sans recourir au d\u00e9filement vertical pour une fen\u00eatre d&#8217;une hauteur de 256 px ou au d\u00e9filement horizontal pour une fen\u00eatre d&#8217;une largeur de 320 px (sauf cas particuliers) ?<\/li>\n\n\n\n<li>11.9 Dans chaque formulaire, le titre de chaque bouton est-il pertinent (sauf cas particulier) ?<\/li>\n\n\n\n<li>12.6 Les zones de regroupement de contenu pr\u00e9sentes dans plusieurs pages web (en-t\u00eate, navigation principale, contenu principal, pied de page et zones de moteur de recherche) peuvent-elles \u00eatre r\u00e9alis\u00e9es ou \u00e9vit\u00e9es ?<\/li>\n\n\n\n<li>12.7 Sur chaque page web, existe-t-il un lien permettant de sauter la zone de contenu principal ou d&#8217;y acc\u00e9der rapidement (sauf dans des cas particuliers) ?<\/li>\n\n\n\n<li>12.8 Sur chaque page Web, l&#8217;ordre des onglets est-il coh\u00e9rent ?<\/li>\n\n\n\n<li>12.11 Sur chaque page web, le contenu suppl\u00e9mentaire apparaissant lors du survol, de la focalisation ou de l&#8217;activation d&#8217;un composant d&#8217;interface est-il accessible au clavier si n\u00e9cessaire ?<\/li>\n\n\n\n<li>13.8 Sur chaque page web, le contenu mobile ou clignotant est-il contr\u00f4lable par l&#8217;utilisateur ?<\/li>\n<\/ul>\n\n\n\n<h3 class=\"wp-block-heading\"><strong>\u00c9tablissement de la pr\u00e9sente d\u00e9claration d&#8217;accessibilit\u00e9<\/strong><\/h3>\n\n\n\n<p>La pr\u00e9sente d\u00e9claration a \u00e9t\u00e9 \u00e9tablie en octobre 2024.<\/p>\n\n\n\n<p>Technologies utilis\u00e9es pour cr\u00e9er le site institutionnel <a href=\"https:\/\/www.ipsen.com\/france\/\"><strong>ipsen.com\/france<\/strong><\/a>:<\/p>\n\n\n\n<ul class=\"wp-block-list\">\n<li>WordPress 6.6.2<\/li>\n\n\n\n<li>PHP 8.1<\/li>\n<\/ul>\n\n\n\n<h3 class=\"wp-block-heading\"><strong>Agents utilisateurs, technologies d&#8217;assistance et outils utilis\u00e9s pour v\u00e9rifier l&#8217;accessibilit\u00e9<\/strong><\/h3>\n\n\n\n<p>Les pages web ont \u00e9t\u00e9 test\u00e9es avec les combinaisons suivantes de navigateur web et de lecteur d&#8217;\u00e9cran :<\/p>\n\n\n\n<ul class=\"wp-block-list\">\n<li>NVDA Screen Reader version 2021.2 avec Chrome version 127.0.6533.73 et Firefox version 131.0<\/li>\n\n\n\n<li>JAWS Screen Reader version 2021.2111 avec Chrome version 127.0.6533.73<\/li>\n\n\n\n<li>VoiceOver (iPhone 14) et Safari version 18.0<\/li>\n\n\n\n<li>TalkBack (Android 11) et Chrome version 128.0.6613.146<\/li>\n\n\n\n<li>Color Contrast Analyzer version 3.1.1<\/li>\n<\/ul>\n\n\n\n<h3 class=\"wp-block-heading\"><strong>Pages du site ayant fait l&#8217;objet d&#8217;une v\u00e9rification de conformit\u00e9<\/strong><\/h3>\n\n\n\n<ul class=\"wp-block-list\">\n<li>Page 1 \u2013 Accueil : <a href=\"https:\/\/www.ipsen.com\/france\/\"><strong>https:\/\/www.ipsen.com\/france\/<\/strong><\/a><\/li>\n\n\n\n<li>Page 2 \u2013 A propos de nous : <a href=\"https:\/\/www.ipsen.com\/france\/a-propos-de-nous\/\"><strong>https:\/\/www.ipsen.com\/france\/a-propos-de-nous\/<\/strong><\/a><\/li>\n\n\n\n<li>Page 3 \u2013 Notre histoire : <a href=\"https:\/\/www.ipsen.com\/france\/a-propos-de-nous\/histoire\/\"><strong>https:\/\/www.ipsen.com\/france\/a-propos-de-nous\/histoire\/<\/strong><\/a><\/li>\n\n\n\n<li>Page 4 \u2013 Nos sites : <a href=\"https:\/\/www.ipsen.com\/france\/a-propos-de-nous\/nos-sites\/\"><strong>https:\/\/www.ipsen.com\/france\/a-propos-de-nous\/nos-sites\/<\/strong><\/a><\/li>\n\n\n\n<li>Page 5 \u2013 Nos aires th\u00e9rapeutiques :<strong> <a href=\"https:\/\/www.ipsen.com\/france\/a-propos-de-nous\/nos-aires-therapeutiques\/\">https:\/\/www.ipsen.com\/france\/a-propos-de-nous\/nos-aires-therapeutiques\/<\/a><\/strong><\/li>\n\n\n\n<li>Page 6 \u2013 Nos m\u00e9dicaments : <a href=\"https:\/\/www.ipsen.com\/france\/nos-medicaments\/\"><strong>https:\/\/www.ipsen.com\/france\/nos-medicaments\/<\/strong><\/a><\/li>\n\n\n\n<li>Page 7 \u2013 Pharmacovigilance : <a href=\"https:\/\/www.ipsen.com\/france\/nos-medicaments\/pharmacovigilance\/\"><strong>https:\/\/www.ipsen.com\/france\/nos-medicaments\/pharmacovigilance\/<\/strong><\/a><\/li>\n\n\n\n<li>Page 8 \u2013 Responsabilit\u00e9 : <a href=\"https:\/\/www.ipsen.com\/france\/responsabilite\/\"><strong>https:\/\/www.ipsen.com\/france\/responsabilite\/<\/strong><\/a><\/li>\n\n\n\n<li>Page 9 \u2013 Environnement : <a href=\"https:\/\/www.ipsen.com\/france\/responsabilite\/environnement\/\"><strong>https:\/\/www.ipsen.com\/france\/responsabilite\/environnement\/<\/strong><\/a><\/li>\n\n\n\n<li>Page 10 \u2013 Patients :<strong> <a href=\"https:\/\/www.ipsen.com\/france\/responsabilite\/patients\/\">https:\/\/www.ipsen.com\/france\/responsabilite\/patients\/<\/a><\/strong><\/li>\n\n\n\n<li>Page 11 \u2013 Collaborateurs : <a href=\"https:\/\/www.ipsen.com\/france\/responsabilite\/collaborateurs\/\"><strong>https:\/\/www.ipsen.com\/france\/responsabilite\/collaborateurs\/<\/strong><\/a><\/li>\n\n\n\n<li>Page 12 \u2013 Gouvernance : <a href=\"https:\/\/www.ipsen.com\/france\/responsabilite\/gouvernance\/\"><strong>https:\/\/www.ipsen.com\/france\/responsabilite\/gouvernance\/<\/strong><\/a><\/li>\n\n\n\n<li>Page 13 \u2013 Mentions d\u2019information : <a href=\"https:\/\/www.ipsen.com\/france\/mentions-dinformation\/\"><strong>https:\/\/www.ipsen.com\/france\/mentions-dinformation\/<\/strong><\/a><\/li>\n\n\n\n<li>Page 14 \u2013 Mentions l\u00e9gales : <a href=\"https:\/\/www.ipsen.com\/france\/mentions-legales\/\"><strong>https:\/\/www.ipsen.com\/france\/mentions-legales\/<\/strong><\/a><\/li>\n\n\n\n<li>Page 15 \u2013 Politique de confidentialit\u00e9 : <a href=\"https:\/\/www.ipsen.com\/france\/politique-de-confidentialite\/\"><strong>https:\/\/www.ipsen.com\/france\/politique-de-confidentialite\/<\/strong><\/a><\/li>\n\n\n\n<li>Page 16 \u2013 Politique des Cookies : <a href=\"https:\/\/www.ipsen.com\/france\/politique-des-cookies\/\"><strong>https:\/\/www.ipsen.com\/france\/politique-des-cookies\/<\/strong><\/a><\/li>\n\n\n\n<li>Page 17 \u2013 Conditions g\u00e9n\u00e9rales d\u2019utilisation : <a href=\"https:\/\/www.ipsen.com\/france\/conditions-generales-dutilisation\/\"><strong>https:\/\/www.ipsen.com\/france\/conditions-generales-dutilisation\/<\/strong><\/a><\/li>\n\n\n\n<li>Page 18 \u2013 Contactez-nous : <a href=\"https:\/\/www.ipsen.com\/france\/contactez-nous\/\"><strong>https:\/\/www.ipsen.com\/france\/contactez-nous\/<\/strong><\/a><\/li>\n<\/ul>\n\n\n\n<h3 class=\"wp-block-heading\"><strong>Commentaires et contact<\/strong><\/h3>\n\n\n\n<p>Si vous ne pouvez pas acc\u00e9der \u00e0 un contenu ou \u00e0 un service, vous pouvez contacter le gestionnaire du site ipsen.com\/france pour \u00eatre orient\u00e9 vers une alternative accessible ou pour obtenir le contenu dans un autre format. Vous pouvez envoyer un message au gestionnaire du site <a href=\"https:\/\/www.ipsen.com\/france\/\"><strong>ipsen.com\/france<\/strong><\/a> en \u00e9crivant \u00e0 l&#8217;adresse suivante : <a href=\"mailto:communication.france@ipsen.com\"><strong>communication.france@ipsen.com<\/strong><\/a><\/p>\n\n\n\n<h3 class=\"wp-block-heading\"><strong>Recours<\/strong><\/h3>\n\n\n\n<p>Cette proc\u00e9dure doit \u00eatre utilis\u00e9e dans le cas suivant :<\/p>\n\n\n\n<p>Vous avez signal\u00e9 au gestionnaire du site web un d\u00e9faut d&#8217;accessibilit\u00e9 qui vous emp\u00eache d&#8217;acc\u00e9der \u00e0 un contenu ou \u00e0 un service du portail et vous n&#8217;avez pas re\u00e7u de r\u00e9ponse satisfaisante :<\/p>\n\n\n\n<ul class=\"wp-block-list\">\n<li>\u00c9crire un message au D\u00e9fenseur des droits ( <a href=\"https:\/\/www.defenseurdesdroits.fr\/nous-contacter-355\" target=\"_blank\" rel=\"noreferrer noopener\"><strong>https:\/\/www.defenseurdesdroits.fr\/nous-contacter-355<\/strong><\/a> )<\/li>\n\n\n\n<li>Contacter le d\u00e9l\u00e9gu\u00e9 du D\u00e9fenseur des droits le plus proche de chez vous ( <a href=\"https:\/\/www.defenseurdesdroits.fr\/carte-des-delegues\" target=\"_blank\" rel=\"noreferrer noopener\"><strong>https:\/\/www.defenseurdesdroits.fr\/carte-des-delegues<\/strong><\/a> )<\/li>\n\n\n\n<li>Envoyer une lettre par courrier (gratuit, sans timbre).<br>D\u00e9fenseur des droits <br>R\u00e9ponse gratuite 71120 75342<br>Paris CEDEX 07<\/li>\n<\/ul>\n\n\n\n<h3 class=\"wp-block-heading\"><strong>Validit\u00e9 de la d\u00e9claration d&#8217;accessibilit\u00e9<\/strong><\/h3>\n\n\n\n<ul class=\"wp-block-list\">\n<li>\u00e0 la date de modification substantielle ou de refonte du site concern\u00e9 ;<\/li>\n\n\n\n<li>3 ans apr\u00e8s la date de publication de la d\u00e9claration, ou,<\/li>\n\n\n\n<li>18 mois apr\u00e8s la date de publication d&#8217;une nouvelle version du document de r\u00e9f\u00e9rence, pour les personnes qui appliquent la m\u00e9thode technique.<\/li>\n<\/ul>\n\n\n\n<p>Toutefois, il peut \u00eatre souhaitable de mettre \u00e0 jour la d\u00e9claration d&#8217;accessibilit\u00e9 plus r\u00e9guli\u00e8rement, y compris pour une m\u00eame version de la m\u00e9thode technique, afin de mettre en \u00e9vidence les efforts r\u00e9alis\u00e9s et d&#8217;actualiser le pourcentage de crit\u00e8res remplis.<\/p>\n\n\n\n<h3 class=\"wp-block-heading\"><strong>Plan d&#8217;accessibilit\u00e9 pluriannuel<\/strong><\/h3>\n\n\n\n<ul class=\"wp-block-list\">\n<li><a href=\"https:\/\/www.ipsen.com\/france\/wp-content\/uploads\/sites\/15\/2024\/10\/Multi-year-accessibility-plan.pdf\" target=\"_blank\" rel=\"noreferrer noopener\"><strong>Plan d&#8217;accessibilit\u00e9 pluriannuel<\/strong><\/a><\/li>\n<\/ul>\n<\/div>\n<\/div>\n<\/div><\/div>\n","protected":false},"excerpt":{"rendered":"","protected":false},"author":2,"featured_media":0,"parent":0,"menu_order":0,"comment_status":"closed","ping_status":"closed","template":"","meta":{"_acf_changed":false,"footnotes":""},"class_list":["post-859","page","type-page","status-publish","hentry","entry"],"acf":[],"yoast_head":"<!-- This site is optimized with the Yoast SEO plugin v26.8 - https:\/\/yoast.com\/product\/yoast-seo-wordpress\/ -->\n<title>Accessibilit\u00e9 : conformit\u00e9 partielle - France<\/title>\n<meta name=\"robots\" content=\"index, follow, max-snippet:-1, max-image-preview:large, max-video-preview:-1\" \/>\n<link rel=\"canonical\" href=\"https:\/\/www.ipsen.com\/france\/accessibilite-conformite-partielle\/\" \/>\n<meta property=\"og:locale\" content=\"fr_FR\" \/>\n<meta property=\"og:type\" content=\"article\" \/>\n<meta property=\"og:title\" content=\"Accessibilit\u00e9 : conformit\u00e9 partielle - France\" \/>\n<meta property=\"og:url\" content=\"https:\/\/www.ipsen.com\/france\/accessibilite-conformite-partielle\/\" \/>\n<meta property=\"og:site_name\" content=\"France\" \/>\n<meta property=\"article:modified_time\" content=\"2025-07-04T08:08:38+00:00\" \/>\n<meta name=\"twitter:card\" content=\"summary_large_image\" \/>\n<meta name=\"twitter:label1\" content=\"Est. reading time\" \/>\n\t<meta name=\"twitter:data1\" content=\"5 minutes\" \/>\n<script type=\"application\/ld+json\" class=\"yoast-schema-graph\">{\"@context\":\"https:\/\/schema.org\",\"@graph\":[{\"@type\":\"WebPage\",\"@id\":\"https:\/\/www.ipsen.com\/france\/accessibilite-conformite-partielle\/\",\"url\":\"https:\/\/www.ipsen.com\/france\/accessibilite-conformite-partielle\/\",\"name\":\"Accessibilit\u00e9 : conformit\u00e9 partielle - France\",\"isPartOf\":{\"@id\":\"https:\/\/www.ipsen.com\/france\/#website\"},\"datePublished\":\"2024-10-17T06:27:34+00:00\",\"dateModified\":\"2025-07-04T08:08:38+00:00\",\"breadcrumb\":{\"@id\":\"https:\/\/www.ipsen.com\/france\/accessibilite-conformite-partielle\/#breadcrumb\"},\"inLanguage\":\"fr-FR\",\"potentialAction\":[{\"@type\":\"ReadAction\",\"target\":[\"https:\/\/www.ipsen.com\/france\/accessibilite-conformite-partielle\/\"]}]},{\"@type\":\"BreadcrumbList\",\"@id\":\"https:\/\/www.ipsen.com\/france\/accessibilite-conformite-partielle\/#breadcrumb\",\"itemListElement\":[{\"@type\":\"ListItem\",\"position\":1,\"name\":\"Home\",\"item\":\"https:\/\/www.ipsen.com\/france\/\"},{\"@type\":\"ListItem\",\"position\":2,\"name\":\"Accessibilit\u00e9 : conformit\u00e9 partielle\"}]},{\"@type\":\"WebSite\",\"@id\":\"https:\/\/www.ipsen.com\/france\/#website\",\"url\":\"https:\/\/www.ipsen.com\/france\/\",\"name\":\"France\",\"description\":\"\",\"publisher\":{\"@id\":\"https:\/\/www.ipsen.com\/france\/#organization\"},\"potentialAction\":[{\"@type\":\"SearchAction\",\"target\":{\"@type\":\"EntryPoint\",\"urlTemplate\":\"https:\/\/www.ipsen.com\/france\/?s={search_term_string}\"},\"query-input\":{\"@type\":\"PropertyValueSpecification\",\"valueRequired\":true,\"valueName\":\"search_term_string\"}}],\"inLanguage\":\"fr-FR\"},{\"@type\":\"Organization\",\"@id\":\"https:\/\/www.ipsen.com\/france\/#organization\",\"name\":\"France\",\"url\":\"https:\/\/www.ipsen.com\/france\/\",\"logo\":{\"@type\":\"ImageObject\",\"inLanguage\":\"fr-FR\",\"@id\":\"https:\/\/www.ipsen.com\/france\/#\/schema\/logo\/image\/\",\"url\":\"https:\/\/www.ipsen.com\/france\/wp-content\/uploads\/sites\/15\/2024\/03\/Logo-Ipsen.svg\",\"contentUrl\":\"https:\/\/www.ipsen.com\/france\/wp-content\/uploads\/sites\/15\/2024\/03\/Logo-Ipsen.svg\",\"caption\":\"France\"},\"image\":{\"@id\":\"https:\/\/www.ipsen.com\/france\/#\/schema\/logo\/image\/\"}}]}<\/script>\n<!-- \/ Yoast SEO plugin. -->","yoast_head_json":{"title":"Accessibilit\u00e9 : conformit\u00e9 partielle - France","robots":{"index":"index","follow":"follow","max-snippet":"max-snippet:-1","max-image-preview":"max-image-preview:large","max-video-preview":"max-video-preview:-1"},"canonical":"https:\/\/www.ipsen.com\/france\/accessibilite-conformite-partielle\/","og_locale":"fr_FR","og_type":"article","og_title":"Accessibilit\u00e9 : conformit\u00e9 partielle - France","og_url":"https:\/\/www.ipsen.com\/france\/accessibilite-conformite-partielle\/","og_site_name":"France","article_modified_time":"2025-07-04T08:08:38+00:00","twitter_card":"summary_large_image","twitter_misc":{"Est. reading time":"5 minutes"},"schema":{"@context":"https:\/\/schema.org","@graph":[{"@type":"WebPage","@id":"https:\/\/www.ipsen.com\/france\/accessibilite-conformite-partielle\/","url":"https:\/\/www.ipsen.com\/france\/accessibilite-conformite-partielle\/","name":"Accessibilit\u00e9 : conformit\u00e9 partielle - France","isPartOf":{"@id":"https:\/\/www.ipsen.com\/france\/#website"},"datePublished":"2024-10-17T06:27:34+00:00","dateModified":"2025-07-04T08:08:38+00:00","breadcrumb":{"@id":"https:\/\/www.ipsen.com\/france\/accessibilite-conformite-partielle\/#breadcrumb"},"inLanguage":"fr-FR","potentialAction":[{"@type":"ReadAction","target":["https:\/\/www.ipsen.com\/france\/accessibilite-conformite-partielle\/"]}]},{"@type":"BreadcrumbList","@id":"https:\/\/www.ipsen.com\/france\/accessibilite-conformite-partielle\/#breadcrumb","itemListElement":[{"@type":"ListItem","position":1,"name":"Home","item":"https:\/\/www.ipsen.com\/france\/"},{"@type":"ListItem","position":2,"name":"Accessibilit\u00e9 : conformit\u00e9 partielle"}]},{"@type":"WebSite","@id":"https:\/\/www.ipsen.com\/france\/#website","url":"https:\/\/www.ipsen.com\/france\/","name":"France","description":"","publisher":{"@id":"https:\/\/www.ipsen.com\/france\/#organization"},"potentialAction":[{"@type":"SearchAction","target":{"@type":"EntryPoint","urlTemplate":"https:\/\/www.ipsen.com\/france\/?s={search_term_string}"},"query-input":{"@type":"PropertyValueSpecification","valueRequired":true,"valueName":"search_term_string"}}],"inLanguage":"fr-FR"},{"@type":"Organization","@id":"https:\/\/www.ipsen.com\/france\/#organization","name":"France","url":"https:\/\/www.ipsen.com\/france\/","logo":{"@type":"ImageObject","inLanguage":"fr-FR","@id":"https:\/\/www.ipsen.com\/france\/#\/schema\/logo\/image\/","url":"https:\/\/www.ipsen.com\/france\/wp-content\/uploads\/sites\/15\/2024\/03\/Logo-Ipsen.svg","contentUrl":"https:\/\/www.ipsen.com\/france\/wp-content\/uploads\/sites\/15\/2024\/03\/Logo-Ipsen.svg","caption":"France"},"image":{"@id":"https:\/\/www.ipsen.com\/france\/#\/schema\/logo\/image\/"}}]}},"parsely":{"version":"1.1.0","canonical_url":"https:\/\/ipsen.com\/france\/accessibilite-conformite-partielle\/","smart_links":{"inbound":0,"outbound":0},"traffic_boost_suggestions_count":0,"meta":{"@context":"https:\/\/schema.org","@type":"WebPage","headline":"Accessibilit\u00e9 : conformit\u00e9 partielle","url":"http:\/\/www.ipsen.com\/france\/accessibilite-conformite-partielle\/","mainEntityOfPage":{"@type":"WebPage","@id":"http:\/\/www.ipsen.com\/france\/accessibilite-conformite-partielle\/"},"thumbnailUrl":"","image":{"@type":"ImageObject","url":""},"articleSection":"Non classifi\u00e9(e)","author":[{"@type":"Person","name":"navya"}],"creator":["navya"],"publisher":{"@type":"Organization","name":"France","logo":""},"keywords":[],"dateCreated":"2024-10-17T06:27:34Z","datePublished":"2024-10-17T06:27:34Z","dateModified":"2025-07-04T08:08:38Z"},"rendered":"<script type=\"application\/ld+json\" class=\"wp-parsely-metadata\">{\"@context\":\"https:\\\/\\\/schema.org\",\"@type\":\"WebPage\",\"headline\":\"Accessibilit\\u00e9 : conformit\\u00e9 partielle\",\"url\":\"http:\\\/\\\/www.ipsen.com\\\/france\\\/accessibilite-conformite-partielle\\\/\",\"mainEntityOfPage\":{\"@type\":\"WebPage\",\"@id\":\"http:\\\/\\\/www.ipsen.com\\\/france\\\/accessibilite-conformite-partielle\\\/\"},\"thumbnailUrl\":\"\",\"image\":{\"@type\":\"ImageObject\",\"url\":\"\"},\"articleSection\":\"Non classifi\\u00e9(e)\",\"author\":[{\"@type\":\"Person\",\"name\":\"navya\"}],\"creator\":[\"navya\"],\"publisher\":{\"@type\":\"Organization\",\"name\":\"France\",\"logo\":\"\"},\"keywords\":[],\"dateCreated\":\"2024-10-17T06:27:34Z\",\"datePublished\":\"2024-10-17T06:27:34Z\",\"dateModified\":\"2025-07-04T08:08:38Z\"}<\/script>","tracker_url":"https:\/\/cdn.parsely.com\/keys\/ipsen.com\/p.js"},"jetpack_sharing_enabled":true,"_links":{"self":[{"href":"https:\/\/www.ipsen.com\/france\/wp-json\/wp\/v2\/pages\/859","targetHints":{"allow":["GET"]}}],"collection":[{"href":"https:\/\/www.ipsen.com\/france\/wp-json\/wp\/v2\/pages"}],"about":[{"href":"https:\/\/www.ipsen.com\/france\/wp-json\/wp\/v2\/types\/page"}],"author":[{"embeddable":true,"href":"https:\/\/www.ipsen.com\/france\/wp-json\/wp\/v2\/users\/2"}],"replies":[{"embeddable":true,"href":"https:\/\/www.ipsen.com\/france\/wp-json\/wp\/v2\/comments?post=859"}],"version-history":[{"count":16,"href":"https:\/\/www.ipsen.com\/france\/wp-json\/wp\/v2\/pages\/859\/revisions"}],"predecessor-version":[{"id":1607,"href":"https:\/\/www.ipsen.com\/france\/wp-json\/wp\/v2\/pages\/859\/revisions\/1607"}],"wp:attachment":[{"href":"https:\/\/www.ipsen.com\/france\/wp-json\/wp\/v2\/media?parent=859"}],"curies":[{"name":"wp","href":"https:\/\/api.w.org\/{rel}","templated":true}]}}