{"id":461,"date":"2024-04-17T07:12:34","date_gmt":"2024-04-17T05:12:34","guid":{"rendered":"https:\/\/www.ipsen.com\/frn\/?page_id=461"},"modified":"2025-06-05T11:12:15","modified_gmt":"2025-06-05T09:12:15","slug":"activite-dinformation-promotionnelle-par-demarchage-ou-prospection","status":"publish","type":"page","link":"https:\/\/www.ipsen.com\/france\/mentions-dinformation\/activite-dinformation-promotionnelle-par-demarchage-ou-prospection\/","title":{"rendered":"Activit\u00e9 d\u2019information promotionnelle par d\u00e9marchage ou prospection"},"content":{"rendered":"    <section class=\"sub-page-banner \" style=\"background: linear-gradient(93.64deg, #224A81 2.99%, #2797D3 97.01%)\">\n        <div class=\"container content-sec\">\n            <nav aria-label=\"breadcrumb\">\n            <ol class=\"breadcrumb\">\n                <li class=\"breadcrumb-item\"><a href=\"https:\/\/www.ipsen.com\/france\">Accueil<\/a><\/li><li class=\"breadcrumb-item visible\"><a href=\"https:\/\/www.ipsen.com\/france\/mentions-dinformation\/\">Mentions d&#8217;information<\/a><\/li><li class=\"breadcrumb-item active\"><a class=\"link-pointer-events-none\" href=\"#\" aria-current=\"page\">Activit\u00e9 d\u2019information promotionnelle par d\u00e9marchage ou prospection<\/a><\/li><\/ol>\n            <\/nav>            <h1 class=\"visible\">Activit\u00e9 d\u2019information promotionnelle par d\u00e9marchage ou prospection<\/h1>\n            <p class=\"hidden\"><\/p>\n        <\/div>\n    <\/section>\n\n\n\n<div class=\"wp-block-columns is-layout-flex wp-container-core-columns-is-layout-9d6595d7 wp-block-columns-is-layout-flex\">\n<div class=\"wp-block-column is-layout-flow wp-block-column-is-layout-flow\">\n<p><strong>Finalit\u00e9s<\/strong><\/p>\n\n\n\n<p>Vos donn\u00e9es personnelles font l\u2019objet d\u2019un traitement par IPSEN Pharma SAS ayant pour finalit\u00e9s :<\/p>\n\n\n\n<ul class=\"wp-block-list\">\n<li>la prospection, la promotion et la gestion des relations et \u00e9changes promotionnels et scientifiques ou \u00e0 caract\u00e8re m\u00e9dical entre IPSEN Pharma SAS et vous en fonction de vos centres d\u2019int\u00e9r\u00eats (y compris un profilage), les op\u00e9rations de communication \u00e0 caract\u00e8re promotionnel, institutionnel, m\u00e9dical ou scientifique, les invitations \u00e0 des manifestations et les propositions de participation \u00e0 des enqu\u00eates ou \u00e9tudes de march\u00e9 (par email, courrier ou t\u00e9l\u00e9phone), la gestion de vos remarques ou observations relatives \u00e0 la qualit\u00e9 de l\u2019information d\u00e9livr\u00e9e par IPSEN Pharma SAS, la gestion des demandes d\u2019intervention d\u2019un RMR<\/li>\n\n\n\n<li>la planification, la gestion, le suivi, la tra\u00e7abilit\u00e9 et l\u2019am\u00e9lioration continue de l\u2019activit\u00e9 de prospection et d\u2019information promotionnelle, dans le respect de la <strong><a href=\"https:\/\/www.has-sante.fr\/jcms\/c_1099663\/fr\/certification-de-l-activite-d-information-promotionnelle\" target=\"_blank\" rel=\"noreferrer noopener\">Charte et du R\u00e9f\u00e9rentiel de certification de l\u2019activit\u00e9 d\u2019information promotionnelle \u00e9tabli par la Haute Autorit\u00e9 de Sant\u00e9 (HAS)<\/a><\/strong>.<\/li>\n<\/ul>\n\n\n\n<p><strong>Base l\u00e9gale<\/strong><\/p>\n\n\n\n<p>Le traitement est fond\u00e9 (a) sur les int\u00e9r\u00eats l\u00e9gitimes (\u00e9conomiques, en termes d\u2019organisation et de d\u00e9veloppement de l\u2019activit\u00e9 et de qualit\u00e9 de l\u2019information promotionnelle) poursuivis par IPSEN Pharma SAS ou (b) est n\u00e9cessaire au respect d\u2019une obligation l\u00e9gale \u00e0 laquelle IPSEN Pharma SAS est soumis (article L. 162-17-4 du code de la s\u00e9curit\u00e9 sociale, <strong><a href=\"https:\/\/www.has-sante.fr\/jcms\/c_1099663\/fr\/certification-de-l-activite-d-information-promotionnelle\" target=\"_blank\" rel=\"noreferrer noopener\">Charte et R\u00e9f\u00e9rentiel de certification de l\u2019information promotionnelle)<\/a><\/strong>.<\/p>\n\n\n\n<p>Les int\u00e9r\u00eats l\u00e9gitimes poursuivis par IPSEN Pharma SAS sont mis en balance avec vos int\u00e9r\u00eats, libert\u00e9s et droits fondamentaux qui exigent une protection de vos donn\u00e9es personnelles. Les int\u00e9r\u00eats d\u2019IPSEN Pharma SAS ne peuvent pr\u00e9valoir par rapport aux v\u00f4tres.<\/p>\n\n\n\n<p>Vous pouvez demander des pr\u00e9cisions relatives \u00e0 la mise en balance entre les int\u00e9r\u00eats l\u00e9gitimes poursuivis par IPSEN Pharma SAS et les v\u00f4tres.<\/p>\n\n\n\n<p><strong>Source des donn\u00e9es<\/strong><\/p>\n\n\n\n<p>Vos donn\u00e9es (identit\u00e9, code d\u2019identification OneKey et num\u00e9ro RPPS, parcours et environnement professionnels, coordonn\u00e9es professionnelles, centres d\u2019int\u00e9r\u00eat, modalit\u00e9s de visite) peuvent \u00eatre collect\u00e9es directement aupr\u00e8s de vous (lorsque nous sommes en contact direct avec vous), aupr\u00e8s d\u2019<strong><a href=\"https:\/\/www.iqvia.com\/\" target=\"_blank\" rel=\"noreferrer noopener\">IQVIA<\/a><\/strong> (prestataire sp\u00e9cialis\u00e9 \u00e0 cet effet et fournissant la base \u00ab OneKey \u00bb) ou \u00e0 partir de sources accessibles au public telles que le r\u00e9pertoire partag\u00e9 des professionnels de sant\u00e9 (RPPS), le r\u00e9pertoire <strong><a href=\"https:\/\/www.paca.ars.sante.fr\/adeli-enregistrement-des-professionnels-de-sante\" target=\"_blank\" rel=\"noreferrer noopener\">ADELI<\/a><\/strong>, l\u2019annuaire sant\u00e9 et les sites internet publics des \u00e9tablissements de sant\u00e9.<\/p>\n\n\n\n<p>Une information d\u00e9taill\u00e9e relative au traitement de vos donn\u00e9es par <strong><a href=\"https:\/\/www.iqvia.com\/\" target=\"_blank\" rel=\"noreferrer noopener\">IQVIA<\/a><\/strong> est disponible <strong><a href=\"https:\/\/www.iqvia.com\/-\/media\/iqvia\/pdfs\/data-protection-notice\/onekeyfrancefr.pdf\" target=\"_blank\" rel=\"noreferrer noopener\">ici<\/a><\/strong>.<\/p>\n\n\n\n<p><strong>Dur\u00e9es de conservation<\/strong><\/p>\n\n\n\n<p>Vos donn\u00e9es \u2013 identit\u00e9, donn\u00e9es d\u2019identification, parcours et environnement, coordonn\u00e9es, int\u00e9r\u00eats \u2013 sont conserv\u00e9es pendant la p\u00e9riode pendant laquelle vous exercez votre activit\u00e9 professionnelle.<\/p>\n\n\n\n<p>Les donn\u00e9es relatives \u00e0 la planification et l\u2019historique des interactions entre IPSEN Pharma SAS et vous sont conserv\u00e9es pendant une dur\u00e9e de trois ans suivant le dernier contact avec notre laboratoire puis archiv\u00e9es pendant une dur\u00e9e de dix ans.<\/p>\n\n\n\n<p><strong>Destinataires et transferts hors UE<\/strong><\/p>\n\n\n\n<p>Vos donn\u00e9es sont accessibles aux d\u00e9partements concern\u00e9s d\u2019IPSEN Pharma SAS, aux autres entit\u00e9s du Groupe IPSEN (bas\u00e9es en France), aux prestataires agissant pour son compte dans le cadre de l\u2019activit\u00e9 d\u2019information promotionnelle dans les DROM-COM et pour la r\u00e9alisation d\u2019enqu\u00eates, \u00e0 <strong><a href=\"https:\/\/www.veeva.com\/\" target=\"_blank\" rel=\"noreferrer noopener\">Veeva Systems Inc.<\/a><\/strong> (fournisseur du l\u2019outil de gestion de la relation clients), \u00e0 <strong><a href=\"https:\/\/www.iqvia.com\/\" target=\"_blank\" rel=\"noreferrer noopener\">IQVIA<\/a><\/strong> (pour am\u00e9liorer la qualit\u00e9 de la base OneKey) et le cas \u00e9ch\u00e9ant, \u00e0 l\u2019\u00e9tablissement de sant\u00e9 au sein duquel vous exercez votre activit\u00e9, si ce dernier en fait la demande ou si cette disposition est pr\u00e9vue dans les r\u00e8gles de visite impos\u00e9es par la Direction de votre \u00e9tablissement. Vos donn\u00e9es peuvent \u00e9galement \u00eatre transmises \u00e0 l\u2019Observatoire national de l\u2019information promotionnelle (<strong><a href=\"https:\/\/www.leem.org\/charte-de-linformation-promotionnelle\" target=\"_blank\" rel=\"noreferrer noopener\">ONIP<\/a><\/strong>), charg\u00e9 de mesurer la qualit\u00e9 des pratiques de promotion en France.<\/p>\n\n\n\n<p><strong>Vos donn\u00e9es au format \u00e9lectronique sont h\u00e9berg\u00e9es sur les serveurs informatiques d\u2019IPSEN situ\u00e9s au sein de l\u2019Union Europ\u00e9enne.<\/strong><\/p>\n\n\n\n<p><strong>Caract\u00e8re r\u00e9glementaire ou contractuel de la fourniture des donn\u00e9es et cons\u00e9quences \u00e0 votre \u00e9gard de la non-fourniture de vos donn\u00e9es<\/strong><\/p>\n\n\n\n<p>En tant que prospect et pour les finalit\u00e9s d\u00e9crites au point (a) ci-dessus, le traitement de vos donn\u00e9es ne rev\u00eat aucun caract\u00e8re r\u00e9glementaire ou contractuel et la non-fourniture de vos donn\u00e9es n\u2019a aucune cons\u00e9quence \u00e0 votre \u00e9gard.<\/p>\n\n\n\n<p>Dans le cadre d\u2019une relation \u00e9tablie entre IPSEN Pharma SAS et vous (par ex. un rendez-vous avec un d\u00e9l\u00e9gu\u00e9) et pour les finalit\u00e9s d\u00e9crites au point (b) ci-dessus, le traitement de vos donn\u00e9es a un caract\u00e8re r\u00e9glementaire (tel qu\u2019impos\u00e9 par la HAS) et la non-fourniture de vos donn\u00e9es peut emp\u00eacher le maintien des relations entre IPSEN Pharma SAS et vous.<\/p>\n\n\n\n<p>Dans tous les cas, le profilage mis en place par IPSEN Pharma SAS a pour objectif principal de rationaliser l\u2019activit\u00e9 d\u2019information promotionnelle et n\u2019a pas de cons\u00e9quences individuelles significatives \u00e0 votre \u00e9gard. Aucune d\u00e9cision automatis\u00e9e vous concernant n\u2019est prise par IPSEN Pharma SAS.<\/p>\n\n\n\n<p><strong>CARACT\u00c8RE R\u00c9GLEMENTAIRE OU CONTRACTUEL<\/strong><\/p>\n\n\n\n<p><strong>Vos droits<\/strong><\/p>\n\n\n\n<p>Vous disposez d\u2019un droit d\u2019acc\u00e8s, de rectification et d\u2019effacement de vos donn\u00e9es, ainsi que d\u2019un droit \u00e0 la limitation du traitement.<\/p>\n\n\n\n<p>Vous pouvez librement accepter ou refuser les interactions avec IPSEN Pharma SAS dans le cadre de la prospection et du d\u00e9marchage (par exemple vous pouvez refuser les visites effectu\u00e9es par des d\u00e9l\u00e9gu\u00e9s d\u2019IPSEN Pharma SAS).<\/p>\n\n\n\n<p>En particulier, vous pouvez vous opposer au profilage ou demander \u00e0 \u00eatre retir\u00e9 de notre base \u00ab prospects \u00bb et\/ou de la base \u00ab OneKey \u00bb g\u00e9r\u00e9e par <strong><a href=\"https:\/\/www.iqvia.com\/\" target=\"_blank\" rel=\"noreferrer noopener\">IQVIA<\/a><\/strong>, sans avoir \u00e0 vous justifier. De m\u00eame, vous pouvez vous opposer, \u00e0 tout moment et sans avoir \u00e0 vous justifier, \u00e0 \u00eatre destinataire de nos campagnes de communication.<\/p>\n\n\n\n<p>Toutefois, lorsque vous acceptez d\u2019interagir avec IPSEN Pharma SAS, les traitements qui rel\u00e8vent d\u2019une obligation l\u00e9gale d\u2019IPSEN Pharma SAS conform\u00e9ment \u00e0 la Charte et au R\u00e9f\u00e9rentiel de certification promotionnelle (par ex. la planification et la tra\u00e7abilit\u00e9 des interactions entre IPSEN Pharma SAS et vous) ne peuvent pas faire l\u2019objet d\u2019une demande d\u2019effacement ou d\u2019opposition.<\/p>\n\n\n\n<p>Vous pouvez exercer vos droits aux coordonn\u00e9es suivantes : DPO d\u2019IPSEN, <strong><a href=\"mailto:dataprivacy@ipsen.com\">dataprivacy@ipsen.com<\/a><\/strong> ou 70 rue Balard, 75015, Paris, France.<\/p>\n\n\n\n<p>Vous pouvez, \u00e0 tout moment, introduire une r\u00e9clamation aupr\u00e8s d\u2019une autorit\u00e9 de contr\u00f4le en particulier dans l\u2019\u00c9tat membre dans lequel se trouve votre r\u00e9sidence habituelle, votre lieu de travail ou le lieu o\u00f9 vous estimez qu\u2019une violation de la r\u00e9glementation aurait \u00e9t\u00e9 commise (par exemple, <strong><a href=\"https:\/\/www.cnil.fr\/fr\" target=\"_blank\" rel=\"noreferrer noopener\">la CNIL<\/a><\/strong>).<\/p>\n\n\n\n<p><strong>Contact<\/strong><\/p>\n\n\n\n<p>Pour toute question ou information compl\u00e9mentaire, vous pouvez nous contacter aux coordonn\u00e9es suivantes :<\/p>\n\n\n\n<p><strong>IPSEN Pharma SAS (responsable de traitement)<\/strong><\/p>\n\n\n\n<p>Adresse : 70 rue Balard, 75015, Paris, France<\/p>\n\n\n\n<p>T\u00e9l\u00e9phone : 01 58 33 50 00<\/p>\n\n\n\n<p><strong>D\u00e9l\u00e9gu\u00e9 \u00e0 la protection des donn\u00e9es<\/strong><\/p>\n\n\n\n<p>Adresse : 70 rue Balard, 75015, Paris, France<\/p>\n\n\n\n<p>Email: <strong><a href=\"mailto:dataprivacy@ipsen.com\">dataprivacy@ipsen.com<\/a><\/strong><\/p>\n<\/div>\n<\/div>\n\n\n\n<!--Alert Card Layout Start Here-->\n<section class=\"alertcard-section\">\n      <div class=\"container\">\n        <!--Alert Box HTML Start Here-->\n        <div class=\"alert-box general-box\">\n                    <div class=\"info-icon\">\n              <span class=\"info-circle\"><img decoding=\"async\" src=\"https:\/\/www.ipsen.com\/france\/wp-content\/themes\/ipsen-main\/dist\/images\/alert-info-icon.png\" alt=\"Alert\"\/><\/i>\n            <\/div>\n                    <div class=\"info-contents\">\n          <h4 role=\"heading\" aria-level=\"2\" class=\"info-head heading-four heading-four\"><\/h4>\n            <p class=\"info-sub-head-para hidden heading-para\"><\/p>\n            <div class=\"alert-content visible\"><p>Derni\u00e8re mise \u00e0 jour avril 2025<\/p>\n<\/div>\n          <\/div>\n        <\/div>\n        <!--Alert Box HTML Start Here-->\n      <\/div>\n    <\/section>\n<!--Alert Card Layout End Here-->\n\n\n\n<!--Alert Card Layout Start Here-->\n<section class=\"alertcard-section\">\n      <div class=\"container\">\n        <!--Alert Box HTML Start Here-->\n        <div class=\"alert-box info-box\">\n                    <div class=\"info-icon\">\n              <span class=\"info-circle\"><img decoding=\"async\" src=\"https:\/\/www.ipsen.com\/france\/wp-content\/themes\/ipsen-main\/dist\/images\/alert-general-icon.png\" alt=\"Alert\"\/><\/i>\n            <\/div>\n                    <div class=\"info-contents\">\n          <h4 role=\"heading\" aria-level=\"2\" class=\"info-head heading-four heading-four\"><\/h4>\n            <p class=\"info-sub-head-para hidden heading-para\"><\/p>\n            <div class=\"alert-content visible\"><p>ALLSC-FR-001353 v2.0 &#8211; avril 2025<\/p>\n<\/div>\n          <\/div>\n        <\/div>\n        <!--Alert Box HTML Start Here-->\n      <\/div>\n    <\/section>\n<!--Alert Card Layout End Here-->\n","protected":false},"excerpt":{"rendered":"","protected":false},"author":2,"featured_media":0,"parent":52,"menu_order":0,"comment_status":"closed","ping_status":"closed","template":"","meta":{"_acf_changed":false,"footnotes":""},"class_list":["post-461","page","type-page","status-publish","hentry","entry"],"acf":[],"yoast_head":"<!-- This site is optimized with the Yoast SEO plugin v26.8 - https:\/\/yoast.com\/product\/yoast-seo-wordpress\/ -->\n<title>Activit\u00e9 d\u2019information promotionnelle par d\u00e9marchage ou prospection<\/title>\n<meta name=\"description\" content=\"Activit\u00e9 d\u2019information promotionnelle par d\u00e9marchage ou prospection.\" \/>\n<meta name=\"robots\" content=\"index, follow, max-snippet:-1, max-image-preview:large, max-video-preview:-1\" \/>\n<link rel=\"canonical\" href=\"https:\/\/www.ipsen.com\/france\/mentions-dinformation\/activite-dinformation-promotionnelle-par-demarchage-ou-prospection\/\" \/>\n<meta property=\"og:locale\" content=\"fr_FR\" \/>\n<meta property=\"og:type\" content=\"article\" \/>\n<meta property=\"og:title\" content=\"Activit\u00e9 d\u2019information promotionnelle par d\u00e9marchage ou prospection\" \/>\n<meta property=\"og:description\" content=\"Activit\u00e9 d\u2019information promotionnelle par d\u00e9marchage ou prospection.\" \/>\n<meta property=\"og:url\" content=\"https:\/\/www.ipsen.com\/france\/mentions-dinformation\/activite-dinformation-promotionnelle-par-demarchage-ou-prospection\/\" \/>\n<meta property=\"og:site_name\" content=\"France\" \/>\n<meta property=\"article:modified_time\" content=\"2025-06-05T09:12:15+00:00\" \/>\n<meta name=\"twitter:card\" content=\"summary_large_image\" \/>\n<meta name=\"twitter:label1\" content=\"Est. reading time\" \/>\n\t<meta name=\"twitter:data1\" content=\"6 minutes\" \/>\n<script type=\"application\/ld+json\" class=\"yoast-schema-graph\">{\"@context\":\"https:\/\/schema.org\",\"@graph\":[{\"@type\":\"WebPage\",\"@id\":\"https:\/\/www.ipsen.com\/france\/mentions-dinformation\/activite-dinformation-promotionnelle-par-demarchage-ou-prospection\/\",\"url\":\"https:\/\/www.ipsen.com\/france\/mentions-dinformation\/activite-dinformation-promotionnelle-par-demarchage-ou-prospection\/\",\"name\":\"Activit\u00e9 d\u2019information promotionnelle par d\u00e9marchage ou prospection\",\"isPartOf\":{\"@id\":\"https:\/\/www.ipsen.com\/france\/#website\"},\"datePublished\":\"2024-04-17T05:12:34+00:00\",\"dateModified\":\"2025-06-05T09:12:15+00:00\",\"description\":\"Activit\u00e9 d\u2019information promotionnelle par d\u00e9marchage ou prospection.\",\"breadcrumb\":{\"@id\":\"https:\/\/www.ipsen.com\/france\/mentions-dinformation\/activite-dinformation-promotionnelle-par-demarchage-ou-prospection\/#breadcrumb\"},\"inLanguage\":\"fr-FR\",\"potentialAction\":[{\"@type\":\"ReadAction\",\"target\":[\"https:\/\/www.ipsen.com\/france\/mentions-dinformation\/activite-dinformation-promotionnelle-par-demarchage-ou-prospection\/\"]}]},{\"@type\":\"BreadcrumbList\",\"@id\":\"https:\/\/www.ipsen.com\/france\/mentions-dinformation\/activite-dinformation-promotionnelle-par-demarchage-ou-prospection\/#breadcrumb\",\"itemListElement\":[{\"@type\":\"ListItem\",\"position\":1,\"name\":\"Home\",\"item\":\"https:\/\/www.ipsen.com\/france\/\"},{\"@type\":\"ListItem\",\"position\":2,\"name\":\"Mentions d&#8217;information\",\"item\":\"https:\/\/www.ipsen.com\/france\/mentions-dinformation\/\"},{\"@type\":\"ListItem\",\"position\":3,\"name\":\"Activit\u00e9 d\u2019information promotionnelle par d\u00e9marchage ou prospection\"}]},{\"@type\":\"WebSite\",\"@id\":\"https:\/\/www.ipsen.com\/france\/#website\",\"url\":\"https:\/\/www.ipsen.com\/france\/\",\"name\":\"France\",\"description\":\"\",\"publisher\":{\"@id\":\"https:\/\/www.ipsen.com\/france\/#organization\"},\"potentialAction\":[{\"@type\":\"SearchAction\",\"target\":{\"@type\":\"EntryPoint\",\"urlTemplate\":\"https:\/\/www.ipsen.com\/france\/?s={search_term_string}\"},\"query-input\":{\"@type\":\"PropertyValueSpecification\",\"valueRequired\":true,\"valueName\":\"search_term_string\"}}],\"inLanguage\":\"fr-FR\"},{\"@type\":\"Organization\",\"@id\":\"https:\/\/www.ipsen.com\/france\/#organization\",\"name\":\"France\",\"url\":\"https:\/\/www.ipsen.com\/france\/\",\"logo\":{\"@type\":\"ImageObject\",\"inLanguage\":\"fr-FR\",\"@id\":\"https:\/\/www.ipsen.com\/france\/#\/schema\/logo\/image\/\",\"url\":\"https:\/\/www.ipsen.com\/france\/wp-content\/uploads\/sites\/15\/2024\/03\/Logo-Ipsen.svg\",\"contentUrl\":\"https:\/\/www.ipsen.com\/france\/wp-content\/uploads\/sites\/15\/2024\/03\/Logo-Ipsen.svg\",\"caption\":\"France\"},\"image\":{\"@id\":\"https:\/\/www.ipsen.com\/france\/#\/schema\/logo\/image\/\"}}]}<\/script>\n<!-- \/ Yoast SEO plugin. -->","yoast_head_json":{"title":"Activit\u00e9 d\u2019information promotionnelle par d\u00e9marchage ou prospection","description":"Activit\u00e9 d\u2019information promotionnelle par d\u00e9marchage ou prospection.","robots":{"index":"index","follow":"follow","max-snippet":"max-snippet:-1","max-image-preview":"max-image-preview:large","max-video-preview":"max-video-preview:-1"},"canonical":"https:\/\/www.ipsen.com\/france\/mentions-dinformation\/activite-dinformation-promotionnelle-par-demarchage-ou-prospection\/","og_locale":"fr_FR","og_type":"article","og_title":"Activit\u00e9 d\u2019information promotionnelle par d\u00e9marchage ou prospection","og_description":"Activit\u00e9 d\u2019information promotionnelle par d\u00e9marchage ou prospection.","og_url":"https:\/\/www.ipsen.com\/france\/mentions-dinformation\/activite-dinformation-promotionnelle-par-demarchage-ou-prospection\/","og_site_name":"France","article_modified_time":"2025-06-05T09:12:15+00:00","twitter_card":"summary_large_image","twitter_misc":{"Est. reading time":"6 minutes"},"schema":{"@context":"https:\/\/schema.org","@graph":[{"@type":"WebPage","@id":"https:\/\/www.ipsen.com\/france\/mentions-dinformation\/activite-dinformation-promotionnelle-par-demarchage-ou-prospection\/","url":"https:\/\/www.ipsen.com\/france\/mentions-dinformation\/activite-dinformation-promotionnelle-par-demarchage-ou-prospection\/","name":"Activit\u00e9 d\u2019information promotionnelle par d\u00e9marchage ou prospection","isPartOf":{"@id":"https:\/\/www.ipsen.com\/france\/#website"},"datePublished":"2024-04-17T05:12:34+00:00","dateModified":"2025-06-05T09:12:15+00:00","description":"Activit\u00e9 d\u2019information promotionnelle par d\u00e9marchage ou prospection.","breadcrumb":{"@id":"https:\/\/www.ipsen.com\/france\/mentions-dinformation\/activite-dinformation-promotionnelle-par-demarchage-ou-prospection\/#breadcrumb"},"inLanguage":"fr-FR","potentialAction":[{"@type":"ReadAction","target":["https:\/\/www.ipsen.com\/france\/mentions-dinformation\/activite-dinformation-promotionnelle-par-demarchage-ou-prospection\/"]}]},{"@type":"BreadcrumbList","@id":"https:\/\/www.ipsen.com\/france\/mentions-dinformation\/activite-dinformation-promotionnelle-par-demarchage-ou-prospection\/#breadcrumb","itemListElement":[{"@type":"ListItem","position":1,"name":"Home","item":"https:\/\/www.ipsen.com\/france\/"},{"@type":"ListItem","position":2,"name":"Mentions d&#8217;information","item":"https:\/\/www.ipsen.com\/france\/mentions-dinformation\/"},{"@type":"ListItem","position":3,"name":"Activit\u00e9 d\u2019information promotionnelle par d\u00e9marchage ou prospection"}]},{"@type":"WebSite","@id":"https:\/\/www.ipsen.com\/france\/#website","url":"https:\/\/www.ipsen.com\/france\/","name":"France","description":"","publisher":{"@id":"https:\/\/www.ipsen.com\/france\/#organization"},"potentialAction":[{"@type":"SearchAction","target":{"@type":"EntryPoint","urlTemplate":"https:\/\/www.ipsen.com\/france\/?s={search_term_string}"},"query-input":{"@type":"PropertyValueSpecification","valueRequired":true,"valueName":"search_term_string"}}],"inLanguage":"fr-FR"},{"@type":"Organization","@id":"https:\/\/www.ipsen.com\/france\/#organization","name":"France","url":"https:\/\/www.ipsen.com\/france\/","logo":{"@type":"ImageObject","inLanguage":"fr-FR","@id":"https:\/\/www.ipsen.com\/france\/#\/schema\/logo\/image\/","url":"https:\/\/www.ipsen.com\/france\/wp-content\/uploads\/sites\/15\/2024\/03\/Logo-Ipsen.svg","contentUrl":"https:\/\/www.ipsen.com\/france\/wp-content\/uploads\/sites\/15\/2024\/03\/Logo-Ipsen.svg","caption":"France"},"image":{"@id":"https:\/\/www.ipsen.com\/france\/#\/schema\/logo\/image\/"}}]}},"parsely":{"version":"1.1.0","canonical_url":"https:\/\/ipsen.com\/france\/mentions-dinformation\/activite-dinformation-promotionnelle-par-demarchage-ou-prospection\/","smart_links":{"inbound":0,"outbound":0},"traffic_boost_suggestions_count":0,"meta":{"@context":"https:\/\/schema.org","@type":"WebPage","headline":"Activit\u00e9 d\u2019information promotionnelle par d\u00e9marchage ou prospection","url":"http:\/\/www.ipsen.com\/france\/mentions-dinformation\/activite-dinformation-promotionnelle-par-demarchage-ou-prospection\/","mainEntityOfPage":{"@type":"WebPage","@id":"http:\/\/www.ipsen.com\/france\/mentions-dinformation\/activite-dinformation-promotionnelle-par-demarchage-ou-prospection\/"},"thumbnailUrl":"","image":{"@type":"ImageObject","url":""},"articleSection":"Non classifi\u00e9(e)","author":[{"@type":"Person","name":"navya"}],"creator":["navya"],"publisher":{"@type":"Organization","name":"France","logo":""},"keywords":[],"dateCreated":"2024-04-17T05:12:34Z","datePublished":"2024-04-17T05:12:34Z","dateModified":"2025-06-05T09:12:15Z"},"rendered":"<script type=\"application\/ld+json\" class=\"wp-parsely-metadata\">{\"@context\":\"https:\\\/\\\/schema.org\",\"@type\":\"WebPage\",\"headline\":\"Activit\\u00e9 d\\u2019information promotionnelle par d\\u00e9marchage ou prospection\",\"url\":\"http:\\\/\\\/www.ipsen.com\\\/france\\\/mentions-dinformation\\\/activite-dinformation-promotionnelle-par-demarchage-ou-prospection\\\/\",\"mainEntityOfPage\":{\"@type\":\"WebPage\",\"@id\":\"http:\\\/\\\/www.ipsen.com\\\/france\\\/mentions-dinformation\\\/activite-dinformation-promotionnelle-par-demarchage-ou-prospection\\\/\"},\"thumbnailUrl\":\"\",\"image\":{\"@type\":\"ImageObject\",\"url\":\"\"},\"articleSection\":\"Non classifi\\u00e9(e)\",\"author\":[{\"@type\":\"Person\",\"name\":\"navya\"}],\"creator\":[\"navya\"],\"publisher\":{\"@type\":\"Organization\",\"name\":\"France\",\"logo\":\"\"},\"keywords\":[],\"dateCreated\":\"2024-04-17T05:12:34Z\",\"datePublished\":\"2024-04-17T05:12:34Z\",\"dateModified\":\"2025-06-05T09:12:15Z\"}<\/script>","tracker_url":"https:\/\/cdn.parsely.com\/keys\/ipsen.com\/p.js"},"jetpack_sharing_enabled":true,"_links":{"self":[{"href":"https:\/\/www.ipsen.com\/france\/wp-json\/wp\/v2\/pages\/461","targetHints":{"allow":["GET"]}}],"collection":[{"href":"https:\/\/www.ipsen.com\/france\/wp-json\/wp\/v2\/pages"}],"about":[{"href":"https:\/\/www.ipsen.com\/france\/wp-json\/wp\/v2\/types\/page"}],"author":[{"embeddable":true,"href":"https:\/\/www.ipsen.com\/france\/wp-json\/wp\/v2\/users\/2"}],"replies":[{"embeddable":true,"href":"https:\/\/www.ipsen.com\/france\/wp-json\/wp\/v2\/comments?post=461"}],"version-history":[{"count":9,"href":"https:\/\/www.ipsen.com\/france\/wp-json\/wp\/v2\/pages\/461\/revisions"}],"predecessor-version":[{"id":1389,"href":"https:\/\/www.ipsen.com\/france\/wp-json\/wp\/v2\/pages\/461\/revisions\/1389"}],"up":[{"embeddable":true,"href":"https:\/\/www.ipsen.com\/france\/wp-json\/wp\/v2\/pages\/52"}],"wp:attachment":[{"href":"https:\/\/www.ipsen.com\/france\/wp-json\/wp\/v2\/media?parent=461"}],"curies":[{"name":"wp","href":"https:\/\/api.w.org\/{rel}","templated":true}]}}