{"id":68940,"date":"2023-05-05T10:55:18","date_gmt":"2023-05-05T08:55:18","guid":{"rendered":"https:\/\/www.ipsen.com\/lay-language\/une-etude-pour-connaitre-les-effets-du-palovarotene-chez-les-personnes-atteintes-de-fibrodysplasie-ossifiante-progressive-fop\/"},"modified":"2025-08-21T09:07:51","modified_gmt":"2025-08-21T07:07:51","slug":"une-etude-pour-connaitre-les-effets-du-palovarotene-chez-les-personnes-atteintes-de-fibrodysplasie-ossifiante-progressive-fop","status":"publish","type":"lay_language","link":"https:\/\/www.ipsen.com\/fr\/lay-language\/une-etude-pour-connaitre-les-effets-du-palovarotene-chez-les-personnes-atteintes-de-fibrodysplasie-ossifiante-progressive-fop\/","title":{"rendered":"Une \u00e9tude pour conna\u00eetre les effets du palovarot\u00e8ne chez les personnes atteintes de fibrodysplasie ossifiante progressive (FOP)"},"content":{"rendered":"\n<div class=\"wp-block-group\"><div class=\"wp-block-group__inner-container is-layout-constrained wp-block-group-is-layout-constrained\">\n<div class=\"wp-block-columns is-layout-flex wp-container-core-columns-is-layout-9d6595d7 wp-block-columns-is-layout-flex\">\n<div class=\"wp-block-column is-layout-flow wp-block-column-is-layout-flow\">\n<p>Palovarotene<\/p>\n<\/div>\n<\/div>\n<\/div><\/div>\n","protected":false},"excerpt":{"rendered":"","protected":false},"author":3,"template":"","lay_language_category":[70160],"class_list":["post-68940","lay_language","type-lay_language","status-publish","has-post-thumbnail","hentry","entry"],"acf":[],"yoast_head":"<!-- This site is optimized with the Yoast SEO plugin v26.8 - https:\/\/yoast.com\/product\/yoast-seo-wordpress\/ -->\n<title>Une \u00e9tude pour conna\u00eetre les effets du palovarot\u00e8ne chez les personnes atteintes de fibrodysplasie ossifiante progressive (FOP) - Global<\/title>\n<meta name=\"robots\" content=\"index, follow, max-snippet:-1, max-image-preview:large, max-video-preview:-1\" \/>\n<link rel=\"canonical\" href=\"https:\/\/www.ipsen.com\/fr\/lay-language\/une-etude-pour-connaitre-les-effets-du-palovarotene-chez-les-personnes-atteintes-de-fibrodysplasie-ossifiante-progressive-fop\/\" \/>\n<meta property=\"og:locale\" content=\"fr_FR\" \/>\n<meta property=\"og:type\" content=\"article\" \/>\n<meta property=\"og:title\" content=\"Une \u00e9tude pour conna\u00eetre les effets du palovarot\u00e8ne chez les personnes atteintes de fibrodysplasie ossifiante progressive (FOP) - Global\" \/>\n<meta property=\"og:url\" content=\"https:\/\/www.ipsen.com\/fr\/lay-language\/une-etude-pour-connaitre-les-effets-du-palovarotene-chez-les-personnes-atteintes-de-fibrodysplasie-ossifiante-progressive-fop\/\" \/>\n<meta property=\"og:site_name\" content=\"Global\" \/>\n<meta property=\"article:modified_time\" content=\"2025-08-21T07:07:51+00:00\" \/>\n<meta property=\"og:image\" content=\"https:\/\/www.ipsen.com\/wp-content\/uploads\/2024\/11\/72x72-Lay-Summaries-1.png\" \/>\n\t<meta property=\"og:image:width\" content=\"73\" \/>\n\t<meta property=\"og:image:height\" content=\"73\" \/>\n\t<meta property=\"og:image:type\" content=\"image\/png\" \/>\n<meta name=\"twitter:card\" content=\"summary_large_image\" \/>\n<meta name=\"twitter:site\" content=\"@ipsengroup\" \/>\n<meta name=\"twitter:label1\" content=\"Est. reading time\" \/>\n\t<meta name=\"twitter:data1\" content=\"1 minute\" \/>\n<script type=\"application\/ld+json\" class=\"yoast-schema-graph\">{\"@context\":\"https:\/\/schema.org\",\"@graph\":[{\"@type\":\"WebPage\",\"@id\":\"https:\/\/www.ipsen.com\/fr\/lay-language\/une-etude-pour-connaitre-les-effets-du-palovarotene-chez-les-personnes-atteintes-de-fibrodysplasie-ossifiante-progressive-fop\/\",\"url\":\"https:\/\/www.ipsen.com\/fr\/lay-language\/une-etude-pour-connaitre-les-effets-du-palovarotene-chez-les-personnes-atteintes-de-fibrodysplasie-ossifiante-progressive-fop\/\",\"name\":\"Une \u00e9tude pour conna\u00eetre les effets du palovarot\u00e8ne chez les personnes atteintes de fibrodysplasie ossifiante progressive (FOP) - Global\",\"isPartOf\":{\"@id\":\"https:\/\/www.ipsen.com\/fr\/#website\"},\"primaryImageOfPage\":{\"@id\":\"https:\/\/www.ipsen.com\/fr\/lay-language\/une-etude-pour-connaitre-les-effets-du-palovarotene-chez-les-personnes-atteintes-de-fibrodysplasie-ossifiante-progressive-fop\/#primaryimage\"},\"image\":{\"@id\":\"https:\/\/www.ipsen.com\/fr\/lay-language\/une-etude-pour-connaitre-les-effets-du-palovarotene-chez-les-personnes-atteintes-de-fibrodysplasie-ossifiante-progressive-fop\/#primaryimage\"},\"thumbnailUrl\":\"https:\/\/www.ipsen.com\/wp-content\/uploads\/2024\/11\/72x72-Lay-Summaries-1.png\",\"datePublished\":\"2023-05-05T08:55:18+00:00\",\"dateModified\":\"2025-08-21T07:07:51+00:00\",\"breadcrumb\":{\"@id\":\"https:\/\/www.ipsen.com\/fr\/lay-language\/une-etude-pour-connaitre-les-effets-du-palovarotene-chez-les-personnes-atteintes-de-fibrodysplasie-ossifiante-progressive-fop\/#breadcrumb\"},\"inLanguage\":\"fr-FR\",\"potentialAction\":[{\"@type\":\"ReadAction\",\"target\":[\"https:\/\/www.ipsen.com\/fr\/lay-language\/une-etude-pour-connaitre-les-effets-du-palovarotene-chez-les-personnes-atteintes-de-fibrodysplasie-ossifiante-progressive-fop\/\"]}]},{\"@type\":\"ImageObject\",\"inLanguage\":\"fr-FR\",\"@id\":\"https:\/\/www.ipsen.com\/fr\/lay-language\/une-etude-pour-connaitre-les-effets-du-palovarotene-chez-les-personnes-atteintes-de-fibrodysplasie-ossifiante-progressive-fop\/#primaryimage\",\"url\":\"https:\/\/www.ipsen.com\/wp-content\/uploads\/2024\/11\/72x72-Lay-Summaries-1.png\",\"contentUrl\":\"https:\/\/www.ipsen.com\/wp-content\/uploads\/2024\/11\/72x72-Lay-Summaries-1.png\",\"width\":73,\"height\":73},{\"@type\":\"BreadcrumbList\",\"@id\":\"https:\/\/www.ipsen.com\/fr\/lay-language\/une-etude-pour-connaitre-les-effets-du-palovarotene-chez-les-personnes-atteintes-de-fibrodysplasie-ossifiante-progressive-fop\/#breadcrumb\",\"itemListElement\":[{\"@type\":\"ListItem\",\"position\":1,\"name\":\"Home\",\"item\":\"https:\/\/www.ipsen.com\/fr\/home\/\"},{\"@type\":\"ListItem\",\"position\":2,\"name\":\"Une \u00e9tude pour conna\u00eetre les effets du palovarot\u00e8ne chez les personnes atteintes de fibrodysplasie ossifiante progressive (FOP)\"}]},{\"@type\":\"WebSite\",\"@id\":\"https:\/\/www.ipsen.com\/fr\/#website\",\"url\":\"https:\/\/www.ipsen.com\/fr\/\",\"name\":\"Global\",\"description\":\"\",\"publisher\":{\"@id\":\"https:\/\/www.ipsen.com\/fr\/#organization\"},\"potentialAction\":[{\"@type\":\"SearchAction\",\"target\":{\"@type\":\"EntryPoint\",\"urlTemplate\":\"https:\/\/www.ipsen.com\/fr\/?s={search_term_string}\"},\"query-input\":{\"@type\":\"PropertyValueSpecification\",\"valueRequired\":true,\"valueName\":\"search_term_string\"}}],\"inLanguage\":\"fr-FR\"},{\"@type\":\"Organization\",\"@id\":\"https:\/\/www.ipsen.com\/fr\/#organization\",\"name\":\"IPSEN\",\"url\":\"https:\/\/www.ipsen.com\/fr\/\",\"logo\":{\"@type\":\"ImageObject\",\"inLanguage\":\"fr-FR\",\"@id\":\"https:\/\/www.ipsen.com\/fr\/#\/schema\/logo\/image\/\",\"url\":\"https:\/\/www.ipsen.com\/wp-content\/uploads\/2023\/12\/Latest_Ipsen-logo_168x48.svg\",\"contentUrl\":\"https:\/\/www.ipsen.com\/wp-content\/uploads\/2023\/12\/Latest_Ipsen-logo_168x48.svg\",\"caption\":\"IPSEN\"},\"image\":{\"@id\":\"https:\/\/www.ipsen.com\/fr\/#\/schema\/logo\/image\/\"},\"sameAs\":[\"https:\/\/www.facebook.com\/Ipsengroup\",\"https:\/\/x.com\/ipsengroup\"]}]}<\/script>\n<!-- \/ Yoast SEO plugin. -->","yoast_head_json":{"title":"Une \u00e9tude pour conna\u00eetre les effets du palovarot\u00e8ne chez les personnes atteintes de fibrodysplasie ossifiante progressive (FOP) - Global","robots":{"index":"index","follow":"follow","max-snippet":"max-snippet:-1","max-image-preview":"max-image-preview:large","max-video-preview":"max-video-preview:-1"},"canonical":"https:\/\/www.ipsen.com\/fr\/lay-language\/une-etude-pour-connaitre-les-effets-du-palovarotene-chez-les-personnes-atteintes-de-fibrodysplasie-ossifiante-progressive-fop\/","og_locale":"fr_FR","og_type":"article","og_title":"Une \u00e9tude pour conna\u00eetre les effets du palovarot\u00e8ne chez les personnes atteintes de fibrodysplasie ossifiante progressive (FOP) - Global","og_url":"https:\/\/www.ipsen.com\/fr\/lay-language\/une-etude-pour-connaitre-les-effets-du-palovarotene-chez-les-personnes-atteintes-de-fibrodysplasie-ossifiante-progressive-fop\/","og_site_name":"Global","article_modified_time":"2025-08-21T07:07:51+00:00","og_image":[{"width":73,"height":73,"url":"https:\/\/www.ipsen.com\/wp-content\/uploads\/2024\/11\/72x72-Lay-Summaries-1.png","type":"image\/png"}],"twitter_card":"summary_large_image","twitter_site":"@ipsengroup","twitter_misc":{"Est. reading time":"1 minute"},"schema":{"@context":"https:\/\/schema.org","@graph":[{"@type":"WebPage","@id":"https:\/\/www.ipsen.com\/fr\/lay-language\/une-etude-pour-connaitre-les-effets-du-palovarotene-chez-les-personnes-atteintes-de-fibrodysplasie-ossifiante-progressive-fop\/","url":"https:\/\/www.ipsen.com\/fr\/lay-language\/une-etude-pour-connaitre-les-effets-du-palovarotene-chez-les-personnes-atteintes-de-fibrodysplasie-ossifiante-progressive-fop\/","name":"Une \u00e9tude pour conna\u00eetre les effets du palovarot\u00e8ne chez les personnes atteintes de fibrodysplasie ossifiante progressive (FOP) - Global","isPartOf":{"@id":"https:\/\/www.ipsen.com\/fr\/#website"},"primaryImageOfPage":{"@id":"https:\/\/www.ipsen.com\/fr\/lay-language\/une-etude-pour-connaitre-les-effets-du-palovarotene-chez-les-personnes-atteintes-de-fibrodysplasie-ossifiante-progressive-fop\/#primaryimage"},"image":{"@id":"https:\/\/www.ipsen.com\/fr\/lay-language\/une-etude-pour-connaitre-les-effets-du-palovarotene-chez-les-personnes-atteintes-de-fibrodysplasie-ossifiante-progressive-fop\/#primaryimage"},"thumbnailUrl":"https:\/\/www.ipsen.com\/wp-content\/uploads\/2024\/11\/72x72-Lay-Summaries-1.png","datePublished":"2023-05-05T08:55:18+00:00","dateModified":"2025-08-21T07:07:51+00:00","breadcrumb":{"@id":"https:\/\/www.ipsen.com\/fr\/lay-language\/une-etude-pour-connaitre-les-effets-du-palovarotene-chez-les-personnes-atteintes-de-fibrodysplasie-ossifiante-progressive-fop\/#breadcrumb"},"inLanguage":"fr-FR","potentialAction":[{"@type":"ReadAction","target":["https:\/\/www.ipsen.com\/fr\/lay-language\/une-etude-pour-connaitre-les-effets-du-palovarotene-chez-les-personnes-atteintes-de-fibrodysplasie-ossifiante-progressive-fop\/"]}]},{"@type":"ImageObject","inLanguage":"fr-FR","@id":"https:\/\/www.ipsen.com\/fr\/lay-language\/une-etude-pour-connaitre-les-effets-du-palovarotene-chez-les-personnes-atteintes-de-fibrodysplasie-ossifiante-progressive-fop\/#primaryimage","url":"https:\/\/www.ipsen.com\/wp-content\/uploads\/2024\/11\/72x72-Lay-Summaries-1.png","contentUrl":"https:\/\/www.ipsen.com\/wp-content\/uploads\/2024\/11\/72x72-Lay-Summaries-1.png","width":73,"height":73},{"@type":"BreadcrumbList","@id":"https:\/\/www.ipsen.com\/fr\/lay-language\/une-etude-pour-connaitre-les-effets-du-palovarotene-chez-les-personnes-atteintes-de-fibrodysplasie-ossifiante-progressive-fop\/#breadcrumb","itemListElement":[{"@type":"ListItem","position":1,"name":"Home","item":"https:\/\/www.ipsen.com\/fr\/home\/"},{"@type":"ListItem","position":2,"name":"Une \u00e9tude pour conna\u00eetre les effets du palovarot\u00e8ne chez les personnes atteintes de fibrodysplasie ossifiante progressive (FOP)"}]},{"@type":"WebSite","@id":"https:\/\/www.ipsen.com\/fr\/#website","url":"https:\/\/www.ipsen.com\/fr\/","name":"Global","description":"","publisher":{"@id":"https:\/\/www.ipsen.com\/fr\/#organization"},"potentialAction":[{"@type":"SearchAction","target":{"@type":"EntryPoint","urlTemplate":"https:\/\/www.ipsen.com\/fr\/?s={search_term_string}"},"query-input":{"@type":"PropertyValueSpecification","valueRequired":true,"valueName":"search_term_string"}}],"inLanguage":"fr-FR"},{"@type":"Organization","@id":"https:\/\/www.ipsen.com\/fr\/#organization","name":"IPSEN","url":"https:\/\/www.ipsen.com\/fr\/","logo":{"@type":"ImageObject","inLanguage":"fr-FR","@id":"https:\/\/www.ipsen.com\/fr\/#\/schema\/logo\/image\/","url":"https:\/\/www.ipsen.com\/wp-content\/uploads\/2023\/12\/Latest_Ipsen-logo_168x48.svg","contentUrl":"https:\/\/www.ipsen.com\/wp-content\/uploads\/2023\/12\/Latest_Ipsen-logo_168x48.svg","caption":"IPSEN"},"image":{"@id":"https:\/\/www.ipsen.com\/fr\/#\/schema\/logo\/image\/"},"sameAs":["https:\/\/www.facebook.com\/Ipsengroup","https:\/\/x.com\/ipsengroup"]}]}},"jetpack_sharing_enabled":true,"_links":{"self":[{"href":"https:\/\/www.ipsen.com\/fr\/wp-json\/wp\/v2\/lay_language\/68940","targetHints":{"allow":["GET"]}}],"collection":[{"href":"https:\/\/www.ipsen.com\/fr\/wp-json\/wp\/v2\/lay_language"}],"about":[{"href":"https:\/\/www.ipsen.com\/fr\/wp-json\/wp\/v2\/types\/lay_language"}],"author":[{"embeddable":true,"href":"https:\/\/www.ipsen.com\/fr\/wp-json\/wp\/v2\/users\/3"}],"version-history":[{"count":1,"href":"https:\/\/www.ipsen.com\/fr\/wp-json\/wp\/v2\/lay_language\/68940\/revisions"}],"predecessor-version":[{"id":68941,"href":"https:\/\/www.ipsen.com\/fr\/wp-json\/wp\/v2\/lay_language\/68940\/revisions\/68941"}],"wp:featuredmedia":[{"embeddable":true,"href":"https:\/\/www.ipsen.com\/fr\/wp-json\/wp\/v2\/media\/71083"}],"wp:attachment":[{"href":"https:\/\/www.ipsen.com\/fr\/wp-json\/wp\/v2\/media?parent=68940"}],"wp:term":[{"taxonomy":"lay_language_category","embeddable":true,"href":"https:\/\/www.ipsen.com\/fr\/wp-json\/wp\/v2\/lay_language_category?post=68940"}],"curies":[{"name":"wp","href":"https:\/\/api.w.org\/{rel}","templated":true}]}}

Une étude pour connaître les effets du palovarotène chez les personnes atteintes de fibrodysplasie ossifiante progressive (FOP)

<!-- This site is optimized with the Yoast SEO plugin v26.8 - https://yoast.com/product/yoast-seo-wordpress/ -->
<title>Une étude pour connaître les effets du palovarotène chez les personnes atteintes de fibrodysplasie ossifiante progressive (FOP) - Global</title>
<meta name="robots" content="index, follow, max-snippet:-1, max-image-preview:large, max-video-preview:-1" />
<link rel="canonical" href="https://www.ipsen.com/fr/lay-language/une-etude-pour-connaitre-les-effets-du-palovarotene-chez-les-personnes-atteintes-de-fibrodysplasie-ossifiante-progressive-fop/" />
<meta property="og:locale" content="fr_FR" />
<meta property="og:type" content="article" />
<meta property="og:title" content="Une étude pour connaître les effets du palovarotène chez les personnes atteintes de fibrodysplasie ossifiante progressive (FOP) - Global" />
<meta property="og:url" content="https://www.ipsen.com/fr/lay-language/une-etude-pour-connaitre-les-effets-du-palovarotene-chez-les-personnes-atteintes-de-fibrodysplasie-ossifiante-progressive-fop/" />
<meta property="og:site_name" content="Global" />
<meta property="article:modified_time" content="2025-08-21T07:07:51+00:00" />
<meta property="og:image" content="https://www.ipsen.com/wp-content/uploads/2024/11/72x72-Lay-Summaries-1.png" />
	<meta property="og:image:width" content="73" />
	<meta property="og:image:height" content="73" />
	<meta property="og:image:type" content="image/png" />
<meta name="twitter:card" content="summary_large_image" />
<meta name="twitter:site" content="@ipsengroup" />
<meta name="twitter:label1" content="Est. reading time" />
	<meta name="twitter:data1" content="1 minute" />
<script type="application/ld+json" class="yoast-schema-graph">{"@context":"https://schema.org","@graph":[{"@type":"WebPage","@id":"https://www.ipsen.com/fr/lay-language/une-etude-pour-connaitre-les-effets-du-palovarotene-chez-les-personnes-atteintes-de-fibrodysplasie-ossifiante-progressive-fop/","url":"https://www.ipsen.com/fr/lay-language/une-etude-pour-connaitre-les-effets-du-palovarotene-chez-les-personnes-atteintes-de-fibrodysplasie-ossifiante-progressive-fop/","name":"Une étude pour connaître les effets du palovarotène chez les personnes atteintes de fibrodysplasie ossifiante progressive (FOP) - Global","isPartOf":{"@id":"https://www.ipsen.com/fr/#website"},"primaryImageOfPage":{"@id":"https://www.ipsen.com/fr/lay-language/une-etude-pour-connaitre-les-effets-du-palovarotene-chez-les-personnes-atteintes-de-fibrodysplasie-ossifiante-progressive-fop/#primaryimage"},"image":{"@id":"https://www.ipsen.com/fr/lay-language/une-etude-pour-connaitre-les-effets-du-palovarotene-chez-les-personnes-atteintes-de-fibrodysplasie-ossifiante-progressive-fop/#primaryimage"},"thumbnailUrl":"https://www.ipsen.com/wp-content/uploads/2024/11/72x72-Lay-Summaries-1.png","datePublished":"2023-05-05T08:55:18+00:00","dateModified":"2025-08-21T07:07:51+00:00","breadcrumb":{"@id":"https://www.ipsen.com/fr/lay-language/une-etude-pour-connaitre-les-effets-du-palovarotene-chez-les-personnes-atteintes-de-fibrodysplasie-ossifiante-progressive-fop/#breadcrumb"},"inLanguage":"fr-FR","potentialAction":[{"@type":"ReadAction","target":["https://www.ipsen.com/fr/lay-language/une-etude-pour-connaitre-les-effets-du-palovarotene-chez-les-personnes-atteintes-de-fibrodysplasie-ossifiante-progressive-fop/"]}]},{"@type":"ImageObject","inLanguage":"fr-FR","@id":"https://www.ipsen.com/fr/lay-language/une-etude-pour-connaitre-les-effets-du-palovarotene-chez-les-personnes-atteintes-de-fibrodysplasie-ossifiante-progressive-fop/#primaryimage","url":"https://www.ipsen.com/wp-content/uploads/2024/11/72x72-Lay-Summaries-1.png","contentUrl":"https://www.ipsen.com/wp-content/uploads/2024/11/72x72-Lay-Summaries-1.png","width":73,"height":73},{"@type":"BreadcrumbList","@id":"https://www.ipsen.com/fr/lay-language/une-etude-pour-connaitre-les-effets-du-palovarotene-chez-les-personnes-atteintes-de-fibrodysplasie-ossifiante-progressive-fop/#breadcrumb","itemListElement":[{"@type":"ListItem","position":1,"name":"Home","item":"https://www.ipsen.com/fr/home/"},{"@type":"ListItem","position":2,"name":"Une étude pour connaître les effets du palovarotène chez les personnes atteintes de fibrodysplasie ossifiante progressive (FOP)"}]},{"@type":"WebSite","@id":"https://www.ipsen.com/fr/#website","url":"https://www.ipsen.com/fr/","name":"Global","description":"","publisher":{"@id":"https://www.ipsen.com/fr/#organization"},"potentialAction":[{"@type":"SearchAction","target":{"@type":"EntryPoint","urlTemplate":"https://www.ipsen.com/fr/?s={search_term_string}"},"query-input":{"@type":"PropertyValueSpecification","valueRequired":true,"valueName":"search_term_string"}}],"inLanguage":"fr-FR"},{"@type":"Organization","@id":"https://www.ipsen.com/fr/#organization","name":"IPSEN","url":"https://www.ipsen.com/fr/","logo":{"@type":"ImageObject","inLanguage":"fr-FR","@id":"https://www.ipsen.com/fr/#/schema/logo/image/","url":"https://www.ipsen.com/wp-content/uploads/2023/12/Latest_Ipsen-logo_168x48.svg","contentUrl":"https://www.ipsen.com/wp-content/uploads/2023/12/Latest_Ipsen-logo_168x48.svg","caption":"IPSEN"},"image":{"@id":"https://www.ipsen.com/fr/#/schema/logo/image/"},"sameAs":["https://www.facebook.com/Ipsengroup","https://x.com/ipsengroup"]}]}</script>
<!-- / Yoast SEO plugin. -->

Une étude pour connaître les effets du palovarotène chez les personnes atteintes de fibrodysplasie ossifiante progressive (FOP) - Global
