{"id":781,"date":"2026-02-10T14:30:09","date_gmt":"2026-02-10T12:30:09","guid":{"rendered":"https:\/\/www.ipsen.com\/czc\/?page_id=781"},"modified":"2026-02-10T17:16:18","modified_gmt":"2026-02-10T15:16:18","slug":"transparentnost-ve-vztazich-a-zajmech","status":"publish","type":"page","link":"https:\/\/www.ipsen.com\/czc\/transparentnost-ve-vztazich-a-zajmech\/","title":{"rendered":"Transparentnost ve vztaz\u00edch a z\u00e1jmech"},"content":{"rendered":"    <section class=\"sub-page-banner bg-img\" style=\"background-image:url(https:\/\/www.ipsen.com\/czc\/wp-content\/uploads\/sites\/23\/2026\/01\/Health-Medicines-300x44-1.jpg)\">\n        <div class=\"container content-sec\">\n            <nav aria-label=\"breadcrumb\">\n            <ol class=\"breadcrumb\">\n                <li class=\"breadcrumb-item\"><a href=\"https:\/\/www.ipsen.com\/czc\">Dom\u016f<\/a><\/li><li class=\"breadcrumb-item visible\"><a href=\"https:\/\/www.ipsen.com\/czc\/nase-produkty\/\">Na\u0161e produkty<\/a><\/li><li class=\"breadcrumb-item active\"><a class=\"link-pointer-events-none\" href=\"#\" aria-current=\"page\">Transparentnost ve vztaz\u00edch a z\u00e1jmech<\/a><\/li><\/ol>\n            <\/nav>            <h1 class=\"visible\">Transparentnost ve vztaz\u00edch a z\u00e1jmech<\/h1>\n            <p class=\"visible\"><\/p>\n        <\/div>\n    <\/section>\n\n\n\n<div class=\"wp-block-group alignwide\"><div class=\"wp-block-group__inner-container is-layout-constrained wp-block-group-is-layout-constrained\">\n<br class=\"wp-container-content-72558541\"><br>\nV\u202fIpsenu pova\u017eujeme transparentnost za kl\u00ed\u010dov\u00fd po\u017eadavek pro budov\u00e1n\u00ed d\u016fv\u011bry s\u202fpacienty, z\u00fa\u010dastn\u011bn\u00fdmi stranami a \u0161irokou ve\u0159ejnost\u00ed. Na\u0161e politika transparentnosti se vztahuje na v\u0161echny aspekty spolupr\u00e1ce se zdravotnick\u00fdmi pracovn\u00edky, organizacemi a jej\u00edm c\u00edlem je zajistit pln\u00e9 dodr\u017eov\u00e1n\u00ed etick\u00fdch princip\u016f farmaceutick\u00e9ho pr\u016fmyslu.\nPr\u016fmysl a zdravotni\u010dt\u00ed pracovn\u00edci spolupracuj\u00ed v\u202f\u0159ad\u011b \u010dinnost\u00ed \u2013 od klinick\u00e9ho v\u00fdzkumu a\u017e po sd\u00edlen\u00ed osv\u011bd\u010den\u00fdch klinick\u00fdch postup\u016f a v\u00fdm\u011bny informac\u00ed o tom, jak nov\u00e9 l\u00e9ky zapadaj\u00ed do l\u00e9\u010debn\u00e9 cesty pacienta.\n<br>\nSpole\u010dnost m\u00e1 st\u00e1le vy\u0161\u0161\u00ed o\u010dek\u00e1v\u00e1n\u00ed, zejm\u00e9na v\u202foblasti zdravotnictv\u00ed. IPSEN chce zajistit, \u017ee tato o\u010dek\u00e1v\u00e1n\u00ed napl\u0148ujeme, a proto je pro n\u00e1s d\u016fle\u017eit\u00e9, aby pacienti, m\u00e9dia, dal\u0161\u00ed z\u00fa\u010dastn\u011bn\u00e9 strany a obecn\u011b ve\u0159ejnost tomuto vztahu rozum\u011bli.\n<br>\nZve\u0159ej\u0148ov\u00e1n\u00ed zahrnuje p\u0159evody hodnot poskytnut\u00e9 na \u010dinnosti, jako jsou v\u00fdzkumn\u00e9 a vzd\u011bl\u00e1vac\u00ed granty pro zdravotnick\u00e9 organizace, stejn\u011b jako p\u0159evody hodnot na zdravotnick\u00e9 pracovn\u00edky, nap\u0159\u00edklad honor\u00e1\u0159e za p\u0159edn\u00e1\u0161ky, konzulta\u010dn\u00ed \u010dinnosti \u010di \u00fa\u010dast v\u202fporadn\u00edch sborech.\n<br>\nZve\u0159ej\u0148ov\u00e1n\u00ed p\u0159evod\u016f hodnot p\u0159\u00edjemc\u016fm m\u00e1 za c\u00edl uv\u00e9st hodnoty (finan\u010dn\u00ed nebo nefinan\u010dn\u00ed), kter\u00e9 jsou poskytov\u00e1ny zdravotnick\u00fdm pracovn\u00edk\u016fm nebo organizac\u00edm, s nimi\u017e na\u0161e spole\u010dnost spolupracuje \u010di je v\u202fkontaktu, v\u202fsouladu s\u202fc\u00edli a ustanoven\u00edmi p\u0159\u00edslu\u0161n\u00fdch kodex\u016f. Individu\u00e1ln\u00ed zve\u0159ejn\u011bn\u00ed bylo odsouhlaseno jednotliv\u00fdmi p\u0159\u00edjemci \u2013 tento souhlas byl ud\u011blen za \u00fa\u010delem spln\u011bn\u00ed po\u017eadavk\u016f p\u0159\u00edslu\u0161n\u00fdch kodex\u016f, k\u202fjejich\u017e dodr\u017eov\u00e1n\u00ed se na\u0161e spole\u010dnost zav\u00e1zala.\n<br>\nTato zve\u0159ejn\u011bn\u00ed nep\u0159edstavuj\u00ed obecn\u00e9 opr\u00e1vn\u011bn\u00ed pro ty, kdo p\u0159istupuj\u00ed na na\u0161e webov\u00e9 str\u00e1nky \u010di n\u00e1rodn\u00ed platformy, aby prov\u00e1d\u011bli dal\u0161\u00ed zpracov\u00e1n\u00ed dat zdravotnick\u00fdch pracovn\u00edk\u016f.\n<br>\nPro spr\u00e1vn\u00e9 pochopen\u00ed \u00fadaj\u016f uveden\u00fdch v\u202fna\u0161ich zve\u0159ejn\u011bn\u00edch publikovan\u00fdch na t\u011bchto str\u00e1nk\u00e1ch odkazujeme na \u201cMetodickou pozn\u00e1mku, resp. Methodological note\u201d, kter\u00e1 objas\u0148uje v\u00fdznam a obsah uv\u00e1d\u011bn\u00fdch p\u0159evod\u016f hodnot.\n<br>\n\n\n<\/div><\/div>\n\n\n\n<div class=\"wp-block-group alignwide is-layout-grid wp-container-core-group-is-layout-9649a0d9 wp-block-group-is-layout-grid\">\n<hr>\n\n\n<hr class=\"wp-container-content-72558541\">\n <\/div>\n\n\n\n\n<div class=\"wp-block-group alignwide is-layout-grid wp-container-core-group-is-layout-9649a0d9 wp-block-group-is-layout-grid\">\n<p>Rok<\/p>\n\n\n\n<p class=\"wp-container-content-e29552f7\">Report<\/p>\n\n\n\n<p class=\"wp-container-content-e29552f7\">Metodika<\/p>\n<\/div>\n\n\n\n<div class=\"wp-block-group alignwide is-layout-grid wp-container-core-group-is-layout-9649a0d9 wp-block-group-is-layout-grid\">\n<p><\/p>\n\n\n\n<hr class=\"wp-container-content-72558541\">\n<\/div>\n\n\n\n<div class=\"wp-block-group alignwide is-layout-grid wp-container-core-group-is-layout-9649a0d9 wp-block-group-is-layout-grid\">\n<p>2025<\/p>\n\n\n\n<p class=\"wp-container-content-e29552f7\"><a href=\"https:\/\/www.ipsen.com\/czc\/wp-content\/uploads\/sites\/23\/2026\/02\/AIFP-report-Ipsen-web-2024.pdf\">Report 2024<\/a><\/p>\n\n\n\n<p class=\"wp-container-content-e29552f7\"><a href=\"https:\/\/www.ipsen.com\/czc\/wp-content\/uploads\/sites\/23\/2026\/02\/Methodological_Note_Czechia_transparency-2024.pdf\">Metodika<\/a><\/p>\n<\/div>\n\n\n\n<div class=\"wp-block-group alignwide is-layout-grid wp-container-core-group-is-layout-9649a0d9 wp-block-group-is-layout-grid\">\n<p>2024<\/p>\n\n\n\n<p class=\"wp-container-content-e29552f7\"><a href=\"https:\/\/www.ipsen.com\/czc\/wp-content\/uploads\/sites\/23\/2026\/02\/AIFP-report-Ipsen-web-2023-v2.pdf\">Report 2023<\/a><\/p>\n\n\n\n<p class=\"wp-container-content-e29552f7\"><a href=\"https:\/\/www.ipsen.com\/czc\/wp-content\/uploads\/sites\/23\/2026\/02\/Methodological_Note_Czechia_transparency-2023.pdf\">Metodika<\/a><\/p>\n<\/div>\n\n\n\n<div class=\"wp-block-group alignwide is-layout-grid wp-container-core-group-is-layout-9649a0d9 wp-block-group-is-layout-grid\">\n<p>2023<\/p>\n\n\n\n<p class=\"wp-container-content-e29552f7\"><a href=\"https:\/\/www.ipsen.com\/czc\/wp-content\/uploads\/sites\/23\/2026\/02\/1.-EFPIA-DC_report_CZ-2022.pdf\">Report 2022<\/a><\/p>\n\n\n\n<p class=\"wp-container-content-e29552f7\"><a href=\"https:\/\/www.ipsen.com\/czc\/wp-content\/uploads\/sites\/23\/2026\/02\/CZ_Methodological_Note_for-2022-reporting.pdf\">Metodika<\/a><\/p>\n<\/div>\n\n\n\n<div class=\"wp-block-group alignwide is-layout-grid wp-container-core-group-is-layout-9649a0d9 wp-block-group-is-layout-grid\">\n<p>2022<\/p>\n\n\n\n<p class=\"wp-container-content-e29552f7\"><a href=\"https:\/\/www.ipsen.com\/czc\/wp-content\/uploads\/sites\/23\/2026\/02\/1.-EFPIA-DC_report_CZ-2021.pdf\">Report 2021<\/a><\/p>\n\n\n\n<p class=\"wp-container-content-e29552f7\"><a href=\"https:\/\/www.ipsen.com\/czc\/wp-content\/uploads\/sites\/23\/2026\/02\/5.-CZ_Methodological_Note_2021-reporting.pdf\">Metodika<\/a><\/p>\n<\/div>\n\n\n\n<div class=\"wp-block-group alignwide is-layout-grid wp-container-core-group-is-layout-9649a0d9 wp-block-group-is-layout-grid\">\n<p>2021<\/p>\n\n\n\n<p class=\"wp-container-content-e29552f7\"><a href=\"https:\/\/www.ipsen.com\/czc\/wp-content\/uploads\/sites\/23\/2026\/02\/1.-EFPIA-DC_report_CZ-2020.pdf\">Report 2020<\/a><\/p>\n\n\n\n<p class=\"wp-container-content-e29552f7\"><a href=\"https:\/\/www.ipsen.com\/czc\/wp-content\/uploads\/sites\/23\/2026\/02\/5.-CZ_Methodological_Note_2020-reporting.pdf\">Metodika<\/a><\/p>\n<\/div>\n\n\n\n<div class=\"wp-block-group alignwide is-layout-grid wp-container-core-group-is-layout-9649a0d9 wp-block-group-is-layout-grid\">\n<p>2020<\/p>\n\n\n\n<p class=\"wp-container-content-e29552f7\"><a href=\"https:\/\/www.ipsen.com\/czc\/wp-content\/uploads\/sites\/23\/2026\/02\/1.-EFPIA-DC_report_CZ-2019.pdf\">Report 2019<\/a><\/p>\n\n\n\n<p class=\"wp-container-content-e29552f7\"><\/p>\n<\/div>\n\n\n\n<div class=\"wp-block-group alignwide is-layout-grid wp-container-core-group-is-layout-9649a0d9 wp-block-group-is-layout-grid\">\n<p>2019<\/p>\n\n\n\n<p class=\"wp-container-content-e29552f7\"><a href=\"https:\/\/www.ipsen.com\/czc\/wp-content\/uploads\/sites\/23\/2026\/02\/1.-EFPIA-DC_report_CZ-2018.pdf\">Report 2018<\/a><\/p>\n\n\n\n<p class=\"wp-container-content-e29552f7\"><\/p>\n<\/div>\n\n\n\n<div class=\"wp-block-group alignwide is-layout-grid wp-container-core-group-is-layout-9649a0d9 wp-block-group-is-layout-grid\">\n<p>2018<\/p>\n\n\n\n<p class=\"wp-container-content-e29552f7\"><a href=\"https:\/\/www.ipsen.com\/czc\/wp-content\/uploads\/sites\/23\/2026\/02\/1.-EFPIA-DC_report_CZ-2017.pdf\">Report 2017<\/a><\/p>\n\n\n\n<p class=\"wp-container-content-e29552f7\"><\/p>\n<\/div>\n\n\n<div class=\"wp-block-group alignwide is-layout-grid wp-container-core-group-is-layout-9649a0d9 wp-block-group-is-layout-grid\">\n<hr>\n\n\n<hr class=\"wp-container-content-72558541\">\n <\/div>\n\n\n\n\n\n\n<p><\/p>\n","protected":false},"excerpt":{"rendered":"","protected":false},"author":125,"featured_media":0,"parent":0,"menu_order":0,"comment_status":"closed","ping_status":"closed","template":"","meta":{"_acf_changed":false,"footnotes":""},"class_list":["post-781","page","type-page","status-publish","hentry","entry"],"acf":[],"yoast_head":"<!-- This site is optimized with the Yoast SEO plugin v26.8 - https:\/\/yoast.com\/product\/yoast-seo-wordpress\/ -->\n<title>Transparentnost ve vztaz\u00edch a z\u00e1jmech - Czech Republic<\/title>\n<meta name=\"robots\" content=\"index, follow, max-snippet:-1, max-image-preview:large, max-video-preview:-1\" \/>\n<link rel=\"canonical\" href=\"https:\/\/www.ipsen.com\/czc\/transparentnost-ve-vztazich-a-zajmech\/\" \/>\n<meta property=\"og:locale\" content=\"cs_CZ\" \/>\n<meta property=\"og:type\" content=\"article\" \/>\n<meta property=\"og:title\" content=\"Transparentnost ve vztaz\u00edch a z\u00e1jmech - Czech Republic\" \/>\n<meta property=\"og:url\" content=\"https:\/\/www.ipsen.com\/czc\/transparentnost-ve-vztazich-a-zajmech\/\" \/>\n<meta property=\"og:site_name\" content=\"Czech Republic\" \/>\n<meta property=\"article:modified_time\" content=\"2026-02-10T15:16:18+00:00\" \/>\n<meta name=\"twitter:card\" content=\"summary_large_image\" \/>\n<meta name=\"twitter:label1\" content=\"Est. reading time\" \/>\n\t<meta name=\"twitter:data1\" content=\"2 minutes\" \/>\n<script type=\"application\/ld+json\" class=\"yoast-schema-graph\">{\"@context\":\"https:\/\/schema.org\",\"@graph\":[{\"@type\":\"WebPage\",\"@id\":\"https:\/\/www.ipsen.com\/czc\/transparentnost-ve-vztazich-a-zajmech\/\",\"url\":\"https:\/\/www.ipsen.com\/czc\/transparentnost-ve-vztazich-a-zajmech\/\",\"name\":\"Transparentnost ve vztaz\u00edch a z\u00e1jmech - Czech Republic\",\"isPartOf\":{\"@id\":\"https:\/\/www.ipsen.com\/czc\/#website\"},\"datePublished\":\"2026-02-10T12:30:09+00:00\",\"dateModified\":\"2026-02-10T15:16:18+00:00\",\"breadcrumb\":{\"@id\":\"https:\/\/www.ipsen.com\/czc\/transparentnost-ve-vztazich-a-zajmech\/#breadcrumb\"},\"inLanguage\":\"cs-CZ\",\"potentialAction\":[{\"@type\":\"ReadAction\",\"target\":[\"https:\/\/www.ipsen.com\/czc\/transparentnost-ve-vztazich-a-zajmech\/\"]}]},{\"@type\":\"BreadcrumbList\",\"@id\":\"https:\/\/www.ipsen.com\/czc\/transparentnost-ve-vztazich-a-zajmech\/#breadcrumb\",\"itemListElement\":[{\"@type\":\"ListItem\",\"position\":1,\"name\":\"Home\",\"item\":\"https:\/\/www.ipsen.com\/czc\/\"},{\"@type\":\"ListItem\",\"position\":2,\"name\":\"Transparentnost ve vztaz\u00edch a z\u00e1jmech\"}]},{\"@type\":\"WebSite\",\"@id\":\"https:\/\/www.ipsen.com\/czc\/#website\",\"url\":\"https:\/\/www.ipsen.com\/czc\/\",\"name\":\"Czech Republic\",\"description\":\"\",\"publisher\":{\"@id\":\"https:\/\/www.ipsen.com\/czc\/#organization\"},\"potentialAction\":[{\"@type\":\"SearchAction\",\"target\":{\"@type\":\"EntryPoint\",\"urlTemplate\":\"https:\/\/www.ipsen.com\/czc\/?s={search_term_string}\"},\"query-input\":{\"@type\":\"PropertyValueSpecification\",\"valueRequired\":true,\"valueName\":\"search_term_string\"}}],\"inLanguage\":\"cs-CZ\"},{\"@type\":\"Organization\",\"@id\":\"https:\/\/www.ipsen.com\/czc\/#organization\",\"name\":\"Czech Republic\",\"url\":\"https:\/\/www.ipsen.com\/czc\/\",\"logo\":{\"@type\":\"ImageObject\",\"inLanguage\":\"cs-CZ\",\"@id\":\"https:\/\/www.ipsen.com\/czc\/#\/schema\/logo\/image\/\",\"url\":\"https:\/\/www.ipsen.com\/czc\/wp-content\/uploads\/sites\/23\/2025\/09\/Logo-Ipsen-new.svg\",\"contentUrl\":\"https:\/\/www.ipsen.com\/czc\/wp-content\/uploads\/sites\/23\/2025\/09\/Logo-Ipsen-new.svg\",\"caption\":\"Czech Republic\"},\"image\":{\"@id\":\"https:\/\/www.ipsen.com\/czc\/#\/schema\/logo\/image\/\"}}]}<\/script>\n<!-- \/ Yoast SEO plugin. -->","yoast_head_json":{"title":"Transparentnost ve vztaz\u00edch a z\u00e1jmech - Czech Republic","robots":{"index":"index","follow":"follow","max-snippet":"max-snippet:-1","max-image-preview":"max-image-preview:large","max-video-preview":"max-video-preview:-1"},"canonical":"https:\/\/www.ipsen.com\/czc\/transparentnost-ve-vztazich-a-zajmech\/","og_locale":"cs_CZ","og_type":"article","og_title":"Transparentnost ve vztaz\u00edch a z\u00e1jmech - Czech Republic","og_url":"https:\/\/www.ipsen.com\/czc\/transparentnost-ve-vztazich-a-zajmech\/","og_site_name":"Czech Republic","article_modified_time":"2026-02-10T15:16:18+00:00","twitter_card":"summary_large_image","twitter_misc":{"Est. reading time":"2 minutes"},"schema":{"@context":"https:\/\/schema.org","@graph":[{"@type":"WebPage","@id":"https:\/\/www.ipsen.com\/czc\/transparentnost-ve-vztazich-a-zajmech\/","url":"https:\/\/www.ipsen.com\/czc\/transparentnost-ve-vztazich-a-zajmech\/","name":"Transparentnost ve vztaz\u00edch a z\u00e1jmech - Czech Republic","isPartOf":{"@id":"https:\/\/www.ipsen.com\/czc\/#website"},"datePublished":"2026-02-10T12:30:09+00:00","dateModified":"2026-02-10T15:16:18+00:00","breadcrumb":{"@id":"https:\/\/www.ipsen.com\/czc\/transparentnost-ve-vztazich-a-zajmech\/#breadcrumb"},"inLanguage":"cs-CZ","potentialAction":[{"@type":"ReadAction","target":["https:\/\/www.ipsen.com\/czc\/transparentnost-ve-vztazich-a-zajmech\/"]}]},{"@type":"BreadcrumbList","@id":"https:\/\/www.ipsen.com\/czc\/transparentnost-ve-vztazich-a-zajmech\/#breadcrumb","itemListElement":[{"@type":"ListItem","position":1,"name":"Home","item":"https:\/\/www.ipsen.com\/czc\/"},{"@type":"ListItem","position":2,"name":"Transparentnost ve vztaz\u00edch a z\u00e1jmech"}]},{"@type":"WebSite","@id":"https:\/\/www.ipsen.com\/czc\/#website","url":"https:\/\/www.ipsen.com\/czc\/","name":"Czech Republic","description":"","publisher":{"@id":"https:\/\/www.ipsen.com\/czc\/#organization"},"potentialAction":[{"@type":"SearchAction","target":{"@type":"EntryPoint","urlTemplate":"https:\/\/www.ipsen.com\/czc\/?s={search_term_string}"},"query-input":{"@type":"PropertyValueSpecification","valueRequired":true,"valueName":"search_term_string"}}],"inLanguage":"cs-CZ"},{"@type":"Organization","@id":"https:\/\/www.ipsen.com\/czc\/#organization","name":"Czech Republic","url":"https:\/\/www.ipsen.com\/czc\/","logo":{"@type":"ImageObject","inLanguage":"cs-CZ","@id":"https:\/\/www.ipsen.com\/czc\/#\/schema\/logo\/image\/","url":"https:\/\/www.ipsen.com\/czc\/wp-content\/uploads\/sites\/23\/2025\/09\/Logo-Ipsen-new.svg","contentUrl":"https:\/\/www.ipsen.com\/czc\/wp-content\/uploads\/sites\/23\/2025\/09\/Logo-Ipsen-new.svg","caption":"Czech Republic"},"image":{"@id":"https:\/\/www.ipsen.com\/czc\/#\/schema\/logo\/image\/"}}]}},"parsely":{"version":"1.1.0","canonical_url":"https:\/\/ipsen.com\/czc\/transparentnost-ve-vztazich-a-zajmech\/","smart_links":{"inbound":0,"outbound":0},"traffic_boost_suggestions_count":0,"meta":{"@context":"https:\/\/schema.org","@type":"WebPage","headline":"Transparentnost ve vztaz\u00edch a z\u00e1jmech","url":"http:\/\/www.ipsen.com\/czc\/transparentnost-ve-vztazich-a-zajmech\/","mainEntityOfPage":{"@type":"WebPage","@id":"http:\/\/www.ipsen.com\/czc\/transparentnost-ve-vztazich-a-zajmech\/"},"thumbnailUrl":"","image":{"@type":"ImageObject","url":""},"articleSection":"Uncategorized @cs","author":[{"@type":"Person","name":"antonio"}],"creator":["antonio"],"publisher":{"@type":"Organization","name":"Czech Republic","logo":""},"keywords":[],"dateCreated":"2026-02-10T12:30:09Z","datePublished":"2026-02-10T12:30:09Z","dateModified":"2026-02-10T15:16:18Z"},"rendered":"<script type=\"application\/ld+json\" class=\"wp-parsely-metadata\">{\"@context\":\"https:\\\/\\\/schema.org\",\"@type\":\"WebPage\",\"headline\":\"Transparentnost ve vztaz\\u00edch a z\\u00e1jmech\",\"url\":\"http:\\\/\\\/www.ipsen.com\\\/czc\\\/transparentnost-ve-vztazich-a-zajmech\\\/\",\"mainEntityOfPage\":{\"@type\":\"WebPage\",\"@id\":\"http:\\\/\\\/www.ipsen.com\\\/czc\\\/transparentnost-ve-vztazich-a-zajmech\\\/\"},\"thumbnailUrl\":\"\",\"image\":{\"@type\":\"ImageObject\",\"url\":\"\"},\"articleSection\":\"Uncategorized @cs\",\"author\":[{\"@type\":\"Person\",\"name\":\"antonio\"}],\"creator\":[\"antonio\"],\"publisher\":{\"@type\":\"Organization\",\"name\":\"Czech Republic\",\"logo\":\"\"},\"keywords\":[],\"dateCreated\":\"2026-02-10T12:30:09Z\",\"datePublished\":\"2026-02-10T12:30:09Z\",\"dateModified\":\"2026-02-10T15:16:18Z\"}<\/script>","tracker_url":"https:\/\/cdn.parsely.com\/keys\/ipsen.com\/p.js"},"_links":{"self":[{"href":"https:\/\/www.ipsen.com\/czc\/wp-json\/wp\/v2\/pages\/781","targetHints":{"allow":["GET"]}}],"collection":[{"href":"https:\/\/www.ipsen.com\/czc\/wp-json\/wp\/v2\/pages"}],"about":[{"href":"https:\/\/www.ipsen.com\/czc\/wp-json\/wp\/v2\/types\/page"}],"author":[{"embeddable":true,"href":"https:\/\/www.ipsen.com\/czc\/wp-json\/wp\/v2\/users\/125"}],"replies":[{"embeddable":true,"href":"https:\/\/www.ipsen.com\/czc\/wp-json\/wp\/v2\/comments?post=781"}],"version-history":[{"count":19,"href":"https:\/\/www.ipsen.com\/czc\/wp-json\/wp\/v2\/pages\/781\/revisions"}],"predecessor-version":[{"id":826,"href":"https:\/\/www.ipsen.com\/czc\/wp-json\/wp\/v2\/pages\/781\/revisions\/826"}],"wp:attachment":[{"href":"https:\/\/www.ipsen.com\/czc\/wp-json\/wp\/v2\/media?parent=781"}],"curies":[{"name":"wp","href":"https:\/\/api.w.org\/{rel}","templated":true}]}}