{"id":46,"date":"2025-11-24T08:17:17","date_gmt":"2025-11-24T06:17:17","guid":{"rendered":"https:\/\/www.ipsen.com\/czc\/?page_id=46"},"modified":"2026-02-24T15:51:10","modified_gmt":"2026-02-24T13:51:10","slug":"podminky-pouziti","status":"publish","type":"page","link":"https:\/\/www.ipsen.com\/czc\/podminky-pouziti\/","title":{"rendered":"Podm\u00ednky pou\u017eit\u00ed"},"content":{"rendered":"    <section class=\"sub-page-banner \" style=\"background: linear-gradient(93.64deg, #224A81 2.99%, #2797D3 97.01%)\">\n        <div class=\"container content-sec\">\n            <nav aria-label=\"breadcrumb\">\n            <ol class=\"breadcrumb\">\n                <li class=\"breadcrumb-item\"><a href=\"https:\/\/www.ipsen.com\/czc\">Dom\u016f<\/a><\/li><li class=\"breadcrumb-item active\"><a class=\"link-pointer-events-none\" href=\"#\" aria-current=\"page\">Podm\u00ednky pou\u017eit\u00ed<\/a><\/li><\/ol>\n            <\/nav>            <h1 class=\"visible\">Podm\u00ednky pou\u017eit\u00ed<\/h1>\n            <p class=\"hidden\"><\/p>\n        <\/div>\n    <\/section>\n\n\n\n<div class=\"wp-block-columns is-layout-flex wp-container-core-columns-is-layout-9d6595d7 wp-block-columns-is-layout-flex\">\n<div class=\"wp-block-column is-layout-flow wp-block-column-is-layout-flow\">\n<p><strong>P\u0159ijet\u00ed podm\u00ednek<\/strong><\/p>\n\n\n\n<p>Firemn\u00ed webov\u00e1 str\u00e1nka ipsen.com\/czc (\u201eWeb\u201c) byla vyvinuta a je provozov\u00e1na spole\u010dnost\u00ed Ipsen Pharma, 65 Quai Georges Gorse 92100 Boulogne-Billancourt (d\u00e1le jen \u201eIpsen\u201c, spole\u010dn\u011b s jej\u00edmi p\u0159idru\u017een\u00fdmi spole\u010dnostmi). V\u00e1\u0161 p\u0159\u00edstup k tomuto Webu a jeho pou\u017e\u00edv\u00e1n\u00ed se \u0159\u00edd\u00ed n\u00e1sleduj\u00edc\u00edmi Podm\u00ednkami pou\u017eit\u00ed a v\u0161emi p\u0159\u00edslu\u0161n\u00fdmi pr\u00e1vn\u00edmi p\u0159edpisy.Vstupem na tento Web p\u0159ij\u00edm\u00e1te bez omezen\u00ed a v\u00fdhrad tyto Podm\u00ednky pou\u017eit\u00ed.<\/p>\n\n\n\n<p><strong>Pou\u017eit\u00ed informac\u00ed<\/strong><\/p>\n\n\n\n<p>Firemn\u00ed webov\u00e1 str\u00e1nka je str\u00e1nka vlastn\u011bn\u00e1 spole\u010dnost\u00ed Ipsen, kter\u00e1 poskytuje obecn\u00e9 informace o spole\u010dnosti Ipsen, jej\u00edch produktech a slu\u017eb\u00e1ch. Informace na firemn\u00edm webu zahrnuj\u00ed:<\/p>\n\n\n\n<ul class=\"wp-block-list\">\n<li>Novinky a tiskov\u00e9 zpr\u00e1vy<\/li>\n\n\n\n<li>Vizi, strategii a z\u00e1vazky<\/li>\n\n\n\n<li>Popis terapeutick\u00fdch oblast\u00ed, kl\u00ed\u010dov\u00e1 fakta a strategii<\/li>\n\n\n\n<li>Popisy strategie v\u00fdzkumu a v\u00fdvoje, odborn\u00fdch znalost\u00ed, center a v\u00fdvoje produkt\u016f<\/li>\n\n\n\n<li>Informace pro potenci\u00e1ln\u00ed zam\u011bstnance<\/li>\n\n\n\n<li>Seznam v\u0161ech produkt\u016f Ipsen<\/li>\n\n\n\n<li>Finan\u010dn\u00ed informace<\/li>\n\n\n\n<li>Informace o transparentnosti zve\u0159ej\u0148ov\u00e1n\u00ed<\/li>\n<\/ul>\n\n\n\n<p>Nesm\u00edte \u017e\u00e1dn\u00e9 informace z t\u00e9to webov\u00e9 str\u00e1nky distribuovat, upravovat, p\u0159en\u00e1\u0161et, znovu pou\u017e\u00edvat, znovu zve\u0159ej\u0148ovat ani pou\u017e\u00edvat pro komer\u010dn\u00ed \u00fa\u010dely. M\u011bli byste p\u0159edpokl\u00e1dat, \u017ee v\u0161e, co na t\u00e9to webov\u00e9 str\u00e1nce vid\u00edte nebo \u010dtete, je chr\u00e1n\u011bno autorsk\u00fdm pr\u00e1vem, pokud nen\u00ed uvedeno jinak, a nesm\u00ed b\u00fdt pou\u017eito jinak ne\u017e v souladu s t\u011bmito Podm\u00ednkami.<\/p>\n\n\n\n<p>S v\u00fdjimkou p\u0159\u00edpad\u016f v\u00fdslovn\u011b povolen\u00fdch v tomto odstavci spole\u010dnost Ipsen neposkytuje \u017e\u00e1dnou z\u00e1ruku ani prohl\u00e1\u0161en\u00ed o tom, \u017ee va\u0161e pou\u017e\u00edv\u00e1n\u00ed materi\u00e1l\u016f zobrazen\u00fdch na t\u00e9to webov\u00e9 str\u00e1nce nebude poru\u0161ovat pr\u00e1va t\u0159et\u00edch stran, kter\u00e9 nejsou ve vlastnictv\u00ed ani ve vztahu k\u202fspole\u010dnosti Ipsen. S v\u00fdjimkou v\u00fd\u0161e uveden\u00e9ho omezen\u00e9ho povolen\u00ed v\u00e1m nen\u00ed ud\u011blena ani poskytnuta \u017e\u00e1dn\u00e1 licence \u010di pr\u00e1vo k informac\u00edm ani k jak\u00fdmkoli autorsk\u00fdm pr\u00e1v\u016fm spole\u010dnosti Ipsen nebo jak\u00e9koli jin\u00e9 strany.<\/p>\n\n\n\n<p>Tato webov\u00e1 str\u00e1nka m\u016f\u017ee obsahovat nebo odkazovat na vlastnick\u00e9 informace, technologie, produkty, procesy nebo jin\u00e1 vlastnick\u00e1 pr\u00e1va spole\u010dnosti Ipsen a\/nebo dal\u0161\u00edch stran. Nen\u00ed v\u00e1m ud\u011blena ani poskytnuta \u017e\u00e1dn\u00e1 licence \u010di pr\u00e1vo k\u202fjak\u00fdmkoli takov\u00fdm ochrann\u00fdm zn\u00e1mk\u00e1m, patent\u016fm, obchodn\u00edm tajemstv\u00edm, technologi\u00edm, produkt\u016fm, proces\u016fm \u010di jin\u00fdm vlastnick\u00fdm pr\u00e1v\u016fm spole\u010dnosti Ipsen a\/nebo jin\u00fdch stran.<\/p>\n\n\n\n<p>Informace obsa\u017een\u00e9 na t\u00e9to webov\u00e9 str\u00e1nce jsou ur\u010deny v\u0161em kategori\u00edm u\u017eivatel\u016f a jsou poskytov\u00e1ny pouze pro informa\u010dn\u00ed \u00fa\u010dely. V \u017e\u00e1dn\u00e9m p\u0159\u00edpad\u011b nemaj\u00ed za c\u00edl:<\/p>\n\n\n\n<ul class=\"wp-block-list\">\n<li>poskytnout l\u00e9ka\u0159sk\u00fd n\u00e1zor;<\/li>\n\n\n\n<li>stanovit diagn\u00f3zu;<\/li>\n\n\n\n<li>nahradit konzultaci, n\u00e1zor nebo doporu\u010den\u00ed zdravotnick\u00e9ho pracovn\u00edka;<\/li>\n\n\n\n<li>doporu\u010dovat \u010di propagovat pou\u017e\u00edv\u00e1n\u00ed jak\u00e9hokoli produktu nebo slu\u017eby spole\u010dnosti Ipsen.<\/li>\n<\/ul>\n\n\n\n<p>Je nezbytn\u00e9 \u0159\u00eddit se radami nebo se poradit se sv\u00fdm l\u00e9ka\u0159em \u010di jin\u00fdm zdravotnick\u00fdm odborn\u00edkem p\u0159ed pou\u017eit\u00edm jak\u00e9hokoli produktu uveden\u00e9ho na t\u00e9to webov\u00e9 str\u00e1nce.<\/p>\n\n\n\n<p><\/p>\n\n\n\n<p><strong>Vylou\u010den\u00ed z\u00e1ruk<\/strong><\/p>\n\n\n\n<p>A\u010dkoli se spole\u010dnost Ipsen sna\u017e\u00ed vynalo\u017eit p\u0159im\u011b\u0159en\u00e9 \u00fasil\u00ed, aby zajistila, \u017ee informace uveden\u00e9 na t\u00e9to webov\u00e9 str\u00e1nce jsou p\u0159esn\u00e9 a aktu\u00e1ln\u00ed, mohou tyto informace obsahovat nep\u0159esnosti nebo typografick\u00e9 chyby. Spole\u010dnost Ipsen si vyhrazuje pr\u00e1vo kdykoli bez p\u0159edchoz\u00edho upozorn\u011bn\u00ed prov\u00e1d\u011bt zm\u011bny, opravy a\/nebo vylep\u0161en\u00ed t\u011bchto informac\u00ed. Spole\u010dnost Ipsen neposkytuje \u017e\u00e1dn\u00e9 z\u00e1ruky ani prohl\u00e1\u0161en\u00ed ohledn\u011b p\u0159esnosti jak\u00fdchkoli informac\u00ed a nep\u0159eb\u00edr\u00e1 \u017e\u00e1dnou odpov\u011bdnost za chyby \u010di opomenut\u00ed v obsahu t\u00e9to webov\u00e9 str\u00e1nky.<\/p>\n\n\n\n<!--Alert Card Layout Start Here-->\n<section class=\"alertcard-section\">\n      <div class=\"container\">\n        <!--Alert Box HTML Start Here-->\n        <div class=\"alert-box warning-box\">\n                    <div class=\"info-icon\">\n              <span class=\"info-circle\"><img decoding=\"async\" src=\"https:\/\/www.ipsen.com\/czc\/wp-content\/themes\/ipsen-main\/dist\/images\/alert-warning-icon.png\" alt=\"Alert\"\/><\/i>\n            <\/div>\n                    <div class=\"info-contents\">\n          <h4 role=\"heading\" aria-level=\"2\" class=\"info-head heading-four heading-four\"><\/h4>\n            <p class=\"info-sub-head-para hidden heading-para\"><\/p>\n            <div class=\"alert-content visible\"><p>VE\u0160KER\u00c9 INFORMACE JSOU POSKYTOV\u00c1NY \u201aTAK, JAK JSOU. SPOLE\u010cNOST IPSEN NEPOSKYTUJE \u017d\u00c1DN\u00c9 Z\u00c1RUKY OHLEDN\u011a \u00daPLNOSTI NEBO P\u0158ESNOSTI INFORMAC\u00cd NA T\u00c9TO WEBOV\u00c9 STR\u00c1NCE ANI JEJICH MO\u017dN\u00ddCH POU\u017dIT\u00cd. U\u017dIVATEL\u00c9 BY PROTO M\u011aLI TYTO INFORMACE P\u0158ED POU\u017dIT\u00cdM PE\u010cLIV\u011a ZHODNOTIT. POU\u017d\u00cdV\u00c1TE JE NA VLASTN\u00cd UV\u00c1\u017dEN\u00cd A RIZIKO. V MAXIM\u00c1LN\u00cdM ROZSAHU POVOLEN\u00c9M Z\u00c1KONEM SPOLE\u010cNOST IPSEN, JAK\u00c1KOLI JIN\u00c1 SPOLE\u010cNOST SKUPINY IPSEN A JAK\u00c1KOLI JIN\u00c1 STRANA POD\u00cdLEJ\u00cdC\u00cd SE NA VYTVO\u0158EN\u00cd, PRODUKCI NEBO DOD\u00c1N\u00cd T\u00c9TO WEBOV\u00c9 STR\u00c1NKY ODM\u00cdTAJ\u00cd JAK\u00c9KOLIV Z\u00c1RUKY \u010cI ODPOV\u011aDNOST ZA JAK\u00c9KOLIV P\u0158\u00cdM\u00c9, NAHODIL\u00c9, N\u00c1SLEDN\u00c9, NEP\u0158\u00cdM\u00c9 NEBO SANK\u010cN\u00cd \u0160KODY VYPL\u00ddVAJ\u00cdC\u00cd Z P\u0158\u00cdSTUPU K T\u00c9TO WEBOV\u00c9 STR\u00c1NCE, JEJ\u00cdHO POU\u017d\u00cdV\u00c1N\u00cd NEBO NEMO\u017dNOSTI JI POU\u017d\u00cdT, NEBO Z JAK\u00ddCHKOLI CHYB \u010cI OPOMENUT\u00cd V JEJ\u00cdM OBSAHU.<\/p>\n<\/div>\n          <\/div>\n        <\/div>\n        <!--Alert Box HTML Start Here-->\n      <\/div>\n    <\/section>\n<!--Alert Card Layout End Here-->\n\n\n\n<p>Spole\u010dnost Ipsen rovn\u011b\u017e nep\u0159eb\u00edr\u00e1 \u017e\u00e1dnou odpov\u011bdnost a nenese odpov\u011bdnost za jak\u00e9koli \u0161kody nebo viry, kter\u00e9 mohou po\u0161kodit va\u0161e za\u0159\u00edzen\u00ed \u010di jin\u00fd majetek v d\u016fsledku va\u0161eho p\u0159\u00edstupu k\u202finformac\u00edm nebo jejich pou\u017e\u00edv\u00e1n\u00ed.<\/p>\n\n\n\n<p><\/p>\n\n\n\n<p><strong>Informace, kter\u00e9 poskytnete<\/strong><\/p>\n\n\n\n<p>S v\u00fdjimkou informac\u00ed, na kter\u00e9 se vztahuj\u00ed Z\u00e1sady ochrany osobn\u00edch \u00fadaj\u016f, pokud jsou pou\u017eiteln\u00e9, budou jak\u00e9koli sd\u011blen\u00ed nebo materi\u00e1ly, kter\u00e9 na tuto webovou str\u00e1nku ode\u0161lete \u2014 v\u010detn\u011b jak\u00fdchkoli \u00fadaj\u016f, dotaz\u016f, koment\u00e1\u0159\u016f, n\u00e1vrh\u016f \u010di podobn\u00fdch informac\u00ed \u2014 pova\u017eov\u00e1ny za ned\u016fv\u011brn\u00e9 a nevlastnick\u00e9.<\/p>\n\n\n\n<p><\/p>\n\n\n\n<p><strong>D\u016fsledky<\/strong><\/p>\n\n\n\n<p>Pokud se spole\u010dnost Ipsen dozv\u00ed, \u017ee jste poru\u0161ili jak\u00e9koli z t\u011bchto Podm\u00ednek, m\u016f\u017ee okam\u017eit\u011b p\u0159ijmout n\u00e1pravn\u00e1 opat\u0159en\u00ed, v\u010detn\u011b zamezen\u00ed u\u017eivateli v pou\u017e\u00edv\u00e1n\u00ed t\u00e9to webov\u00e9 str\u00e1nky, a to kdykoli a bez p\u0159edchoz\u00edho upozorn\u011bn\u00ed. Pokud byla spole\u010dnost Ipsen va\u0161\u00edm poru\u0161en\u00edm dot\u010dena nebo po\u0161kozena, m\u016f\u017ee se podle vlastn\u00edho uv\u00e1\u017een\u00ed dom\u00e1hat n\u00e1hrady \u0161kody.<\/p>\n\n\n\n<p><\/p>\n\n\n\n<p><strong>Revize<\/strong><\/p>\n\n\n\n<p>Spole\u010dnost Ipsen m\u016f\u017ee kdykoli revidovat tyto Podm\u00ednky aktualizac\u00ed tohoto ozn\u00e1men\u00ed a informov\u00e1n\u00edm u\u017eivatele p\u0159im\u011b\u0159en\u00fdmi prost\u0159edky (nap\u0159\u00edklad e\u2011mailem nebo vyskakovac\u00edm oknem na webov\u00e9 str\u00e1nce, ve kter\u00e9m budete po\u017e\u00e1d\u00e1ni o ud\u011blen\u00ed souhlasu s upravenou verz\u00ed). Revidovan\u00e9 Podm\u00ednky nab\u00fdvaj\u00ed \u00fa\u010dinnosti do 30 kalend\u00e1\u0159n\u00edch dn\u016f od takov\u00e9 aktualizace. Pokud s nov\u00fdmi Podm\u00ednkami nesouhlas\u00edte, m\u011bli byste to ozna\u010dit prost\u0159ednictv\u00edm mechanismu uveden\u00e9ho v p\u0159\u00edslu\u0161n\u00e9m e\u2011mailu nebo vyskakovac\u00edm okn\u011b a n\u00e1sledn\u011b p\u0159estat na webovou str\u00e1nku p\u0159istupovat a pou\u017e\u00edvat ji. Tuto str\u00e1nku byste m\u011bli pravideln\u011b nav\u0161t\u011bvovat, abyste si prohl\u00e9dli aktu\u00e1ln\u00ed Podm\u00ednky, jimi\u017e jste v\u00e1z\u00e1ni.<\/p>\n\n\n\n<p>Spole\u010dnost Ipsen si vyhrazuje pr\u00e1vo kdykoli tuto webovou str\u00e1nku ukon\u010dit bez jak\u00e9koli odpov\u011bdnosti v\u016f\u010di v\u00e1m nebo komukoli jin\u00e9mu. O takov\u00e9m ukon\u010den\u00ed budete p\u0159edem informov\u00e1ni.<\/p>\n\n\n\n<p><\/p>\n\n\n\n<p><strong>Kredity<\/strong><\/p>\n\n\n\n<p><strong>Fotografie a ilustrace:<\/strong> Ipsen Group<br><strong>Videa:<\/strong> Ipsen Group<br><strong>Fotografie:<\/strong> Ipsen Group, CAPA Pictures, Corbis<\/p>\n\n\n\n<p><\/p>\n\n\n\n<p><strong>Du\u0161evn\u00ed vlastnictv\u00ed<\/strong><\/p>\n\n\n\n<p>Obsah t\u00e9to webov\u00e9 str\u00e1nky je pln\u011b chr\u00e1n\u011bn p\u0159\u00edslu\u0161n\u00fdmi pr\u00e1vy du\u0161evn\u00edho vlastnictv\u00ed. Jak\u00e9koli materi\u00e1ly obsa\u017een\u00e9 na t\u00e9to webov\u00e9 str\u00e1nce nesm\u00ed b\u00fdt reprodukov\u00e1ny, zobrazov\u00e1ny ani jinak pou\u017e\u00edv\u00e1ny \u017e\u00e1dn\u00fdm zp\u016fsobem bez p\u0159edchoz\u00edho p\u00edsemn\u00e9ho souhlasu spole\u010dnosti Ipsen.<\/p>\n\n\n<p><\/p>\n<p><strong>Odd\u011blitelnost\u201c<\/strong><\/p>\n\n\n\n<p>Neplatnost nebo nevymahatelnost jak\u00e9hokoli ustanoven\u00ed t\u011bchto Podm\u00ednek nem\u00e1 vliv na platnost nebo vymahatelnost jak\u00e9hokoli jin\u00e9ho ustanoven\u00ed, kter\u00e9 z\u016fst\u00e1v\u00e1 nad\u00e1le pln\u011b \u00fa\u010dinn\u00e9, s\u202fv\u00fdjimkou p\u0159\u00edpad\u016f, kdy se neplatnost nebo nevymahatelnost t\u00fdk\u00e1 podstatn\u00e9ho ustanoven\u00ed t\u011bchto Podm\u00ednek.<\/p>\n\n\n\n<p><\/p>\n\n\n\n<p><\/p>\n\n\n\n<!--Alert Card Layout Start Here-->\n<section class=\"alertcard-section\">\n      <div class=\"container\">\n        <!--Alert Box HTML Start Here-->\n        <div class=\"alert-box general-box\">\n                    <div class=\"info-icon\">\n              <span class=\"info-circle\"><img decoding=\"async\" src=\"https:\/\/www.ipsen.com\/czc\/wp-content\/themes\/ipsen-main\/dist\/images\/alert-info-icon.png\" alt=\"Alert\"\/><\/i>\n            <\/div>\n                    <div class=\"info-contents\">\n          <h4 role=\"heading\" aria-level=\"2\" class=\"info-head heading-four heading-four\"><\/h4>\n            <p class=\"info-sub-head-para hidden heading-para\"><\/p>\n            <div class=\"alert-content visible\"><p>Posledn\u00ed aktualizace: 3. kv\u011btna 2023<\/p>\n<\/div>\n          <\/div>\n        <\/div>\n        <!--Alert Box HTML Start Here-->\n      <\/div>\n    <\/section>\n<!--Alert Card Layout End Here-->\n<\/div>\n<\/div>\n<!-- \/wp:post-content -->","protected":false},"excerpt":{"rendered":"","protected":false},"author":2,"featured_media":0,"parent":0,"menu_order":0,"comment_status":"closed","ping_status":"closed","template":"","meta":{"_acf_changed":false,"footnotes":""},"class_list":["post-46","page","type-page","status-publish","hentry","entry"],"acf":[],"yoast_head":"<!-- This site is optimized with the Yoast SEO plugin v26.8 - https:\/\/yoast.com\/product\/yoast-seo-wordpress\/ -->\n<title>Podm\u00ednky pou\u017eit\u00ed - Czech Republic<\/title>\n<meta name=\"robots\" content=\"index, follow, max-snippet:-1, max-image-preview:large, max-video-preview:-1\" \/>\n<link rel=\"canonical\" href=\"https:\/\/www.ipsen.com\/czc\/podminky-pouziti\/\" \/>\n<meta property=\"og:locale\" content=\"cs_CZ\" \/>\n<meta property=\"og:type\" content=\"article\" \/>\n<meta property=\"og:title\" content=\"Podm\u00ednky pou\u017eit\u00ed - Czech Republic\" \/>\n<meta property=\"og:url\" content=\"https:\/\/www.ipsen.com\/czc\/podminky-pouziti\/\" \/>\n<meta property=\"og:site_name\" content=\"Czech Republic\" \/>\n<meta property=\"article:modified_time\" content=\"2026-02-24T13:51:10+00:00\" \/>\n<meta name=\"twitter:card\" content=\"summary_large_image\" \/>\n<meta name=\"twitter:label1\" content=\"Est. reading time\" \/>\n\t<meta name=\"twitter:data1\" content=\"4 minutes\" \/>\n<script type=\"application\/ld+json\" class=\"yoast-schema-graph\">{\"@context\":\"https:\/\/schema.org\",\"@graph\":[{\"@type\":\"WebPage\",\"@id\":\"https:\/\/www.ipsen.com\/czc\/podminky-pouziti\/\",\"url\":\"https:\/\/www.ipsen.com\/czc\/podminky-pouziti\/\",\"name\":\"Podm\u00ednky pou\u017eit\u00ed - Czech Republic\",\"isPartOf\":{\"@id\":\"https:\/\/www.ipsen.com\/czc\/#website\"},\"datePublished\":\"2025-11-24T06:17:17+00:00\",\"dateModified\":\"2026-02-24T13:51:10+00:00\",\"breadcrumb\":{\"@id\":\"https:\/\/www.ipsen.com\/czc\/podminky-pouziti\/#breadcrumb\"},\"inLanguage\":\"cs-CZ\",\"potentialAction\":[{\"@type\":\"ReadAction\",\"target\":[\"https:\/\/www.ipsen.com\/czc\/podminky-pouziti\/\"]}]},{\"@type\":\"BreadcrumbList\",\"@id\":\"https:\/\/www.ipsen.com\/czc\/podminky-pouziti\/#breadcrumb\",\"itemListElement\":[{\"@type\":\"ListItem\",\"position\":1,\"name\":\"Home\",\"item\":\"https:\/\/www.ipsen.com\/czc\/\"},{\"@type\":\"ListItem\",\"position\":2,\"name\":\"Podm\u00ednky pou\u017eit\u00ed\"}]},{\"@type\":\"WebSite\",\"@id\":\"https:\/\/www.ipsen.com\/czc\/#website\",\"url\":\"https:\/\/www.ipsen.com\/czc\/\",\"name\":\"Czech Republic\",\"description\":\"\",\"publisher\":{\"@id\":\"https:\/\/www.ipsen.com\/czc\/#organization\"},\"potentialAction\":[{\"@type\":\"SearchAction\",\"target\":{\"@type\":\"EntryPoint\",\"urlTemplate\":\"https:\/\/www.ipsen.com\/czc\/?s={search_term_string}\"},\"query-input\":{\"@type\":\"PropertyValueSpecification\",\"valueRequired\":true,\"valueName\":\"search_term_string\"}}],\"inLanguage\":\"cs-CZ\"},{\"@type\":\"Organization\",\"@id\":\"https:\/\/www.ipsen.com\/czc\/#organization\",\"name\":\"Czech Republic\",\"url\":\"https:\/\/www.ipsen.com\/czc\/\",\"logo\":{\"@type\":\"ImageObject\",\"inLanguage\":\"cs-CZ\",\"@id\":\"https:\/\/www.ipsen.com\/czc\/#\/schema\/logo\/image\/\",\"url\":\"https:\/\/www.ipsen.com\/czc\/wp-content\/uploads\/sites\/23\/2025\/09\/Logo-Ipsen-new.svg\",\"contentUrl\":\"https:\/\/www.ipsen.com\/czc\/wp-content\/uploads\/sites\/23\/2025\/09\/Logo-Ipsen-new.svg\",\"caption\":\"Czech Republic\"},\"image\":{\"@id\":\"https:\/\/www.ipsen.com\/czc\/#\/schema\/logo\/image\/\"}}]}<\/script>\n<!-- \/ Yoast SEO plugin. -->","yoast_head_json":{"title":"Podm\u00ednky pou\u017eit\u00ed - Czech Republic","robots":{"index":"index","follow":"follow","max-snippet":"max-snippet:-1","max-image-preview":"max-image-preview:large","max-video-preview":"max-video-preview:-1"},"canonical":"https:\/\/www.ipsen.com\/czc\/podminky-pouziti\/","og_locale":"cs_CZ","og_type":"article","og_title":"Podm\u00ednky pou\u017eit\u00ed - Czech Republic","og_url":"https:\/\/www.ipsen.com\/czc\/podminky-pouziti\/","og_site_name":"Czech Republic","article_modified_time":"2026-02-24T13:51:10+00:00","twitter_card":"summary_large_image","twitter_misc":{"Est. reading time":"4 minutes"},"schema":{"@context":"https:\/\/schema.org","@graph":[{"@type":"WebPage","@id":"https:\/\/www.ipsen.com\/czc\/podminky-pouziti\/","url":"https:\/\/www.ipsen.com\/czc\/podminky-pouziti\/","name":"Podm\u00ednky pou\u017eit\u00ed - Czech Republic","isPartOf":{"@id":"https:\/\/www.ipsen.com\/czc\/#website"},"datePublished":"2025-11-24T06:17:17+00:00","dateModified":"2026-02-24T13:51:10+00:00","breadcrumb":{"@id":"https:\/\/www.ipsen.com\/czc\/podminky-pouziti\/#breadcrumb"},"inLanguage":"cs-CZ","potentialAction":[{"@type":"ReadAction","target":["https:\/\/www.ipsen.com\/czc\/podminky-pouziti\/"]}]},{"@type":"BreadcrumbList","@id":"https:\/\/www.ipsen.com\/czc\/podminky-pouziti\/#breadcrumb","itemListElement":[{"@type":"ListItem","position":1,"name":"Home","item":"https:\/\/www.ipsen.com\/czc\/"},{"@type":"ListItem","position":2,"name":"Podm\u00ednky pou\u017eit\u00ed"}]},{"@type":"WebSite","@id":"https:\/\/www.ipsen.com\/czc\/#website","url":"https:\/\/www.ipsen.com\/czc\/","name":"Czech Republic","description":"","publisher":{"@id":"https:\/\/www.ipsen.com\/czc\/#organization"},"potentialAction":[{"@type":"SearchAction","target":{"@type":"EntryPoint","urlTemplate":"https:\/\/www.ipsen.com\/czc\/?s={search_term_string}"},"query-input":{"@type":"PropertyValueSpecification","valueRequired":true,"valueName":"search_term_string"}}],"inLanguage":"cs-CZ"},{"@type":"Organization","@id":"https:\/\/www.ipsen.com\/czc\/#organization","name":"Czech Republic","url":"https:\/\/www.ipsen.com\/czc\/","logo":{"@type":"ImageObject","inLanguage":"cs-CZ","@id":"https:\/\/www.ipsen.com\/czc\/#\/schema\/logo\/image\/","url":"https:\/\/www.ipsen.com\/czc\/wp-content\/uploads\/sites\/23\/2025\/09\/Logo-Ipsen-new.svg","contentUrl":"https:\/\/www.ipsen.com\/czc\/wp-content\/uploads\/sites\/23\/2025\/09\/Logo-Ipsen-new.svg","caption":"Czech Republic"},"image":{"@id":"https:\/\/www.ipsen.com\/czc\/#\/schema\/logo\/image\/"}}]}},"parsely":{"version":"1.1.0","canonical_url":"https:\/\/ipsen.com\/czc\/podminky-pouziti\/","smart_links":{"inbound":0,"outbound":0},"traffic_boost_suggestions_count":0,"meta":{"@context":"https:\/\/schema.org","@type":"WebPage","headline":"Podm\u00ednky pou\u017eit\u00ed","url":"http:\/\/www.ipsen.com\/czc\/podminky-pouziti\/","mainEntityOfPage":{"@type":"WebPage","@id":"http:\/\/www.ipsen.com\/czc\/podminky-pouziti\/"},"thumbnailUrl":"","image":{"@type":"ImageObject","url":""},"articleSection":"Uncategorized @cs","author":[{"@type":"Person","name":"navya"}],"creator":["navya"],"publisher":{"@type":"Organization","name":"Czech Republic","logo":""},"keywords":[],"dateCreated":"2025-11-24T06:17:17Z","datePublished":"2025-11-24T06:17:17Z","dateModified":"2026-02-24T13:51:10Z"},"rendered":"<script type=\"application\/ld+json\" class=\"wp-parsely-metadata\">{\"@context\":\"https:\\\/\\\/schema.org\",\"@type\":\"WebPage\",\"headline\":\"Podm\\u00ednky pou\\u017eit\\u00ed\",\"url\":\"http:\\\/\\\/www.ipsen.com\\\/czc\\\/podminky-pouziti\\\/\",\"mainEntityOfPage\":{\"@type\":\"WebPage\",\"@id\":\"http:\\\/\\\/www.ipsen.com\\\/czc\\\/podminky-pouziti\\\/\"},\"thumbnailUrl\":\"\",\"image\":{\"@type\":\"ImageObject\",\"url\":\"\"},\"articleSection\":\"Uncategorized @cs\",\"author\":[{\"@type\":\"Person\",\"name\":\"navya\"}],\"creator\":[\"navya\"],\"publisher\":{\"@type\":\"Organization\",\"name\":\"Czech Republic\",\"logo\":\"\"},\"keywords\":[],\"dateCreated\":\"2025-11-24T06:17:17Z\",\"datePublished\":\"2025-11-24T06:17:17Z\",\"dateModified\":\"2026-02-24T13:51:10Z\"}<\/script>","tracker_url":"https:\/\/cdn.parsely.com\/keys\/ipsen.com\/p.js"},"_links":{"self":[{"href":"https:\/\/www.ipsen.com\/czc\/wp-json\/wp\/v2\/pages\/46","targetHints":{"allow":["GET"]}}],"collection":[{"href":"https:\/\/www.ipsen.com\/czc\/wp-json\/wp\/v2\/pages"}],"about":[{"href":"https:\/\/www.ipsen.com\/czc\/wp-json\/wp\/v2\/types\/page"}],"author":[{"embeddable":true,"href":"https:\/\/www.ipsen.com\/czc\/wp-json\/wp\/v2\/users\/2"}],"replies":[{"embeddable":true,"href":"https:\/\/www.ipsen.com\/czc\/wp-json\/wp\/v2\/comments?post=46"}],"version-history":[{"count":25,"href":"https:\/\/www.ipsen.com\/czc\/wp-json\/wp\/v2\/pages\/46\/revisions"}],"predecessor-version":[{"id":843,"href":"https:\/\/www.ipsen.com\/czc\/wp-json\/wp\/v2\/pages\/46\/revisions\/843"}],"wp:attachment":[{"href":"https:\/\/www.ipsen.com\/czc\/wp-json\/wp\/v2\/media?parent=46"}],"curies":[{"name":"wp","href":"https:\/\/api.w.org\/{rel}","templated":true}]}}