{"id":38,"date":"2025-11-24T08:15:23","date_gmt":"2025-11-24T06:15:23","guid":{"rendered":"https:\/\/www.ipsen.com\/czc\/?page_id=38"},"modified":"2026-01-29T17:43:05","modified_gmt":"2026-01-29T15:43:05","slug":"nase-produkty","status":"publish","type":"page","link":"https:\/\/www.ipsen.com\/czc\/nase-produkty\/","title":{"rendered":"Na\u0161e produkty"},"content":{"rendered":"    <section class=\"sub-page-banner bg-img-enabled  banner-no-filter\" style=\"background-image:url(https:\/\/www.ipsen.com\/czc\/wp-content\/uploads\/sites\/23\/2026\/01\/Health-Medicines-300x44-1.jpg)\">\n                <div class=\"container content-sec\">\n            <nav aria-label=\"breadcrumb banner-font-color-blue\">\n            <ol class=\"breadcrumb\">\n                <li class=\"breadcrumb-item\"><a href=\"https:\/\/www.ipsen.com\/czc\">Dom\u016f<\/a><\/li><li class=\"breadcrumb-item active\"><a class=\"link-pointer-events-none\" href=\"#\" aria-current=\"page\">Na\u0161e produkty<\/a><\/li><\/ol>\n            <\/nav>            <h1 class=\"visible banner-font-color-white\">Na\u0161e produkty<\/h1>\n            <p class=\"visible banner-font-color-white\">Inovujeme zdravotn\u00ed p\u00e9\u010di tam, kde je pot\u0159eba nejv\u00edce \u2013 zam\u011b\u0159ujeme se na oblasti s vysokou nenapln\u011bnou zdravotn\u00ed pot\u0159ebou a p\u0159in\u00e1\u0161\u00edme \u0159e\u0161en\u00ed, kter\u00e1 zlep\u0161uj\u00ed \u017eivoty pacient\u016f.<\/p>\n        <\/div>\n    <\/section>\n\n\n\n    <section class=\"title-text \">\n        <div class=\"container\">\n            <div class=\"title-text-inner\" style=\"background-color:#EDEBE4;\">\n\n                <!-- If heading is enabled then it's visible -->\n                <div class=\"text-head-dash visible\">\n                <h3 class=\"heading-three\" role=\"heading\" aria-level=\"2\">\n                        Ovlivnit \u017eivoty pacient\u016f                    <\/h3>\n                <\/div>\n               \n                <!-- If description is enabled then it's visible -->\n                <div class=\"text-parbase visible\">\n                    <p>Jsme\u00a0 soust\u0159ed\u011bni na v\u00fdvoj inovativn\u00edch l\u00e9\u010debn\u00fdch postup\u016f v r\u00e1mci na\u0161ich t\u0159\u00ed terapeutick\u00fdch oblast\u00ed: onkologie, neurologie a vz\u00e1cn\u00e1 onemocn\u011bn\u00ed. V\u011b\u0159\u00edme, \u017ee zam\u011b\u0159en\u00edm na nemoci a poruchy v t\u011bchto oblastech m\u016f\u017eeme pozitivn\u011b ovlivnit \u017eivoty pacient\u016f a jejich rodin.<\/p>\n<div>\n<p>Na\u0161e produkty jsou v\u00fdsledkem des\u00edtek let zku\u0161enost\u00ed a mnoha let v\u00fdzkumu a v\u00fdvoje. Jsme hrd\u00ed na portfolio l\u00e9k\u016f, kter\u00e9 jsme uvedli na trh, a jsme odhodl\u00e1ni pokra\u010dovat v \u00fasil\u00ed o nalezen\u00ed dal\u0161\u00ed vlny l\u00e9\u010debn\u00fdch mo\u017enost\u00ed pro pacienty.<\/p>\n<\/div>\n                <\/div>\n\n                <!-- If button is enabled then it's visible -->\n                \n            <\/div>\n        <\/div>\n    <\/section>\n\n\n\n<!--Alert Card Layout Start Here-->\n<section class=\"alertcard-section\">\n      <div class=\"container\">\n        <!--Alert Box HTML Start Here-->\n        <div class=\"alert-box warning-box\">\n                    <div class=\"info-icon\">\n              <span class=\"info-circle\"><img decoding=\"async\" src=\"https:\/\/www.ipsen.com\/czc\/wp-content\/themes\/ipsen-main\/dist\/images\/alert-warning-icon.png\" alt=\"Alert\"\/><\/i>\n            <\/div>\n                    <div class=\"info-contents\">\n          <h4 role=\"heading\" aria-level=\"2\" class=\"info-head heading-four heading-four\"><\/h4>\n            <p class=\"info-sub-head-para hidden heading-para\"><\/p>\n            <div class=\"alert-content visible\"><p>Produktov\u00e9 portfolio zahrnuje l\u00e9\u010div\u00e9 p\u0159\u00edpravky uv\u00e1d\u011bn\u00e9 na trh pro\u00a0odborn\u00edky v c\u00edlov\u00fdch terapeutick\u00fdch oblastech<br \/>\n(onkologie, endokrinologie, neurologie), kter\u00e9 p\u0159edstavuj\u00ed prioritn\u00ed oblasti v\u00fdvoje.<\/p>\n<\/div>\n          <\/div>\n        <\/div>\n        <!--Alert Box HTML Start Here-->\n      <\/div>\n    <\/section>\n<!--Alert Card Layout End Here-->\n\n\n    <section class=\"title-text \">\n        <div class=\"container\">\n            <div class=\"title-text-inner\" style=\"background-color:#EDEBE4;\">\n\n                <!-- If heading is enabled then it's visible -->\n                <div class=\"text-head-dash visible\">\n                <h3 class=\"heading-three\" role=\"heading\" aria-level=\"2\">\n                                            <\/h3>\n                <\/div>\n               \n                <!-- If description is enabled then it's visible -->\n                <div class=\"text-parbase visible\">\n                    <h4>Somatuline<sup>\u00ae<\/sup><\/h4>\n<ul>\n<li>Somatuline<sup>\u00ae<\/sup>\u00a0Autogel<sup>\u00ae <\/sup>60 mg<\/li>\n<li>Somatuline<sup>\u00ae<\/sup>\u00a0Autogel<sup>\u00ae <\/sup>120 mg<\/li>\n<\/ul>\n<h4>Cabometyx<sup>\u00ae<\/sup><\/h4>\n<ul>\n<li><span style=\"font-size: 16px\">Cabometyx<sup>\u00ae<\/sup> <\/span>20 mg<\/li>\n<li><span style=\"font-size: 16px\">Cabometyx<sup>\u00ae<\/sup> <\/span>40 mg<\/li>\n<li><span style=\"font-size: 16px\">Cabometyx<sup>\u00ae<\/sup> <\/span>60 mg<\/li>\n<\/ul>\n<h4>Diphereline<sup>\u00ae<\/sup> \u202fSR<\/h4>\n<ul>\n<li>Diphereline<span style=\"font-size: 16px\"><sup>\u00ae<\/sup><\/span> 0,1 mg<\/li>\n<li>Diphereline<span style=\"font-size: 16px\"><sup>\u00ae<\/sup><\/span> S.R. 3 mg<\/li>\n<li>Diphereline<span style=\"font-size: 16px\"><sup>\u00ae<\/sup><\/span> S.R. 11,25 mg<\/li>\n<li>Diphereline<span style=\"font-size: 16px\"><sup>\u00ae<\/sup><\/span> S.R. 22,5 mg<\/li>\n<\/ul>\n<h4>Dysport<sup>\u00ae<\/sup><\/h4>\n<ul>\n<li>Dysport<span style=\"font-size: 16px\"><sup>\u00ae<\/sup><\/span> 300 SU<\/li>\n<li>Dysport<span style=\"font-size: 16px\"><sup>\u00ae<\/sup><\/span> 500 SU<\/li>\n<\/ul>\n<h4>Azzalure<sup>\u00ae<\/sup><\/h4>\n<ul>\n<li>Azzalure<sup>\u00ae<\/sup> 125 Speywood jednotek<\/li>\n<\/ul>\n<h4>Alluzience<\/h4>\n<ul>\n<li>Alluzience 200 Speywood jednotek\/ml<\/li>\n<\/ul>\n<h4>Cometriq<sup>\u00ae<\/sup><\/h4>\n<ul>\n<li>Cometriq<span style=\"font-size: 16px\"><sup>\u00ae<\/sup><\/span> 20 mg<\/li>\n<li>Cometriq<span style=\"font-size: 16px\"><sup>\u00ae<\/sup><\/span>\u202f 80 mg<\/li>\n<\/ul>\n<h4>Bylvay<sup>\u00ae<\/sup><\/h4>\n<ul>\n<li>Bylvay<span style=\"font-size: 16px\"><sup>\u00ae<\/sup><\/span> 200 mcg<\/li>\n<li>Bylvay<span style=\"font-size: 16px\"><sup>\u00ae<\/sup><\/span>\u202f 400 mcg<\/li>\n<li>Bylvay<span style=\"font-size: 16px\"><sup>\u00ae<\/sup><\/span>\u202f 600 mcg<\/li>\n<li>Bylvay<span style=\"font-size: 16px\"><sup>\u00ae<\/sup><\/span>\u202f 1 200 mcg<\/li>\n<\/ul>\n<h4>Kayfanda<\/h4>\n<ul>\n<li>Kayfanda\u202f 200 mcg<\/li>\n<li>Kayfanda\u202f 400 mcg<\/li>\n<li>Kayfanda\u202f 600 mcg<\/li>\n<li>Kayfanda\u202f 1 200 mcg<\/li>\n<\/ul>\n<h4>Iqirvo<\/h4>\n<ul>\n<li>Iqirvo\u202f 80 mg<\/li>\n<\/ul>\n                <\/div>\n\n                <!-- If button is enabled then it's visible -->\n                \n            <\/div>\n        <\/div>\n    <\/section>\n\n\n\n<p><\/p>\n","protected":false},"excerpt":{"rendered":"","protected":false},"author":2,"featured_media":0,"parent":0,"menu_order":0,"comment_status":"closed","ping_status":"closed","template":"","meta":{"_acf_changed":false,"footnotes":""},"class_list":["post-38","page","type-page","status-publish","hentry","entry"],"acf":[],"yoast_head":"<!-- This site is optimized with the Yoast SEO plugin v26.8 - https:\/\/yoast.com\/product\/yoast-seo-wordpress\/ -->\n<title>Na\u0161e produkty - Czech Republic<\/title>\n<meta name=\"robots\" content=\"index, follow, max-snippet:-1, max-image-preview:large, max-video-preview:-1\" \/>\n<link rel=\"canonical\" href=\"https:\/\/www.ipsen.com\/czc\/nase-produkty\/\" \/>\n<meta property=\"og:locale\" content=\"cs_CZ\" \/>\n<meta property=\"og:type\" content=\"article\" \/>\n<meta property=\"og:title\" content=\"Na\u0161e produkty - Czech Republic\" \/>\n<meta property=\"og:url\" content=\"https:\/\/www.ipsen.com\/czc\/nase-produkty\/\" \/>\n<meta property=\"og:site_name\" content=\"Czech Republic\" \/>\n<meta property=\"article:modified_time\" content=\"2026-01-29T15:43:05+00:00\" \/>\n<meta name=\"twitter:card\" content=\"summary_large_image\" \/>\n<script type=\"application\/ld+json\" class=\"yoast-schema-graph\">{\"@context\":\"https:\/\/schema.org\",\"@graph\":[{\"@type\":\"WebPage\",\"@id\":\"https:\/\/www.ipsen.com\/czc\/nase-produkty\/\",\"url\":\"https:\/\/www.ipsen.com\/czc\/nase-produkty\/\",\"name\":\"Na\u0161e produkty - Czech Republic\",\"isPartOf\":{\"@id\":\"https:\/\/www.ipsen.com\/czc\/#website\"},\"datePublished\":\"2025-11-24T06:15:23+00:00\",\"dateModified\":\"2026-01-29T15:43:05+00:00\",\"breadcrumb\":{\"@id\":\"https:\/\/www.ipsen.com\/czc\/nase-produkty\/#breadcrumb\"},\"inLanguage\":\"cs-CZ\",\"potentialAction\":[{\"@type\":\"ReadAction\",\"target\":[\"https:\/\/www.ipsen.com\/czc\/nase-produkty\/\"]}]},{\"@type\":\"BreadcrumbList\",\"@id\":\"https:\/\/www.ipsen.com\/czc\/nase-produkty\/#breadcrumb\",\"itemListElement\":[{\"@type\":\"ListItem\",\"position\":1,\"name\":\"Home\",\"item\":\"https:\/\/www.ipsen.com\/czc\/\"},{\"@type\":\"ListItem\",\"position\":2,\"name\":\"Na\u0161e produkty\"}]},{\"@type\":\"WebSite\",\"@id\":\"https:\/\/www.ipsen.com\/czc\/#website\",\"url\":\"https:\/\/www.ipsen.com\/czc\/\",\"name\":\"Czech Republic\",\"description\":\"\",\"publisher\":{\"@id\":\"https:\/\/www.ipsen.com\/czc\/#organization\"},\"potentialAction\":[{\"@type\":\"SearchAction\",\"target\":{\"@type\":\"EntryPoint\",\"urlTemplate\":\"https:\/\/www.ipsen.com\/czc\/?s={search_term_string}\"},\"query-input\":{\"@type\":\"PropertyValueSpecification\",\"valueRequired\":true,\"valueName\":\"search_term_string\"}}],\"inLanguage\":\"cs-CZ\"},{\"@type\":\"Organization\",\"@id\":\"https:\/\/www.ipsen.com\/czc\/#organization\",\"name\":\"Czech Republic\",\"url\":\"https:\/\/www.ipsen.com\/czc\/\",\"logo\":{\"@type\":\"ImageObject\",\"inLanguage\":\"cs-CZ\",\"@id\":\"https:\/\/www.ipsen.com\/czc\/#\/schema\/logo\/image\/\",\"url\":\"https:\/\/www.ipsen.com\/czc\/wp-content\/uploads\/sites\/23\/2025\/09\/Logo-Ipsen-new.svg\",\"contentUrl\":\"https:\/\/www.ipsen.com\/czc\/wp-content\/uploads\/sites\/23\/2025\/09\/Logo-Ipsen-new.svg\",\"caption\":\"Czech Republic\"},\"image\":{\"@id\":\"https:\/\/www.ipsen.com\/czc\/#\/schema\/logo\/image\/\"}}]}<\/script>\n<!-- \/ Yoast SEO plugin. -->","yoast_head_json":{"title":"Na\u0161e produkty - Czech Republic","robots":{"index":"index","follow":"follow","max-snippet":"max-snippet:-1","max-image-preview":"max-image-preview:large","max-video-preview":"max-video-preview:-1"},"canonical":"https:\/\/www.ipsen.com\/czc\/nase-produkty\/","og_locale":"cs_CZ","og_type":"article","og_title":"Na\u0161e produkty - Czech Republic","og_url":"https:\/\/www.ipsen.com\/czc\/nase-produkty\/","og_site_name":"Czech Republic","article_modified_time":"2026-01-29T15:43:05+00:00","twitter_card":"summary_large_image","schema":{"@context":"https:\/\/schema.org","@graph":[{"@type":"WebPage","@id":"https:\/\/www.ipsen.com\/czc\/nase-produkty\/","url":"https:\/\/www.ipsen.com\/czc\/nase-produkty\/","name":"Na\u0161e produkty - Czech Republic","isPartOf":{"@id":"https:\/\/www.ipsen.com\/czc\/#website"},"datePublished":"2025-11-24T06:15:23+00:00","dateModified":"2026-01-29T15:43:05+00:00","breadcrumb":{"@id":"https:\/\/www.ipsen.com\/czc\/nase-produkty\/#breadcrumb"},"inLanguage":"cs-CZ","potentialAction":[{"@type":"ReadAction","target":["https:\/\/www.ipsen.com\/czc\/nase-produkty\/"]}]},{"@type":"BreadcrumbList","@id":"https:\/\/www.ipsen.com\/czc\/nase-produkty\/#breadcrumb","itemListElement":[{"@type":"ListItem","position":1,"name":"Home","item":"https:\/\/www.ipsen.com\/czc\/"},{"@type":"ListItem","position":2,"name":"Na\u0161e produkty"}]},{"@type":"WebSite","@id":"https:\/\/www.ipsen.com\/czc\/#website","url":"https:\/\/www.ipsen.com\/czc\/","name":"Czech Republic","description":"","publisher":{"@id":"https:\/\/www.ipsen.com\/czc\/#organization"},"potentialAction":[{"@type":"SearchAction","target":{"@type":"EntryPoint","urlTemplate":"https:\/\/www.ipsen.com\/czc\/?s={search_term_string}"},"query-input":{"@type":"PropertyValueSpecification","valueRequired":true,"valueName":"search_term_string"}}],"inLanguage":"cs-CZ"},{"@type":"Organization","@id":"https:\/\/www.ipsen.com\/czc\/#organization","name":"Czech Republic","url":"https:\/\/www.ipsen.com\/czc\/","logo":{"@type":"ImageObject","inLanguage":"cs-CZ","@id":"https:\/\/www.ipsen.com\/czc\/#\/schema\/logo\/image\/","url":"https:\/\/www.ipsen.com\/czc\/wp-content\/uploads\/sites\/23\/2025\/09\/Logo-Ipsen-new.svg","contentUrl":"https:\/\/www.ipsen.com\/czc\/wp-content\/uploads\/sites\/23\/2025\/09\/Logo-Ipsen-new.svg","caption":"Czech Republic"},"image":{"@id":"https:\/\/www.ipsen.com\/czc\/#\/schema\/logo\/image\/"}}]}},"parsely":{"version":"1.1.0","canonical_url":"https:\/\/ipsen.com\/czc\/nase-produkty\/","smart_links":{"inbound":0,"outbound":0},"traffic_boost_suggestions_count":0,"meta":{"@context":"https:\/\/schema.org","@type":"WebPage","headline":"Na\u0161e produkty","url":"http:\/\/www.ipsen.com\/czc\/nase-produkty\/","mainEntityOfPage":{"@type":"WebPage","@id":"http:\/\/www.ipsen.com\/czc\/nase-produkty\/"},"thumbnailUrl":"","image":{"@type":"ImageObject","url":""},"articleSection":"Uncategorized @cs","author":[{"@type":"Person","name":"navya"}],"creator":["navya"],"publisher":{"@type":"Organization","name":"Czech Republic","logo":""},"keywords":[],"dateCreated":"2025-11-24T06:15:23Z","datePublished":"2025-11-24T06:15:23Z","dateModified":"2026-01-29T15:43:05Z"},"rendered":"<script type=\"application\/ld+json\" class=\"wp-parsely-metadata\">{\"@context\":\"https:\\\/\\\/schema.org\",\"@type\":\"WebPage\",\"headline\":\"Na\\u0161e produkty\",\"url\":\"http:\\\/\\\/www.ipsen.com\\\/czc\\\/nase-produkty\\\/\",\"mainEntityOfPage\":{\"@type\":\"WebPage\",\"@id\":\"http:\\\/\\\/www.ipsen.com\\\/czc\\\/nase-produkty\\\/\"},\"thumbnailUrl\":\"\",\"image\":{\"@type\":\"ImageObject\",\"url\":\"\"},\"articleSection\":\"Uncategorized @cs\",\"author\":[{\"@type\":\"Person\",\"name\":\"navya\"}],\"creator\":[\"navya\"],\"publisher\":{\"@type\":\"Organization\",\"name\":\"Czech Republic\",\"logo\":\"\"},\"keywords\":[],\"dateCreated\":\"2025-11-24T06:15:23Z\",\"datePublished\":\"2025-11-24T06:15:23Z\",\"dateModified\":\"2026-01-29T15:43:05Z\"}<\/script>","tracker_url":"https:\/\/cdn.parsely.com\/keys\/ipsen.com\/p.js"},"_links":{"self":[{"href":"https:\/\/www.ipsen.com\/czc\/wp-json\/wp\/v2\/pages\/38","targetHints":{"allow":["GET"]}}],"collection":[{"href":"https:\/\/www.ipsen.com\/czc\/wp-json\/wp\/v2\/pages"}],"about":[{"href":"https:\/\/www.ipsen.com\/czc\/wp-json\/wp\/v2\/types\/page"}],"author":[{"embeddable":true,"href":"https:\/\/www.ipsen.com\/czc\/wp-json\/wp\/v2\/users\/2"}],"replies":[{"embeddable":true,"href":"https:\/\/www.ipsen.com\/czc\/wp-json\/wp\/v2\/comments?post=38"}],"version-history":[{"count":33,"href":"https:\/\/www.ipsen.com\/czc\/wp-json\/wp\/v2\/pages\/38\/revisions"}],"predecessor-version":[{"id":748,"href":"https:\/\/www.ipsen.com\/czc\/wp-json\/wp\/v2\/pages\/38\/revisions\/748"}],"wp:attachment":[{"href":"https:\/\/www.ipsen.com\/czc\/wp-json\/wp\/v2\/media?parent=38"}],"curies":[{"name":"wp","href":"https:\/\/api.w.org\/{rel}","templated":true}]}}