{"id":702,"date":"2025-06-12T07:44:24","date_gmt":"2025-06-12T05:44:24","guid":{"rendered":"https:\/\/www.ipsen.com\/br\/?page_id=702"},"modified":"2025-07-22T08:38:16","modified_gmt":"2025-07-22T06:38:16","slug":"politica-de-privacidad-mexico","status":"publish","type":"page","link":"https:\/\/www.ipsen.com\/brazil\/politica-de-privacidad-mexico\/","title":{"rendered":"Politica de Privacidad\/Mexico"},"content":{"rendered":"    <section class=\"sub-page-banner \" style=\"background: linear-gradient(93.64deg, #224A81 2.99%, #2797D3 97.01%)\">\n        <div class=\"container content-sec\">\n            <nav aria-label=\"breadcrumb\">\n            <ol class=\"breadcrumb\">\n                <li class=\"breadcrumb-item\"><a href=\"https:\/\/www.ipsen.com\/brazil\">Home<\/a><\/li><li class=\"breadcrumb-item active\"><a class=\"link-pointer-events-none\" href=\"#\" aria-current=\"page\">Politica de Privacidad\/Mexico<\/a><\/li><\/ol>\n            <\/nav>            <h1 class=\"visible\">Politica de Privacidad\/Mexico<\/h1>\n            <p class=\"hidden\"><\/p>\n        <\/div>\n    <\/section>\n\n\n\n<div class=\"wp-block-group\"><div class=\"wp-block-group__inner-container is-layout-constrained wp-block-group-is-layout-constrained\">\n<div class=\"wp-block-columns is-layout-flex wp-container-core-columns-is-layout-9d6595d7 wp-block-columns-is-layout-flex\">\n<div class=\"wp-block-column is-layout-flow wp-block-column-is-layout-flow\">\n<p><strong>AVISO DE PRIVACIDAD<\/strong><\/p>\n\n\n\n<p>Este Aviso de Privacidad se emite en cumplimiento con la Ley Federal de Protecci\u00f3n de Datos Personales en Posesi\u00f3n de Particulares y su Reglamento y establece la manera en la que Ipsen M\u00e9xico, S. de&nbsp;<strong>R.L. de C.V.<\/strong>&nbsp;(\u201c<strong>Ipsen<\/strong>\u201c), puede recopilar, almacenar, usar y transmitir los datos personales que recabe de terceras personas, incluyendo clientes y proveedores (\u201c<strong>Usted<\/strong>\u201c).<\/p>\n\n\n\n<p>Asimismo, mediante el presente Aviso de Privacidad, le informamos a Usted que sus datos personales pueden ser transferidos y tratados dentro y fuera del pa\u00eds, por personas distintas a Ipsen, en ese sentido, su informaci\u00f3n puede ser compartida con empresas subsidiarias o afiliadas de Ipsen tanto en M\u00e9xico como en el extranjero. Si usted no manifiesta su oposici\u00f3n para que sus datos personales sean transferidos, se entender\u00e1 que ha otorgado su consentimiento para ello.<\/p>\n\n\n\n<p><strong>1. Responsable del Tratamiento de los Datos e Informaci\u00f3n de Contacto<\/strong><\/p>\n\n\n\n<p>Respons\u00e1vel: Ipsen M\u00e9xico, S. de R.L. de C.V., con domicilio en Boulevard Miguel de Cervantes Saavedra 169, Interior 402, colonia Ampliaci\u00f3n Granada, Alcald\u00eda Miguel Hidalgo, CP 11520, Ciudad de M\u00e9xico, M\u00e9xico<\/p>\n\n\n\n<p>Datos de contacto:&nbsp;<a href=\"mailto:dataprivacy@ipsen.com\"><strong>dataprivacy@ipsen.com<\/strong><\/a><\/p>\n\n\n\n<p><strong>2. Responsabilidad<\/strong><\/p>\n\n\n\n<p>Ipsen ser\u00e1 responsible de recabar sus datos personales, del uso que se le d\u00e9 a los mismos y de su protecci\u00f3n comprometi\u00e9ndose a respetar lo establecido en el presente Aviso de Privacidad y en la Ley y su Reglamento. Ipsen le informa que sus datos personales ser\u00e1n tratados y resguardados con base en los principios de licitud, calidad, consentimiento, informaci\u00f3n, finalidad, lealtad, proporcionalidad y responsabilidad.<\/p>\n\n\n\n<p>Al proporcionar datos personales a Ipsen, Usted otorga su consentimiento para que Ipsen recopile y utilice los datos personales para los fines descritos en el presente Aviso de Privacidad.<\/p>\n\n\n\n<p><strong>3. Transferencia de Datos Personales<\/strong><\/p>\n\n\n\n<p>Para los fines anteriormente descritos, Ipsen podr\u00eda tener que compartir sus datos personales con los siguientes terceros autorizados:<\/p>\n\n\n\n<ul class=\"wp-block-list\">\n<li>Ipsen y sus filiales.<\/li>\n\n\n\n<li>A contratistas, subcontratistas, consultores, proveedores, entidades financieras y terceros que proporcionen servicios directos o indirectos a Ipsen para cualquier fin l\u00edcito, incluyendo sin limitar, el cumplimiento de las obligaciones contractuales, comerciales y regulatorias de Ipsen.<\/li>\n\n\n\n<li>Autoridades legales o administrativas, seg\u00fan lo requiera la legislaci\u00f3n aplicable, incluidas las leyes que no pertenezcan a su pa\u00eds de residencia.<\/li>\n\n\n\n<li>Adquirentes potenciales y otras partes interesadas en el caso de una fusi\u00f3n, operaci\u00f3n de reestructuraci\u00f3n legal como adquisici\u00f3n, coinversi\u00f3n, cesi\u00f3n, escisi\u00f3n o desinversi\u00f3n.<\/li>\n\n\n\n<li>Para el cumplimiento de obligaciones derivadas de una relaci\u00f3n jur\u00eddica entre Usted como titular de los datos personales e Ipsen.<\/li>\n<\/ul>\n\n\n\n<p>En cualquier caso, Ipsen exigir\u00e1 que dichos terceros:<\/p>\n\n\n\n<ul class=\"wp-block-list\">\n<li>Se comprometan a cumplir las leyes de protecci\u00f3n de datos y los principios de este Aviso de Privacidad bajo la figura de \u201cencargados\u201d.<\/li>\n\n\n\n<li>Traten los Datos Personales \u00fanicamente para los fines descritos en este Aviso de Privacidad.<\/li>\n\n\n\n<li>Implementen medidas de seguridad t\u00e9cnicas y organizativas apropiadas dise\u00f1adas para proteger la integridad y confidencialidad de sus Datos Personales.<\/li>\n<\/ul>\n\n\n\n<p>Adicional a lo anterior, Ipsen es un grupo biofarmac\u00e9utico global con filiales, socios y subcontratistas ubicados en muchos pa\u00edses del mundo. Por esa raz\u00f3n, Ipsen puede necesitar transferir sus Datos Personales en otras jurisdicciones, incluso en pa\u00edses que pueden no considerarse que proporcionan el mismo nivel de protecci\u00f3n que la jurisdicci\u00f3n en la que se encuentra.<\/p>\n\n\n\n<p><strong>4. Datos Personales<\/strong><\/p>\n\n\n\n<p>La informaci\u00f3n personal que Ipsen podr\u00eda recopilar de Usted es la siguiente:<\/p>\n\n\n\n<ul class=\"wp-block-list\">\n<li>nombre completo<\/li>\n\n\n\n<li>sexo<\/li>\n\n\n\n<li>fecha de nacimiento |<\/li>\n\n\n\n<li>direcci\u00f3n, tel\u00e9fonos<\/li>\n\n\n\n<li>RFC, CURP<\/li>\n\n\n\n<li>Datos Bancarios (instituci\u00f3n de cr\u00e9dito, cuenta bancaria, Clabe)<\/li>\n\n\n\n<li>Informaci\u00f3n sobre nivel de estudios y n\u00famero de c\u00e9dula profesional<\/li>\n\n\n\n<li>Correo electr\u00f3nico<\/li>\n<\/ul>\n\n\n\n<p>La Sociedad no trata datos personales sensibles de los que Usted es titular. La Sociedad tambi\u00e9n podr\u00e1 recopilar informaci\u00f3n de otras fuentes como son sociedades de informaci\u00f3n crediticia.<\/p>\n\n\n\n<p><strong>5. Uso de los Datos Personales<\/strong><\/p>\n\n\n\n<p>Ipsen utilizar\u00e1 la informaci\u00f3n y datos personales para los siguientes fines:<\/p>\n\n\n\n<ul class=\"wp-block-list\">\n<li>De identificaci\u00f3n, verificaci\u00f3n y de contacto.<\/li>\n\n\n\n<li>Celebrar relaciones contractuales con nuestras contrapartes, incluyendo proveedores y clientes.<\/li>\n\n\n\n<li>Servicios de prospecci\u00f3n comercial, desarrollo y venta de productos de Ipsen.<\/li>\n\n\n\n<li>Para cumplimiento con la legislaci\u00f3n aplicable, incluyendo para prevenir, detectar y reportar los actos, omisiones u operaciones que pudieran favorecer, prestar ayuda, auxilio o cooperaci\u00f3n de cualquier especie para la comisi\u00f3n del delito.<\/li>\n\n\n\n<li>Para poder cumplir con las obligaciones derivadas de nuestra relaci\u00f3n Usted.<\/li>\n\n\n\n<li>Los datos personales de Usted no ser\u00e1n vendidos, compartidos ni distribuidos de ning\u00fan otro modo a terceros sin su consentimiento, a excepci\u00f3n de (i) los casos autorizados por Usted mediante la firma de este Aviso de Privacidad, (ii) los casos en que estemos obligados legalmente a ello o en obediencia a un mandato judicial o una normativa gubernamental, o (iii) si esa revelaci\u00f3n es necesaria para colaborar en cualquier investigaci\u00f3n o procedimiento penal o de cualquier otro tipo legal, en cualquier pa\u00eds.<\/li>\n<\/ul>\n\n\n\n<p><strong>6. Plazo de conservaci\u00f3n de los Datos Personales<\/strong><\/p>\n\n\n\n<p>Los datos personales de Usted ser\u00e1n procesados y no se conservar\u00e1n durante m\u00e1s de tres a\u00f1os a partir de lo que suceda despu\u00e9s: (i) su recolecci\u00f3n o (ii) el \u00faltimo contacto que Ipsen tenga con Usted.<\/p>\n\n\n\n<p>Sin perjuicio de lo anterior Ipsen podr\u00e1 conservar los datos personales con posterioridad, debidamente bloqueados, mientras sea necesario para cumplir con las obligaciones legales a las que pudiera estar sujeto o para atender las responsabilidades que pudieran derivarse del tratamiento de dichos datos.<\/p>\n\n\n\n<p><strong>7. Derecho de Acceso, Rectificaci\u00f3n, Cancelaci\u00f3n y Oposici\u00f3n<\/strong><\/p>\n\n\n\n<p>De conformidad con lo establecido en la Ley, Usted tiene derecho a la solicitud de acceso, ratificaci\u00f3n, cancelaci\u00f3n, oposici\u00f3n, limitaci\u00f3n en su uso, divulgaci\u00f3n y\/o revocaci\u00f3n de consentimiento de sus datos personales.&nbsp; En caso de que Usted se ponga en contacto con Ipsen con la finalidad de ejercer cualquiera de los derechos antes mencionados, Usted deber\u00e1:<\/p>\n\n\n\n<ol class=\"wp-block-list\">\n<li>Enviar un correo a&nbsp;<a href=\"mailto:dataprivacy@ipsen.com\"><strong>dataprivacy@ipsen.com<\/strong><\/a>&nbsp;;<\/li>\n\n\n\n<li>Indicar con claridad el motivo espec\u00edfico por el que escribe e indicar los datos personales a los que desea acceder, rectificar, cancelar u oponerse.<\/li>\n\n\n\n<li>Incluir copia de alguna identificaci\u00f3n oficial (pasaporte, cedula profesional o credencial de elector), sujeto a la normativa legal aplicable.<\/li>\n<\/ol>\n\n\n\n<p>Las solicitudes para eliminar datos personales estar\u00e1n sujetas a cualquier obligaci\u00f3n de emitir informes \u00e9ticos o archivar o retener documentos a la que estemos sometidos. En este caso, le informar\u00edamos de ello y sus datos personales se retendr\u00edan con el \u00fanico objetivo de satisfacer dichas obligaciones. En el caso de la rectificaci\u00f3n o cancelaci\u00f3n de datos personales, Ipsen rectificar\u00e1 o cancelar\u00e1 los datos personales seg\u00fan corresponda. Sin embargo, dicha rectificaci\u00f3n o cancelaci\u00f3n no implicar\u00e1 la obligaci\u00f3n de modificar informaci\u00f3n en aquellos casos en que se trate de actos jur\u00eddicos o materiales consumados.<\/p>\n\n\n\n<p><strong>8. Modificaci\u00f3n al Aviso de Privacidad<\/strong><\/p>\n\n\n\n<p>Ipsen se reserva el derecho para modificar el presente Aviso de Privacidad en cualquier momento, sin previa notificaci\u00f3n o responsabilidad. En caso de que el Aviso de Privacidad sea modificado de cualquier manera, Ipsen se obliga a dar a conocer su nuevo Aviso de Privacidad trav\u00e9s de su Sito Web. La recolecci\u00f3n de informaci\u00f3n, el uso y la divulgaci\u00f3n que haga Ipsen de los datos personales ser\u00e1 regida por la versi\u00f3n del Aviso de Privacidad que ese en ese momento est\u00e9 vigente.<\/p>\n\n\n\n<p><strong>9. Seguridad<\/strong><\/p>\n\n\n\n<p>Los datos personales se almacenar\u00e1n en servidores seguros y se mantendr\u00e1n en la m\u00e1s estricta confidencialidad. Ipsen se compromete a que los datos personales sean resguardados bajo estrictas medidas de seguridad administrativas, t\u00e9cnicas y f\u00edsicas las cuales han been implementadas con el objeto de proteger los datos personales contra da\u00f1o, p\u00e9rdida, alteraci\u00f3n, destrucci\u00f3n o el uso, acceso o tratamiento no autorizado.<\/p>\n\n\n\n<p>\u00danicamente el personal autorizado por Ipsen, tendr\u00e1 acceso a los datos personales. El personal autorizado tiene prohibido permitir el acceso de personas no autorizadas y utilizar los datos personales para fines distintos a los establecidos en la presente secci\u00f3n.<\/p>\n\n\n\n<p><strong>10. Aceptaci\u00f3n<\/strong><\/p>\n\n\n\n<p>Al ponerse a disposici\u00f3n el Aviso de Privacidad y la no manifestaci\u00f3n oposici\u00f3n alguna por Usted, se entender\u00e1 que Usted otorga a Ipsen su consentimiento para llevar a cabo el tratamiento de los datos personales que hubieran sido proporcionados y\/o los que con motivo de alguna de las finalidades establecidas en el presente proporcione en lo futuro.<\/p>\n\n\n\n<p><strong>11. Datos Personales Sensibles<\/strong><\/p>\n\n\n\n<p>Le informamos que no ser\u00e1n recabados ni tratados por Ipsen, datos personales sensibles de Usted, como aquellos que se refieren al origen racial o \u00e9tnico, estado de salud presente y\/o futuro, informaci\u00f3n gen\u00e9tica, creencias religiosas, filos\u00f3ficas y\/o morales, afiliaci\u00f3n sindical, opiniones pol\u00edticas y preferencia sexual, entre otros.<\/p>\n\n\n\n<p><strong>12. Autoridad<\/strong><\/p>\n\n\n\n<p>Si Usted considera que han sido vulnerados sus derechos respecto de la protecci\u00f3n de datos personales, tiene el derecho de acudir a la autoridad correspondiente para defender su ejercicio. La autoridad es el Instituto Nacional de Transparencia, Acceso a la Informaci\u00f3n y Protecci\u00f3n de Datos Personales (INAI), su sitio web es: www.inai.org.mx.<\/p>\n<\/div>\n<\/div>\n<\/div><\/div>\n\n\n\n<!--Alert Card Layout Start Here-->\n<section class=\"alertcard-section\">\n      <div class=\"container\">\n        <!--Alert Box HTML Start Here-->\n        <div class=\"alert-box general-box\">\n                    <div class=\"info-icon\">\n              <span class=\"info-circle\"><img decoding=\"async\" src=\"https:\/\/www.ipsen.com\/brazil\/wp-content\/themes\/ipsen-main\/dist\/images\/alert-info-icon.png\" alt=\"Alert\"\/><\/i>\n            <\/div>\n                    <div class=\"info-contents\">\n          <h4 role=\"heading\" aria-level=\"2\" class=\"info-head heading-four heading-four\"><\/h4>\n            <p class=\"info-sub-head-para hidden heading-para\"><\/p>\n            <div class=\"alert-content visible\"><p>FECHA DE \u00daLTIMA ACTUALIZACI\u00d3N: JULIO DEL 2022<\/p>\n<\/div>\n          <\/div>\n        <\/div>\n        <!--Alert Box HTML Start Here-->\n      <\/div>\n    <\/section>\n<!--Alert Card Layout End Here-->\n","protected":false},"excerpt":{"rendered":"","protected":false},"author":2,"featured_media":0,"parent":0,"menu_order":0,"comment_status":"closed","ping_status":"closed","template":"","meta":{"_acf_changed":false,"footnotes":""},"class_list":["post-702","page","type-page","status-publish","hentry","entry"],"acf":[],"yoast_head":"<!-- This site is optimized with the Yoast SEO plugin v26.8 - https:\/\/yoast.com\/product\/yoast-seo-wordpress\/ -->\n<title>Politica de Privacidad\/Mexico - Brazil<\/title>\n<meta name=\"robots\" content=\"index, follow, max-snippet:-1, max-image-preview:large, max-video-preview:-1\" \/>\n<link rel=\"canonical\" href=\"https:\/\/www.ipsen.com\/brazil\/politica-de-privacidad-mexico\/\" \/>\n<meta property=\"og:locale\" content=\"pt_BR\" \/>\n<meta property=\"og:type\" content=\"article\" \/>\n<meta property=\"og:title\" content=\"Politica de Privacidad\/Mexico - Brazil\" \/>\n<meta property=\"og:url\" content=\"https:\/\/www.ipsen.com\/brazil\/politica-de-privacidad-mexico\/\" \/>\n<meta property=\"og:site_name\" content=\"Brazil\" \/>\n<meta property=\"article:modified_time\" content=\"2025-07-22T06:38:16+00:00\" \/>\n<meta name=\"twitter:card\" content=\"summary_large_image\" \/>\n<meta name=\"twitter:label1\" content=\"Est. reading time\" \/>\n\t<meta name=\"twitter:data1\" content=\"7 minutes\" \/>\n<script type=\"application\/ld+json\" class=\"yoast-schema-graph\">{\"@context\":\"https:\/\/schema.org\",\"@graph\":[{\"@type\":\"WebPage\",\"@id\":\"https:\/\/www.ipsen.com\/brazil\/politica-de-privacidad-mexico\/\",\"url\":\"https:\/\/www.ipsen.com\/brazil\/politica-de-privacidad-mexico\/\",\"name\":\"Politica de Privacidad\/Mexico - Brazil\",\"isPartOf\":{\"@id\":\"https:\/\/www.ipsen.com\/brazil\/#website\"},\"datePublished\":\"2025-06-12T05:44:24+00:00\",\"dateModified\":\"2025-07-22T06:38:16+00:00\",\"breadcrumb\":{\"@id\":\"https:\/\/www.ipsen.com\/brazil\/politica-de-privacidad-mexico\/#breadcrumb\"},\"inLanguage\":\"pt-BR\",\"potentialAction\":[{\"@type\":\"ReadAction\",\"target\":[\"https:\/\/www.ipsen.com\/brazil\/politica-de-privacidad-mexico\/\"]}]},{\"@type\":\"BreadcrumbList\",\"@id\":\"https:\/\/www.ipsen.com\/brazil\/politica-de-privacidad-mexico\/#breadcrumb\",\"itemListElement\":[{\"@type\":\"ListItem\",\"position\":1,\"name\":\"Home\",\"item\":\"https:\/\/www.ipsen.com\/brazil\/\"},{\"@type\":\"ListItem\",\"position\":2,\"name\":\"Politica de Privacidad\/Mexico\"}]},{\"@type\":\"WebSite\",\"@id\":\"https:\/\/www.ipsen.com\/brazil\/#website\",\"url\":\"https:\/\/www.ipsen.com\/brazil\/\",\"name\":\"Brazil\",\"description\":\"\",\"publisher\":{\"@id\":\"https:\/\/www.ipsen.com\/brazil\/#organization\"},\"potentialAction\":[{\"@type\":\"SearchAction\",\"target\":{\"@type\":\"EntryPoint\",\"urlTemplate\":\"https:\/\/www.ipsen.com\/brazil\/?s={search_term_string}\"},\"query-input\":{\"@type\":\"PropertyValueSpecification\",\"valueRequired\":true,\"valueName\":\"search_term_string\"}}],\"inLanguage\":\"pt-BR\"},{\"@type\":\"Organization\",\"@id\":\"https:\/\/www.ipsen.com\/brazil\/#organization\",\"name\":\"Brazil\",\"url\":\"https:\/\/www.ipsen.com\/brazil\/\",\"logo\":{\"@type\":\"ImageObject\",\"inLanguage\":\"pt-BR\",\"@id\":\"https:\/\/www.ipsen.com\/brazil\/#\/schema\/logo\/image\/\",\"url\":\"https:\/\/www.ipsen.com\/brazil\/wp-content\/uploads\/sites\/22\/2024\/12\/Logo-Ipsen-new.svg\",\"contentUrl\":\"https:\/\/www.ipsen.com\/brazil\/wp-content\/uploads\/sites\/22\/2024\/12\/Logo-Ipsen-new.svg\",\"caption\":\"Brazil\"},\"image\":{\"@id\":\"https:\/\/www.ipsen.com\/brazil\/#\/schema\/logo\/image\/\"}}]}<\/script>\n<!-- \/ Yoast SEO plugin. -->","yoast_head_json":{"title":"Politica de Privacidad\/Mexico - Brazil","robots":{"index":"index","follow":"follow","max-snippet":"max-snippet:-1","max-image-preview":"max-image-preview:large","max-video-preview":"max-video-preview:-1"},"canonical":"https:\/\/www.ipsen.com\/brazil\/politica-de-privacidad-mexico\/","og_locale":"pt_BR","og_type":"article","og_title":"Politica de Privacidad\/Mexico - Brazil","og_url":"https:\/\/www.ipsen.com\/brazil\/politica-de-privacidad-mexico\/","og_site_name":"Brazil","article_modified_time":"2025-07-22T06:38:16+00:00","twitter_card":"summary_large_image","twitter_misc":{"Est. reading time":"7 minutes"},"schema":{"@context":"https:\/\/schema.org","@graph":[{"@type":"WebPage","@id":"https:\/\/www.ipsen.com\/brazil\/politica-de-privacidad-mexico\/","url":"https:\/\/www.ipsen.com\/brazil\/politica-de-privacidad-mexico\/","name":"Politica de Privacidad\/Mexico - Brazil","isPartOf":{"@id":"https:\/\/www.ipsen.com\/brazil\/#website"},"datePublished":"2025-06-12T05:44:24+00:00","dateModified":"2025-07-22T06:38:16+00:00","breadcrumb":{"@id":"https:\/\/www.ipsen.com\/brazil\/politica-de-privacidad-mexico\/#breadcrumb"},"inLanguage":"pt-BR","potentialAction":[{"@type":"ReadAction","target":["https:\/\/www.ipsen.com\/brazil\/politica-de-privacidad-mexico\/"]}]},{"@type":"BreadcrumbList","@id":"https:\/\/www.ipsen.com\/brazil\/politica-de-privacidad-mexico\/#breadcrumb","itemListElement":[{"@type":"ListItem","position":1,"name":"Home","item":"https:\/\/www.ipsen.com\/brazil\/"},{"@type":"ListItem","position":2,"name":"Politica de Privacidad\/Mexico"}]},{"@type":"WebSite","@id":"https:\/\/www.ipsen.com\/brazil\/#website","url":"https:\/\/www.ipsen.com\/brazil\/","name":"Brazil","description":"","publisher":{"@id":"https:\/\/www.ipsen.com\/brazil\/#organization"},"potentialAction":[{"@type":"SearchAction","target":{"@type":"EntryPoint","urlTemplate":"https:\/\/www.ipsen.com\/brazil\/?s={search_term_string}"},"query-input":{"@type":"PropertyValueSpecification","valueRequired":true,"valueName":"search_term_string"}}],"inLanguage":"pt-BR"},{"@type":"Organization","@id":"https:\/\/www.ipsen.com\/brazil\/#organization","name":"Brazil","url":"https:\/\/www.ipsen.com\/brazil\/","logo":{"@type":"ImageObject","inLanguage":"pt-BR","@id":"https:\/\/www.ipsen.com\/brazil\/#\/schema\/logo\/image\/","url":"https:\/\/www.ipsen.com\/brazil\/wp-content\/uploads\/sites\/22\/2024\/12\/Logo-Ipsen-new.svg","contentUrl":"https:\/\/www.ipsen.com\/brazil\/wp-content\/uploads\/sites\/22\/2024\/12\/Logo-Ipsen-new.svg","caption":"Brazil"},"image":{"@id":"https:\/\/www.ipsen.com\/brazil\/#\/schema\/logo\/image\/"}}]}},"parsely":{"version":"1.1.0","canonical_url":"https:\/\/ipsen.com\/brazil\/politica-de-privacidad-mexico\/","smart_links":{"inbound":0,"outbound":0},"traffic_boost_suggestions_count":0,"meta":{"@context":"https:\/\/schema.org","@type":"WebPage","headline":"Politica de Privacidad\/Mexico","url":"http:\/\/www.ipsen.com\/brazil\/politica-de-privacidad-mexico\/","mainEntityOfPage":{"@type":"WebPage","@id":"http:\/\/www.ipsen.com\/brazil\/politica-de-privacidad-mexico\/"},"thumbnailUrl":"","image":{"@type":"ImageObject","url":""},"articleSection":"N\u00e3o categorizado","author":[{"@type":"Person","name":"navya"}],"creator":["navya"],"publisher":{"@type":"Organization","name":"Brazil","logo":""},"keywords":[],"dateCreated":"2025-06-12T05:44:24Z","datePublished":"2025-06-12T05:44:24Z","dateModified":"2025-07-22T06:38:16Z"},"rendered":"<script type=\"application\/ld+json\" class=\"wp-parsely-metadata\">{\"@context\":\"https:\\\/\\\/schema.org\",\"@type\":\"WebPage\",\"headline\":\"Politica de Privacidad\\\/Mexico\",\"url\":\"http:\\\/\\\/www.ipsen.com\\\/brazil\\\/politica-de-privacidad-mexico\\\/\",\"mainEntityOfPage\":{\"@type\":\"WebPage\",\"@id\":\"http:\\\/\\\/www.ipsen.com\\\/brazil\\\/politica-de-privacidad-mexico\\\/\"},\"thumbnailUrl\":\"\",\"image\":{\"@type\":\"ImageObject\",\"url\":\"\"},\"articleSection\":\"N\\u00e3o categorizado\",\"author\":[{\"@type\":\"Person\",\"name\":\"navya\"}],\"creator\":[\"navya\"],\"publisher\":{\"@type\":\"Organization\",\"name\":\"Brazil\",\"logo\":\"\"},\"keywords\":[],\"dateCreated\":\"2025-06-12T05:44:24Z\",\"datePublished\":\"2025-06-12T05:44:24Z\",\"dateModified\":\"2025-07-22T06:38:16Z\"}<\/script>","tracker_url":"https:\/\/cdn.parsely.com\/keys\/ipsen.com\/p.js"},"jetpack_sharing_enabled":true,"_links":{"self":[{"href":"https:\/\/www.ipsen.com\/brazil\/wp-json\/wp\/v2\/pages\/702","targetHints":{"allow":["GET"]}}],"collection":[{"href":"https:\/\/www.ipsen.com\/brazil\/wp-json\/wp\/v2\/pages"}],"about":[{"href":"https:\/\/www.ipsen.com\/brazil\/wp-json\/wp\/v2\/types\/page"}],"author":[{"embeddable":true,"href":"https:\/\/www.ipsen.com\/brazil\/wp-json\/wp\/v2\/users\/2"}],"replies":[{"embeddable":true,"href":"https:\/\/www.ipsen.com\/brazil\/wp-json\/wp\/v2\/comments?post=702"}],"version-history":[{"count":9,"href":"https:\/\/www.ipsen.com\/brazil\/wp-json\/wp\/v2\/pages\/702\/revisions"}],"predecessor-version":[{"id":1141,"href":"https:\/\/www.ipsen.com\/brazil\/wp-json\/wp\/v2\/pages\/702\/revisions\/1141"}],"wp:attachment":[{"href":"https:\/\/www.ipsen.com\/brazil\/wp-json\/wp\/v2\/media?parent=702"}],"curies":[{"name":"wp","href":"https:\/\/api.w.org\/{rel}","templated":true}]}}