{"id":66,"date":"2025-02-04T06:54:24","date_gmt":"2025-02-04T04:54:24","guid":{"rendered":"https:\/\/www.ipsen.com\/br\/?page_id=66"},"modified":"2025-10-15T13:54:31","modified_gmt":"2025-10-15T11:54:31","slug":"produtos","status":"publish","type":"page","link":"https:\/\/www.ipsen.com\/brazil\/produtos\/","title":{"rendered":"Nossos produtos"},"content":{"rendered":"    <section class=\"sub-page-banner bg-img\" style=\"background-image:url(https:\/\/www.ipsen.com\/brazil\/wp-content\/uploads\/sites\/22\/2025\/06\/Health-Medicines.jpg)\">\n        <div class=\"container content-sec\">\n            <nav aria-label=\"breadcrumb\">\n            <ol class=\"breadcrumb\">\n                <li class=\"breadcrumb-item\"><a href=\"https:\/\/www.ipsen.com\/brazil\">Home<\/a><\/li><li class=\"breadcrumb-item active\"><a href=\"#\" aria-current=\"page\">Ci\u00eancia &#8211; Nossos produtos<\/a><\/li><\/ol>\n            <\/nav>            <h1 class=\"visible\">Nossos produtos<\/h1>\n            <p class=\"visible\"> Abordando \u00e1reas de grandes necessidades m\u00e9dicas n\u00e3o atendidas e melhorando a vida dos pacientes.<\/p>\n        <\/div>\n    <\/section>\n\n\n    <section class=\"title-text \">\n        <div class=\"container\">\n            <div class=\"title-text-inner\" style=\"background-color:#EDEBE4;\">\n\n                <!-- If heading is enabled then it's visible -->\n                <div class=\"text-head-dash visible\">\n                <h3 class=\"heading-three\" role=\"heading\" aria-level=\"2\">\n                        Trazendo impacto em tr\u00eas \u00e1reas terap\u00eauticas                    <\/h3>\n                <\/div>\n               \n                <!-- If description is enabled then it's visible -->\n                <div class=\"text-parbase visible\">\n                    <p>Estamos focados no desenvolvimento de tratamentos inovadores em nossas tr\u00eas \u00e1reas terap\u00eauticas: oncologia, neuroci\u00eancia e doen\u00e7as raras. Acreditamos que, ao concentrar nossos esfor\u00e7os nessas \u00e1reas, podemos causar um impacto positivo na vida dos pacientes, suas fam\u00edlias e cuidadores.<\/p>\n<p>Nossos produtos s\u00e3o o resultado de d\u00e9cadas de experi\u00eancia e anos de pesquisa e desenvolvimento. Temos orgulho do portf\u00f3lio de medicamentos que trouxemos ao mercado e somos determinados em encontrar cada vez mais avan\u00e7os nos tratamentos para os pacientes.<\/p>\n                <\/div>\n\n                <!-- If button is enabled then it's visible -->\n                \n            <\/div>\n        <\/div>\n    <\/section>\n\n\n\n<!--Alert Card Layout Start Here-->\n<section class=\"alertcard-section\">\n      <div class=\"container\">\n        <!--Alert Box HTML Start Here-->\n        <div class=\"alert-box warning-box\">\n                    <div class=\"info-icon\">\n              <span class=\"info-circle\"><img decoding=\"async\" src=\"https:\/\/www.ipsen.com\/brazil\/wp-content\/themes\/ipsen-main\/dist\/images\/alert-warning-icon.png\" alt=\"Alert\"\/><\/i>\n            <\/div>\n                    <div class=\"info-contents\">\n          <h4 role=\"heading\" aria-level=\"2\" class=\"info-head heading-four heading-four\"><\/h4>\n            <p class=\"info-sub-head-para hidden heading-para\"><\/p>\n            <div class=\"alert-content visible\"><p>A disponibilidade do produto, nome e indica\u00e7\u00e3o podem variar de acordo com o pa\u00eds. Entre em contato com a equipe local da Ipsen para saber mais sobre os produtos dispon\u00edveis em seu pa\u00eds.<\/p>\n<\/div>\n          <\/div>\n        <\/div>\n        <!--Alert Box HTML Start Here-->\n      <\/div>\n    <\/section>\n<!--Alert Card Layout End Here-->\n\n\n\n<div class=\"wp-block-columns is-layout-flex wp-container-core-columns-is-layout-9d6595d7 wp-block-columns-is-layout-flex\">\n<div class=\"wp-block-column is-layout-flow wp-block-column-is-layout-flow\" style=\"flex-basis:75%\">    <section class=\"title-text \">\n        <div class=\"container\">\n            <div class=\"title-text-inner\" style=\"background-color:#EDEBE4;\">\n\n                <!-- If heading is enabled then it's visible -->\n                <div class=\"text-head-dash visible\">\n                <h3 class=\"heading-three\" role=\"heading\" aria-level=\"2\">\n                        Nossos produtos                    <\/h3>\n                <\/div>\n               \n                <!-- If description is enabled then it's visible -->\n                <div class=\"text-parbase visible\">\n                    <p><strong>Bylvay<sup>\u00ae<\/sup> (odevixibate)<\/strong><\/p>\n<ul>\n<li><a href=\"https:\/\/www.ipsen.com\/brazil\/wp-content\/uploads\/sites\/22\/2025\/06\/Bylvay_Bula-Paciente-Patient.pdf\" target=\"_blank\" rel=\"noopener\">Bula Paciente<\/a><\/li>\n<li><a href=\"https:\/\/www.ipsen.com\/brazil\/wp-content\/uploads\/sites\/22\/2025\/06\/Bylvay_Bula-Profissional-de-Saude-HCP.pdf\" target=\"_blank\" rel=\"noopener\">Bula Profissional de Sa\u00fade<\/a><\/li>\n<\/ul>\n<p><strong>Cabometyx<sup>\u00ae<\/sup> (cabozantinibe)<\/strong><\/p>\n<ul>\n<li><a href=\"https:\/\/www.ipsen.com\/brazil\/wp-content\/uploads\/sites\/22\/2025\/10\/Cabometyx_bula-paciente-patient.pdf\" target=\"_blank\" rel=\"noopener\">Bula Paciente<\/a><\/li>\n<li><a href=\"https:\/\/www.ipsen.com\/brazil\/wp-content\/uploads\/sites\/22\/2025\/10\/Cabometyx_bula-profissional-HCP.pdf\" target=\"_blank\" rel=\"noopener\">Bula Profissional de Sa\u00fade<\/a><\/li>\n<\/ul>\n<p><strong>Dysport<sup>\u00ae<\/sup> (toxina botul\u00ednica A)<\/strong><\/p>\n<ul>\n<li><a href=\"https:\/\/www.ipsen.com\/brazil\/wp-content\/uploads\/sites\/22\/2025\/06\/Dysport_Bula-Paciente-Patient.pdf\" target=\"_blank\" rel=\"noopener\">Bula Paciente<\/a><\/li>\n<li><a href=\"https:\/\/www.ipsen.com\/brazil\/wp-content\/uploads\/sites\/22\/2025\/06\/Dysport_Bula-Profissional-de-Saude-HCP.pdf\" target=\"_blank\" rel=\"noopener\">Bula Profissional de Sa\u00fade<\/a><\/li>\n<\/ul>\n<p><strong>Iqirvo<sup>\u00ae<\/sup> (elafibranor)<br \/>\n<\/strong><\/p>\n<ul>\n<li><a href=\"https:\/\/www.ipsen.com\/brazil\/wp-content\/uploads\/sites\/22\/2025\/10\/Iqirvo_bula-paciente-patient.pdf\" target=\"_blank\" rel=\"noopener\">Bula Paciente<\/a><\/li>\n<li><a href=\"https:\/\/www.ipsen.com\/brazil\/wp-content\/uploads\/sites\/22\/2025\/10\/Iqirvo_bula-profissional-HCP.pdf\" target=\"_blank\" rel=\"noopener\">Bula Profissional de Sa\u00fade<\/a><\/li>\n<\/ul>\n<p><strong>Somatuline<sup>\u00ae<\/sup> autogel<sup>\u00ae<\/sup> (acetato de lanreotida)<\/strong><\/p>\n<ul>\n<li><a href=\"https:\/\/www.ipsen.com\/brazil\/wp-content\/uploads\/sites\/22\/2025\/06\/Somatuline_Bula-Paciente-Patient.pdf\" target=\"_blank\" rel=\"noopener\">Bula Paciente<\/a><\/li>\n<li><a href=\"https:\/\/www.ipsen.com\/brazil\/wp-content\/uploads\/sites\/22\/2025\/06\/Somatuline_Bula-Profissional-de-Saude-HCP.pdf\" target=\"_blank\" rel=\"noopener\">Bula Profissional de Sa\u00fade<\/a><\/li>\n<\/ul>\n                <\/div>\n\n                <!-- If button is enabled then it's visible -->\n                \n            <\/div>\n        <\/div>\n    <\/section>\n\n\n\n<!--Alert Card Layout Start Here-->\n<section class=\"alertcard-section\">\n      <div class=\"container\">\n        <!--Alert Box HTML Start Here-->\n        <div class=\"alert-box general-box\">\n                    <div class=\"info-icon\">\n              <span class=\"info-circle\"><img decoding=\"async\" src=\"https:\/\/www.ipsen.com\/brazil\/wp-content\/themes\/ipsen-main\/dist\/images\/alert-info-icon.png\" alt=\"Alert\"\/><\/i>\n            <\/div>\n                    <div class=\"info-contents\">\n          <h4 role=\"heading\" aria-level=\"2\" class=\"info-head heading-four heading-four\">Solicitar informa\u00e7\u00f5es m\u00e9dicas \/ relatar evento adverso ou reclama\u00e7\u00e3o sobre produto<\/h4>\n            <p class=\"info-sub-head-para hidden heading-para\"><\/p>\n            <div class=\"alert-content visible\"><p>Para solicitar informa\u00e7\u00f5es m\u00e9dicas sobre os produtos da Ipsen, relatar um evento adverso ou relatar uma reclama\u00e7\u00e3o, visite: <strong><a href=\"https:\/\/www.ipsenmedicalinformation.com\/\" target=\"_blank\" rel=\"noopener\">www.ipsenmedicalinformation.com<\/a><\/strong><\/p>\n<p>Rea\u00e7\u00f5es de eventos adversos tamb\u00e9m podem ser relatadas diretamente \u00e0 equipe de seguran\u00e7a local da Ipsen usando os detalhes de contato fornecidos nas p\u00e1ginas de contato ou pelo e-mail: <strong><a href=\"mailto:pharmacovigilance.brasil@ipsen.com\">pharmacovigilance.brasil@ipsen.com<\/a><\/strong><\/p>\n<p>Contato local para informa\u00e7\u00f5es sobre eventos adversos ou sobre produtos<\/p>\n<p><strong><a href=\"mailto:pharmacovigilance.brasil@ipsen.com\">pharmacovigilance.brasil@ipsen.com<\/a><\/strong><\/p>\n<p><strong><a href=\"mailto:qualidade.brasil@ipsen.com\">qualidade.brasil@ipsen.com<\/a><\/strong><\/p>\n<\/div>\n          <\/div>\n        <\/div>\n        <!--Alert Box HTML Start Here-->\n      <\/div>\n    <\/section>\n<!--Alert Card Layout End Here-->\n<\/div>\n\n\n\n<div class=\"wp-block-column is-layout-flow wp-block-column-is-layout-flow\" style=\"flex-basis:25%\">\n    <section class=\"side-panel contacts-card\">\n        <div class=\"container\">\n            <div class=\"side-media-contacts\">\n    <div class=\"media-contacts-head visible\">\n    <h6 class=\"contact-side heading-six\" role=\"heading\" aria-level=\"2\">\n            Contato        <\/h6>\n    <\/div>\n    <div class=\"media-contacts-list\">\n        <div class=\"main-media-contact-list\">\n                               \n                        \n                        <h5 class=\"name-label visible\" role=\"heading\" aria-level=\"3\">Informa\u00e7\u00f5es m\u00e9dicas e sobre produtos<\/h5>\n                                                <!--<p class=\"designation-country \"><\/p> -->\n                        \n                        <div class=\"parent-list\">\n                            \n                                                            <ul class=\"phone-child visible\" >\n                                    <li class=\"phone\"><img decoding=\"async\" src=\"https:\/\/www.ipsen.com\/brazil\/wp-content\/themes\/ipsen-main\/dist\/images\/Phone-Icon-New.svg\" alt=\"N\u00famero de telefone\"><\/li>\n                                    <li class=\"phone-number\"><a href=\"tel:+33 1 58 33 50 00\" id=\"user_phone\">+33 1 58 33 50 00<\/a><\/li>\n                                    <li class=\"copy-icon\">\n                                        <button type=\"button\" class=\"copy-btn desktop-view\" data-value=\"+33 1 58 33 50 00\" aria-label=\"Copiar n\u00famero de telefone\">\n                                            <img decoding=\"async\" src=\"https:\/\/www.ipsen.com\/brazil\/wp-content\/themes\/ipsen-main\/dist\/images\/Copy-Icon-New.svg\" alt=\"\">\n                                        <\/button>\n                                    <\/li>\n                                <\/ul>\n                            \n                              \n\n                                                            <ul class=\"email-child visible\">\n                                    <li class=\"email\"><img decoding=\"async\" src=\"https:\/\/www.ipsen.com\/brazil\/wp-content\/themes\/ipsen-main\/dist\/images\/Mail-Icon-New.svg\" alt=\"Endere\u00e7o de email\"><\/li>\n                                    <li class=\"email-id\"><a href=\"mailto:Globalmedinfo@ipsen.com\" id=\"user_email\">Globalmedinfo@ipsen.com<\/a><\/li>\n                                    <li class=\"copy-icon\">\n                                        <button type=\"button\" class=\"copy-btn desktop-view\" data-value=\"Globalmedinfo@ipsen.com\" aria-label=\"Copiar endere\u00e7o de e-mail\">\n                                            <img decoding=\"async\" src=\"https:\/\/www.ipsen.com\/brazil\/wp-content\/themes\/ipsen-main\/dist\/images\/Copy-Icon-New.svg\" alt=\"\">\n                                        <\/button>\n                                    <\/li>\n                                <\/ul>\n                            \n                                                      <\/ul>          \n                        <\/div>\n                                            \n\n                    <hr class=\"down-divider hidden\"> \n                                 \n        <\/div>\n\n        \n    <\/div>\n<\/div>        <\/div> \n    <\/section>\n<\/div>\n<\/div>\n","protected":false},"excerpt":{"rendered":"","protected":false},"author":2,"featured_media":0,"parent":0,"menu_order":0,"comment_status":"closed","ping_status":"closed","template":"","meta":{"_acf_changed":false,"footnotes":""},"class_list":["post-66","page","type-page","status-publish","hentry","entry"],"acf":[],"yoast_head":"<!-- This site is optimized with the Yoast SEO plugin v26.8 - https:\/\/yoast.com\/product\/yoast-seo-wordpress\/ -->\n<title>Produtos farmac\u00eauticos Ipsen<\/title>\n<meta name=\"description\" content=\"Vis\u00e3o geral dos produtos farmac\u00eauticos criados e fabricados pela Ipsen nas \u00e1reas de oncologia, neuroci\u00eancia e doen\u00e7as raras.\" \/>\n<meta name=\"robots\" content=\"index, follow, max-snippet:-1, max-image-preview:large, max-video-preview:-1\" \/>\n<link rel=\"canonical\" href=\"https:\/\/www.ipsen.com\/brazil\/produtos\/\" \/>\n<meta property=\"og:locale\" content=\"pt_BR\" \/>\n<meta property=\"og:type\" content=\"article\" \/>\n<meta property=\"og:title\" content=\"Produtos farmac\u00eauticos Ipsen\" \/>\n<meta property=\"og:description\" content=\"Vis\u00e3o geral dos produtos farmac\u00eauticos criados e fabricados pela Ipsen nas \u00e1reas de oncologia, neuroci\u00eancia e doen\u00e7as raras.\" \/>\n<meta property=\"og:url\" content=\"https:\/\/www.ipsen.com\/brazil\/produtos\/\" \/>\n<meta property=\"og:site_name\" content=\"Brazil\" \/>\n<meta property=\"article:modified_time\" content=\"2025-10-15T11:54:31+00:00\" \/>\n<meta name=\"twitter:card\" content=\"summary_large_image\" \/>\n<script type=\"application\/ld+json\" class=\"yoast-schema-graph\">{\"@context\":\"https:\/\/schema.org\",\"@graph\":[{\"@type\":\"WebPage\",\"@id\":\"https:\/\/www.ipsen.com\/brazil\/produtos\/\",\"url\":\"https:\/\/www.ipsen.com\/brazil\/produtos\/\",\"name\":\"Produtos farmac\u00eauticos Ipsen\",\"isPartOf\":{\"@id\":\"https:\/\/www.ipsen.com\/brazil\/#website\"},\"datePublished\":\"2025-02-04T04:54:24+00:00\",\"dateModified\":\"2025-10-15T11:54:31+00:00\",\"description\":\"Vis\u00e3o geral dos produtos farmac\u00eauticos criados e fabricados pela Ipsen nas \u00e1reas de oncologia, neuroci\u00eancia e doen\u00e7as raras.\",\"breadcrumb\":{\"@id\":\"https:\/\/www.ipsen.com\/brazil\/produtos\/#breadcrumb\"},\"inLanguage\":\"pt-BR\",\"potentialAction\":[{\"@type\":\"ReadAction\",\"target\":[\"https:\/\/www.ipsen.com\/brazil\/produtos\/\"]}]},{\"@type\":\"BreadcrumbList\",\"@id\":\"https:\/\/www.ipsen.com\/brazil\/produtos\/#breadcrumb\",\"itemListElement\":[{\"@type\":\"ListItem\",\"position\":1,\"name\":\"Home\",\"item\":\"https:\/\/www.ipsen.com\/brazil\/\"},{\"@type\":\"ListItem\",\"position\":2,\"name\":\"Nossos produtos\"}]},{\"@type\":\"WebSite\",\"@id\":\"https:\/\/www.ipsen.com\/brazil\/#website\",\"url\":\"https:\/\/www.ipsen.com\/brazil\/\",\"name\":\"Brazil\",\"description\":\"\",\"publisher\":{\"@id\":\"https:\/\/www.ipsen.com\/brazil\/#organization\"},\"potentialAction\":[{\"@type\":\"SearchAction\",\"target\":{\"@type\":\"EntryPoint\",\"urlTemplate\":\"https:\/\/www.ipsen.com\/brazil\/?s={search_term_string}\"},\"query-input\":{\"@type\":\"PropertyValueSpecification\",\"valueRequired\":true,\"valueName\":\"search_term_string\"}}],\"inLanguage\":\"pt-BR\"},{\"@type\":\"Organization\",\"@id\":\"https:\/\/www.ipsen.com\/brazil\/#organization\",\"name\":\"Brazil\",\"url\":\"https:\/\/www.ipsen.com\/brazil\/\",\"logo\":{\"@type\":\"ImageObject\",\"inLanguage\":\"pt-BR\",\"@id\":\"https:\/\/www.ipsen.com\/brazil\/#\/schema\/logo\/image\/\",\"url\":\"https:\/\/www.ipsen.com\/brazil\/wp-content\/uploads\/sites\/22\/2024\/12\/Logo-Ipsen-new.svg\",\"contentUrl\":\"https:\/\/www.ipsen.com\/brazil\/wp-content\/uploads\/sites\/22\/2024\/12\/Logo-Ipsen-new.svg\",\"caption\":\"Brazil\"},\"image\":{\"@id\":\"https:\/\/www.ipsen.com\/brazil\/#\/schema\/logo\/image\/\"}}]}<\/script>\n<!-- \/ Yoast SEO plugin. -->","yoast_head_json":{"title":"Produtos farmac\u00eauticos Ipsen","description":"Vis\u00e3o geral dos produtos farmac\u00eauticos criados e fabricados pela Ipsen nas \u00e1reas de oncologia, neuroci\u00eancia e doen\u00e7as raras.","robots":{"index":"index","follow":"follow","max-snippet":"max-snippet:-1","max-image-preview":"max-image-preview:large","max-video-preview":"max-video-preview:-1"},"canonical":"https:\/\/www.ipsen.com\/brazil\/produtos\/","og_locale":"pt_BR","og_type":"article","og_title":"Produtos farmac\u00eauticos Ipsen","og_description":"Vis\u00e3o geral dos produtos farmac\u00eauticos criados e fabricados pela Ipsen nas \u00e1reas de oncologia, neuroci\u00eancia e doen\u00e7as raras.","og_url":"https:\/\/www.ipsen.com\/brazil\/produtos\/","og_site_name":"Brazil","article_modified_time":"2025-10-15T11:54:31+00:00","twitter_card":"summary_large_image","schema":{"@context":"https:\/\/schema.org","@graph":[{"@type":"WebPage","@id":"https:\/\/www.ipsen.com\/brazil\/produtos\/","url":"https:\/\/www.ipsen.com\/brazil\/produtos\/","name":"Produtos farmac\u00eauticos Ipsen","isPartOf":{"@id":"https:\/\/www.ipsen.com\/brazil\/#website"},"datePublished":"2025-02-04T04:54:24+00:00","dateModified":"2025-10-15T11:54:31+00:00","description":"Vis\u00e3o geral dos produtos farmac\u00eauticos criados e fabricados pela Ipsen nas \u00e1reas de oncologia, neuroci\u00eancia e doen\u00e7as raras.","breadcrumb":{"@id":"https:\/\/www.ipsen.com\/brazil\/produtos\/#breadcrumb"},"inLanguage":"pt-BR","potentialAction":[{"@type":"ReadAction","target":["https:\/\/www.ipsen.com\/brazil\/produtos\/"]}]},{"@type":"BreadcrumbList","@id":"https:\/\/www.ipsen.com\/brazil\/produtos\/#breadcrumb","itemListElement":[{"@type":"ListItem","position":1,"name":"Home","item":"https:\/\/www.ipsen.com\/brazil\/"},{"@type":"ListItem","position":2,"name":"Nossos produtos"}]},{"@type":"WebSite","@id":"https:\/\/www.ipsen.com\/brazil\/#website","url":"https:\/\/www.ipsen.com\/brazil\/","name":"Brazil","description":"","publisher":{"@id":"https:\/\/www.ipsen.com\/brazil\/#organization"},"potentialAction":[{"@type":"SearchAction","target":{"@type":"EntryPoint","urlTemplate":"https:\/\/www.ipsen.com\/brazil\/?s={search_term_string}"},"query-input":{"@type":"PropertyValueSpecification","valueRequired":true,"valueName":"search_term_string"}}],"inLanguage":"pt-BR"},{"@type":"Organization","@id":"https:\/\/www.ipsen.com\/brazil\/#organization","name":"Brazil","url":"https:\/\/www.ipsen.com\/brazil\/","logo":{"@type":"ImageObject","inLanguage":"pt-BR","@id":"https:\/\/www.ipsen.com\/brazil\/#\/schema\/logo\/image\/","url":"https:\/\/www.ipsen.com\/brazil\/wp-content\/uploads\/sites\/22\/2024\/12\/Logo-Ipsen-new.svg","contentUrl":"https:\/\/www.ipsen.com\/brazil\/wp-content\/uploads\/sites\/22\/2024\/12\/Logo-Ipsen-new.svg","caption":"Brazil"},"image":{"@id":"https:\/\/www.ipsen.com\/brazil\/#\/schema\/logo\/image\/"}}]}},"parsely":{"version":"1.1.0","canonical_url":"https:\/\/ipsen.com\/brazil\/produtos\/","smart_links":{"inbound":0,"outbound":0},"traffic_boost_suggestions_count":0,"meta":{"@context":"https:\/\/schema.org","@type":"WebPage","headline":"Nossos produtos","url":"http:\/\/www.ipsen.com\/brazil\/produtos\/","mainEntityOfPage":{"@type":"WebPage","@id":"http:\/\/www.ipsen.com\/brazil\/produtos\/"},"thumbnailUrl":"","image":{"@type":"ImageObject","url":""},"articleSection":"N\u00e3o categorizado","author":[{"@type":"Person","name":"navya"}],"creator":["navya"],"publisher":{"@type":"Organization","name":"Brazil","logo":""},"keywords":[],"dateCreated":"2025-02-04T04:54:24Z","datePublished":"2025-02-04T04:54:24Z","dateModified":"2025-10-15T11:54:31Z"},"rendered":"<script type=\"application\/ld+json\" class=\"wp-parsely-metadata\">{\"@context\":\"https:\\\/\\\/schema.org\",\"@type\":\"WebPage\",\"headline\":\"Nossos produtos\",\"url\":\"http:\\\/\\\/www.ipsen.com\\\/brazil\\\/produtos\\\/\",\"mainEntityOfPage\":{\"@type\":\"WebPage\",\"@id\":\"http:\\\/\\\/www.ipsen.com\\\/brazil\\\/produtos\\\/\"},\"thumbnailUrl\":\"\",\"image\":{\"@type\":\"ImageObject\",\"url\":\"\"},\"articleSection\":\"N\\u00e3o categorizado\",\"author\":[{\"@type\":\"Person\",\"name\":\"navya\"}],\"creator\":[\"navya\"],\"publisher\":{\"@type\":\"Organization\",\"name\":\"Brazil\",\"logo\":\"\"},\"keywords\":[],\"dateCreated\":\"2025-02-04T04:54:24Z\",\"datePublished\":\"2025-02-04T04:54:24Z\",\"dateModified\":\"2025-10-15T11:54:31Z\"}<\/script>","tracker_url":"https:\/\/cdn.parsely.com\/keys\/ipsen.com\/p.js"},"jetpack_sharing_enabled":true,"_links":{"self":[{"href":"https:\/\/www.ipsen.com\/brazil\/wp-json\/wp\/v2\/pages\/66","targetHints":{"allow":["GET"]}}],"collection":[{"href":"https:\/\/www.ipsen.com\/brazil\/wp-json\/wp\/v2\/pages"}],"about":[{"href":"https:\/\/www.ipsen.com\/brazil\/wp-json\/wp\/v2\/types\/page"}],"author":[{"embeddable":true,"href":"https:\/\/www.ipsen.com\/brazil\/wp-json\/wp\/v2\/users\/2"}],"replies":[{"embeddable":true,"href":"https:\/\/www.ipsen.com\/brazil\/wp-json\/wp\/v2\/comments?post=66"}],"version-history":[{"count":11,"href":"https:\/\/www.ipsen.com\/brazil\/wp-json\/wp\/v2\/pages\/66\/revisions"}],"predecessor-version":[{"id":1217,"href":"https:\/\/www.ipsen.com\/brazil\/wp-json\/wp\/v2\/pages\/66\/revisions\/1217"}],"wp:attachment":[{"href":"https:\/\/www.ipsen.com\/brazil\/wp-json\/wp\/v2\/media?parent=66"}],"curies":[{"name":"wp","href":"https:\/\/api.w.org\/{rel}","templated":true}]}}